Last updated on 2025-10-31 09:50:29 CET.
| Flavor | Version | Tinstall | Tcheck | Ttotal | Status | Flags | 
|---|---|---|---|---|---|---|
| r-devel-linux-x86_64-debian-clang | 0.1.1 | 2.85 | 24.02 | 26.87 | ERROR | |
| r-devel-linux-x86_64-debian-gcc | 0.1.1 | 2.35 | 19.41 | 21.76 | ERROR | |
| r-devel-linux-x86_64-fedora-clang | 0.1.1 | 39.41 | ERROR | |||
| r-devel-linux-x86_64-fedora-gcc | 0.1.1 | 11.00 | 27.12 | 38.12 | ERROR | |
| r-devel-windows-x86_64 | 0.1.1 | 4.00 | 43.00 | 47.00 | ERROR | |
| r-patched-linux-x86_64 | 0.1.1 | 2.93 | 21.41 | 24.34 | ERROR | |
| r-release-linux-x86_64 | 0.1.1 | 2.67 | 21.75 | 24.42 | ERROR | |
| r-release-macos-arm64 | 0.1.1 | 2.00 | 18.00 | 20.00 | OK | |
| r-release-macos-x86_64 | 0.1.1 | 3.00 | 27.00 | 30.00 | OK | |
| r-release-windows-x86_64 | 0.1.1 | 6.00 | 44.00 | 50.00 | ERROR | |
| r-oldrel-macos-arm64 | 0.1.1 | 3.00 | 19.00 | 22.00 | NOTE | |
| r-oldrel-macos-x86_64 | 0.1.1 | 5.00 | 25.00 | 30.00 | NOTE | |
| r-oldrel-windows-x86_64 | 0.1.1 | 6.00 | 51.00 | 57.00 | ERROR | 
Version: 0.1.1
Check: examples
Result: ERROR
  Running examples in ‘seAMLess-Ex.R’ failed
  The error most likely occurred in:
  
  > base::assign(".ptime", proc.time(), pos = "CheckExEnv")
  > ### Name: ternaryPlot
  > ### Title: Given the immune compositions (ICs) of bulk-RNA samples, this
  > ###   function creates a ternary plot similar to ALOT tube from EuroFlow
  > ###   analysis and Figure 1E of our paper.
  > ### Aliases: ternaryPlot
  > 
  > ### ** Examples
  > 
  > library(seAMLess)
  > 
  > data(minRes)
  > ternaryPlot(minRes)
  Error in loadNamespace(x) : there is no package called ‘ggtern’
  Calls: ternaryPlot ... loadNamespace -> withRestarts -> withOneRestart -> doWithOneRestart
  Execution halted
Flavors: r-devel-linux-x86_64-debian-clang, r-devel-linux-x86_64-debian-gcc, r-patched-linux-x86_64, r-release-linux-x86_64
Version: 0.1.1
Check: examples
Result: ERROR
  Running examples in ‘seAMLess-Ex.R’ failed
  The error most likely occurred in:
  
  > ### Name: ternaryPlot
  > ### Title: Given the immune compositions (ICs) of bulk-RNA samples, this
  > ###   function creates a ternary plot similar to ALOT tube from EuroFlow
  > ###   analysis and Figure 1E of our paper.
  > ### Aliases: ternaryPlot
  > 
  > ### ** Examples
  > 
  > library(seAMLess)
  > 
  > data(minRes)
  > ternaryPlot(minRes)
  Error in loadNamespace(x) : there is no package called ‘ggtern’
  Calls: ternaryPlot ... loadNamespace -> withRestarts -> withOneRestart -> doWithOneRestart
  Execution halted
Flavors: r-devel-linux-x86_64-fedora-clang, r-devel-linux-x86_64-fedora-gcc
Version: 0.1.1
Check: examples
Result: ERROR
  Running examples in 'seAMLess-Ex.R' failed
  The error most likely occurred in:
  
  > ### Name: ternaryPlot
  > ### Title: Given the immune compositions (ICs) of bulk-RNA samples, this
  > ###   function creates a ternary plot similar to ALOT tube from EuroFlow
  > ###   analysis and Figure 1E of our paper.
  > ### Aliases: ternaryPlot
  > 
  > ### ** Examples
  > 
  > library(seAMLess)
  > 
  > data(minRes)
  > ternaryPlot(minRes)
  Error: .onLoad failed in loadNamespace() for 'ggtern', details:
    call: NULL
    error: <ggplot2::element_line> object properties are invalid:
  - @lineend must be <character> or <NULL>, not S3<arrow>
  Execution halted
Flavors: r-devel-windows-x86_64, r-release-windows-x86_64, r-oldrel-windows-x86_64
Version: 0.1.1
Check: package dependencies
Result: NOTE
  Packages suggested but not available for checking: 'MuSiC', 'seAMLessData'
Flavors: r-oldrel-macos-arm64, r-oldrel-macos-x86_64, r-oldrel-windows-x86_64
These binaries (installable software) and packages are in development.
They may not be fully stable and should be used with caution. We make no claims about them.
Health stats visible at Monitor.