CRAN Package Check Results for Package sdmvspecies

Last updated on 2025-05-17 17:49:32 CEST.

Flavor Version Tinstall Tcheck Ttotal Status Flags
r-devel-linux-x86_64-debian-clang 0.3.2 28.30 277.81 306.11 OK
r-devel-linux-x86_64-debian-gcc 0.3.2 17.97 175.19 193.16 OK
r-devel-linux-x86_64-fedora-clang 0.3.2 494.74 OK
r-devel-linux-x86_64-fedora-gcc 0.3.2 486.54 OK
r-devel-windows-x86_64 0.3.2 26.00 229.00 255.00 OK
r-patched-linux-x86_64 0.3.2 27.13 256.61 283.74 OK
r-release-linux-x86_64 0.3.2 26.50 261.82 288.32 OK
r-release-macos-arm64 0.3.2 137.00 OK
r-release-macos-x86_64 0.3.2 257.00 OK
r-release-windows-x86_64 0.3.2 25.00 228.00 253.00 OK
r-oldrel-macos-arm64 0.3.2 105.00 OK
r-oldrel-macos-x86_64 0.3.2 175.00 OK
r-oldrel-windows-x86_64 0.3.2 37.00 274.00 311.00 ERROR

Check Details

Version: 0.3.2
Check: re-building of vignette outputs
Result: ERROR Error(s) in re-building vignettes: --- re-building 'sdmvspecies.Rnw' using Sweave Loading required package: sp Warning: `D:\RCompile\CRANpkg\lib\4.4\sdmvspecies\external\env\bio1.bil' not recognized as being in a supported file format. (GDAL error 4) Error: processing vignette 'sdmvspecies.Rnw' failed with diagnostics: chunk 2 (label = niche_Synthsis_Method) Error in .rasterObjectFromFile(x, band = band, objecttype = "RasterLayer", : Cannot create a RasterLayer object from this file. --- failed re-building 'sdmvspecies.Rnw' SUMMARY: processing the following file failed: 'sdmvspecies.Rnw' Error: Vignette re-building failed. Execution halted Flavor: r-oldrel-windows-x86_64

These binaries (installable software) and packages are in development.
They may not be fully stable and should be used with caution. We make no claims about them.
Health stats visible at Monitor.