CRAN Package Check Results for Package sdam

Last updated on 2025-02-23 15:49:57 CET.

Flavor Version Tinstall Tcheck Ttotal Status Flags
r-devel-linux-x86_64-debian-clang 1.1.4 9.81 304.65 314.46 NOTE
r-devel-linux-x86_64-debian-gcc 1.1.4 5.84 214.57 220.41 NOTE
r-devel-linux-x86_64-fedora-clang 1.1.4 483.71 NOTE
r-devel-linux-x86_64-fedora-gcc 1.1.4 506.18 NOTE
r-devel-macos-arm64 1.1.4 186.00 NOTE
r-devel-macos-x86_64 1.1.4 312.00 NOTE
r-devel-windows-x86_64 1.1.4 10.00 532.00 542.00 NOTE
r-patched-linux-x86_64 1.1.4 11.00 292.35 303.35 NOTE
r-release-linux-x86_64 1.1.4 9.55 292.43 301.98 NOTE
r-release-macos-arm64 1.1.4 177.00 NOTE
r-release-macos-x86_64 1.1.4 237.00 NOTE
r-release-windows-x86_64 1.1.4 9.00 952.00 961.00 NOTE
r-oldrel-macos-arm64 1.1.4 199.00 OK
r-oldrel-macos-x86_64 1.1.4 283.00 OK
r-oldrel-windows-x86_64 1.1.4 11.00 432.00 443.00 OK

Check Details

Version: 1.1.4
Check: Rd files
Result: NOTE checkRd: (-1) cln.Rd:27: Lost braces 27 | case for text \code{1} for 1st uppercase, code{2} for lowercase, code{3} for uppercase (optional) | ^ checkRd: (-1) cln.Rd:27: Lost braces 27 | case for text \code{1} for 1st uppercase, code{2} for lowercase, code{3} for uppercase (optional) | ^ Flavors: r-devel-linux-x86_64-debian-clang, r-devel-linux-x86_64-debian-gcc, r-devel-linux-x86_64-fedora-clang, r-devel-linux-x86_64-fedora-gcc, r-devel-macos-arm64, r-devel-macos-x86_64, r-devel-windows-x86_64, r-patched-linux-x86_64, r-release-linux-x86_64, r-release-macos-arm64, r-release-macos-x86_64, r-release-windows-x86_64

These binaries (installable software) and packages are in development.
They may not be fully stable and should be used with caution. We make no claims about them.
Health stats visible at Monitor.