Last updated on 2025-05-01 01:49:46 CEST.
Flavor | Version | Tinstall | Tcheck | Ttotal | Status | Flags |
---|---|---|---|---|---|---|
r-devel-linux-x86_64-debian-clang | 0.3.1 | 1.82 | 28.02 | 29.84 | NOTE | |
r-devel-linux-x86_64-debian-gcc | 0.3.1 | 1.46 | 22.47 | 23.93 | NOTE | |
r-devel-linux-x86_64-fedora-clang | 0.3.1 | 46.37 | OK | |||
r-devel-linux-x86_64-fedora-gcc | 0.3.1 | 56.68 | OK | |||
r-devel-windows-x86_64 | 0.3.1 | 3.00 | 60.00 | 63.00 | OK | |
r-patched-linux-x86_64 | 0.3.1 | 1.85 | 26.03 | 27.88 | OK | |
r-release-linux-x86_64 | 0.3.1 | 1.64 | 25.61 | 27.25 | OK | |
r-release-macos-arm64 | 0.3.1 | 54.00 | OK | |||
r-release-macos-x86_64 | 0.3.1 | 43.00 | OK | |||
r-release-windows-x86_64 | 0.3.1 | 3.00 | 61.00 | 64.00 | OK | |
r-oldrel-macos-arm64 | 0.3.1 | 23.00 | OK | |||
r-oldrel-macos-x86_64 | 0.3.1 | 36.00 | OK | |||
r-oldrel-windows-x86_64 | 0.3.1 | 3.00 | 64.00 | 67.00 | OK |
Version: 0.3.1
Check: CRAN incoming feasibility
Result: NOTE
Maintainer: ‘Sagie Gur-Ari <sagiegurari@gmail.com>’
Found the following (possibly) invalid file URIs:
URI: docs/api.md
From: README.md
URI: .github/CONTRIBUTING.md
From: README.md
Flavors: r-devel-linux-x86_64-debian-clang, r-devel-linux-x86_64-debian-gcc
These binaries (installable software) and packages are in development.
They may not be fully stable and should be used with caution. We make no claims about them.
Health stats visible at Monitor.