Last updated on 2025-05-17 15:50:55 CEST.
Flavor | Version | Tinstall | Tcheck | Ttotal | Status | Flags |
---|---|---|---|---|---|---|
r-devel-linux-x86_64-debian-clang | 0.1.2 | 29.23 | 30.23 | 59.46 | NOTE | |
r-devel-linux-x86_64-debian-gcc | 0.1.2 | 22.29 | 24.46 | 46.75 | NOTE | |
r-devel-linux-x86_64-fedora-clang | 0.1.2 | 109.19 | OK | |||
r-devel-linux-x86_64-fedora-gcc | 0.1.2 | 135.50 | OK | |||
r-devel-windows-x86_64 | 0.1.2 | 34.00 | 69.00 | 103.00 | OK | |
r-patched-linux-x86_64 | 0.1.2 | 32.25 | 29.41 | 61.66 | OK | |
r-release-linux-x86_64 | 0.1.2 | 32.36 | 29.53 | 61.89 | OK | |
r-release-macos-arm64 | 0.1.2 | 47.00 | OK | |||
r-release-macos-x86_64 | 0.1.2 | 58.00 | OK | |||
r-release-windows-x86_64 | 0.1.2 | 35.00 | 68.00 | 103.00 | OK | |
r-oldrel-macos-arm64 | 0.1.2 | 38.00 | OK | |||
r-oldrel-macos-x86_64 | 0.1.2 | 48.00 | OK | |||
r-oldrel-windows-x86_64 | 0.1.2 | 34.00 | 79.00 | 113.00 | OK |
Version: 0.1.2
Check: CRAN incoming feasibility
Result: NOTE
Maintainer: ‘Shota Ochi <shotaochi1990@gmail.com>’
Found the following URLs which should use \doi (with the DOI name only):
File ‘ecgca102.Rd’:
https://doi.org/10.13026/C2X30H
Flavors: r-devel-linux-x86_64-debian-clang, r-devel-linux-x86_64-debian-gcc
These binaries (installable software) and packages are in development.
They may not be fully stable and should be used with caution. We make no claims about them.
Health stats visible at Monitor.