Last updated on 2025-02-02 07:50:25 CET.
Flavor | Version | Tinstall | Tcheck | Ttotal | Status | Flags |
---|---|---|---|---|---|---|
r-devel-linux-x86_64-debian-clang | 0.1.1 | 153.28 | 235.74 | 389.02 | OK | |
r-devel-linux-x86_64-debian-gcc | 0.1.1 | 117.04 | 167.63 | 284.67 | OK | |
r-devel-linux-x86_64-fedora-clang | 0.1.1 | 674.13 | OK | |||
r-devel-linux-x86_64-fedora-gcc | 0.1.1 | 728.06 | OK | |||
r-devel-windows-x86_64 | 0.1.1 | 227.00 | 256.00 | 483.00 | OK | |
r-patched-linux-x86_64 | 0.1.1 | 164.64 | 229.68 | 394.32 | OK | |
r-release-linux-x86_64 | 0.1.1 | 164.86 | 227.17 | 392.03 | OK | |
r-release-macos-arm64 | 0.1.1 | 199.00 | NOTE | |||
r-release-macos-x86_64 | 0.1.1 | 363.00 | NOTE | |||
r-release-windows-x86_64 | 0.1.1 | 217.00 | 262.00 | 479.00 | NOTE | |
r-oldrel-macos-arm64 | 0.1.1 | 174.00 | NOTE | |||
r-oldrel-macos-x86_64 | 0.1.1 | 354.00 | NOTE | |||
r-oldrel-windows-x86_64 | 0.1.1 | 242.00 | 319.00 | 561.00 | NOTE |
Version: 0.1.1
Check: installed package size
Result: NOTE
installed size is 31.7Mb
sub-directories of 1Mb or more:
cppad 9.4Mb
include 4.6Mb
libs 17.1Mb
Flavors: r-release-macos-arm64, r-release-macos-x86_64, r-release-windows-x86_64, r-oldrel-macos-arm64, r-oldrel-macos-x86_64, r-oldrel-windows-x86_64
These binaries (installable software) and packages are in development.
They may not be fully stable and should be used with caution. We make no claims about them.
Health stats visible at Monitor.