Last updated on 2024-05-02 06:12:02 CEST.
Flavor | Version | Tinstall | Tcheck | Ttotal | Status | Flags |
---|---|---|---|---|---|---|
r-devel-linux-x86_64-debian-clang | 0.2.4 | 10.36 | 84.52 | 94.88 | NOTE | |
r-devel-linux-x86_64-debian-gcc | 0.2.4 | 10.43 | 64.14 | 74.57 | NOTE | |
r-devel-linux-x86_64-fedora-clang | 0.2.4 | 127.51 | NOTE | |||
r-devel-linux-x86_64-fedora-gcc | 0.2.4 | 135.43 | NOTE | |||
r-devel-windows-x86_64 | 0.2.4 | 12.00 | 95.00 | 107.00 | NOTE | |
r-patched-linux-x86_64 | 0.2.4 | 12.85 | 80.22 | 93.07 | NOTE | |
r-release-linux-x86_64 | 0.2.4 | 8.20 | 80.80 | 89.00 | NOTE | |
r-release-macos-arm64 | 0.2.4 | 67.00 | NOTE | |||
r-release-windows-x86_64 | 0.2.4 | 11.00 | 95.00 | 106.00 | NOTE | |
r-oldrel-macos-arm64 | 0.2.4 | 66.00 | OK | |||
r-oldrel-macos-x86_64 | 0.2.4 | 83.00 | OK | |||
r-oldrel-windows-x86_64 | 0.2.4 | 15.00 | 123.00 | 138.00 | ERROR |
Version: 0.2.4
Check: Rd files
Result: NOTE
checkRd: (-1) get_profile.Rd:22: Lost braces in \itemize; \value handles \item{}{} directly
checkRd: (-1) get_profile.Rd:23: Lost braces in \itemize; \value handles \item{}{} directly
checkRd: (-1) get_profile.Rd:24: Lost braces in \itemize; \value handles \item{}{} directly
checkRd: (-1) get_profile.Rd:25: Lost braces in \itemize; \value handles \item{}{} directly
checkRd: (-1) get_profile.Rd:26: Lost braces in \itemize; \value handles \item{}{} directly
Flavors: r-devel-linux-x86_64-debian-clang, r-devel-linux-x86_64-debian-gcc, r-devel-linux-x86_64-fedora-clang, r-devel-linux-x86_64-fedora-gcc, r-devel-windows-x86_64, r-patched-linux-x86_64, r-release-linux-x86_64, r-release-macos-arm64, r-release-windows-x86_64
Version: 0.2.4
Check: examples
Result: ERROR
Running examples in 'scholar-Ex.R' failed
The error most likely occurred in:
> ### Name: author_position
> ### Title: Get author order.
> ### Aliases: author_position
>
> ### ** Examples
>
> library(scholar)
>
> id <- "bg0BZ-QAAAAJ&hl"
>
> authorlist <- scholar::get_publications(id)$author
Warning in get_scholar_resp(url, attempts_left - 1) :
Cannot connect to Google Scholar. Is the ID you provided correct?
Error in scholar::get_publications(id)$author :
$ operator is invalid for atomic vectors
Execution halted
Flavor: r-oldrel-windows-x86_64
Version: 0.2.4
Check: re-building of vignette outputs
Result: ERROR
Error(s) in re-building vignettes:
--- re-building 'scholar.Rmd' using rmarkdown
Quitting from lines at lines 120-125 [unnamed-chunk-7] (scholar.Rmd)
Error: processing vignette 'scholar.Rmd' failed with diagnostics:
is.response(x) is not TRUE
--- failed re-building 'scholar.Rmd'
SUMMARY: processing the following file failed:
'scholar.Rmd'
Error: Vignette re-building failed.
Execution halted
Flavor: r-oldrel-windows-x86_64
These binaries (installable software) and packages are in development.
They may not be fully stable and should be used with caution. We make no claims about them.
Health stats visible at Monitor.