Last updated on 2024-05-02 08:01:58 CEST.
Flavor | Version | Tinstall | Tcheck | Ttotal | Status | Flags |
---|---|---|---|---|---|---|
r-devel-linux-x86_64-debian-clang | 0.5.0 | 69.52 | 641.70 | 711.22 | NOTE | |
r-devel-linux-x86_64-debian-gcc | 0.5.0 | 56.13 | 465.84 | 521.97 | NOTE | |
r-devel-linux-x86_64-fedora-clang | 0.5.0 | 933.68 | NOTE | |||
r-devel-linux-x86_64-fedora-gcc | 0.5.0 | 909.35 | NOTE | |||
r-devel-windows-x86_64 | 0.5.0 | 62.00 | 442.00 | 504.00 | NOTE | |
r-patched-linux-x86_64 | 0.5.0 | 51.37 | 617.57 | 668.94 | NOTE | |
r-release-linux-x86_64 | 0.5.0 | 45.19 | 601.54 | 646.73 | NOTE | |
r-release-macos-arm64 | 0.5.0 | 5.00 | ERROR | |||
r-release-macos-x86_64 | 0.5.0 | 468.00 | NOTE | |||
r-release-windows-x86_64 | 0.5.0 | 62.00 | 442.00 | 504.00 | NOTE | |
r-oldrel-macos-arm64 | 0.5.0 | 11.00 | ERROR | |||
r-oldrel-macos-x86_64 | 0.5.0 | 6.00 | ERROR | |||
r-oldrel-windows-x86_64 | 0.5.0 | 80.00 | 598.00 | 678.00 | NOTE |
Version: 0.5.0
Check: package dependencies
Result: NOTE
Packages suggested but not available for checking:
'sceasy', 'SeuratDisk', 'SeuratWrappers'
Flavors: r-devel-linux-x86_64-debian-clang, r-devel-linux-x86_64-debian-gcc, r-devel-linux-x86_64-fedora-gcc, r-devel-windows-x86_64, r-patched-linux-x86_64, r-release-linux-x86_64, r-release-windows-x86_64, r-oldrel-windows-x86_64
Version: 0.5.0
Check: package dependencies
Result: NOTE
Packages suggested but not available for checking:
'sceasy', 'SeuratDisk', 'SeuratWrappers'
Imports includes 22 non-default packages.
Importing from so many packages makes the package vulnerable to any of
them becoming unavailable. Move as many as possible to Suggests and
use conditionally.
Flavor: r-devel-linux-x86_64-fedora-clang
Version: 0.5.0
Check: installed package size
Result: NOTE
installed size is 5.3Mb
sub-directories of 1Mb or more:
doc 4.4Mb
Flavors: r-devel-linux-x86_64-fedora-clang, r-devel-windows-x86_64, r-release-macos-x86_64, r-release-windows-x86_64, r-oldrel-windows-x86_64
Version: 0.5.0
Check: data for non-ASCII characters
Result: NOTE
Note: found 33 marked UTF-8 strings
Flavors: r-devel-linux-x86_64-fedora-clang, r-devel-linux-x86_64-fedora-gcc
Version: 0.5.0
Check: package dependencies
Result: ERROR
Package required but not available: ‘LoomExperiment’
Packages suggested but not available for checking:
'sceasy', 'SeuratDisk', 'SeuratWrappers', 'zellkonverter', 'GEOfastq'
See section ‘The DESCRIPTION file’ in the ‘Writing R Extensions’
manual.
Flavor: r-release-macos-arm64
Version: 0.5.0
Check: package dependencies
Result: NOTE
Packages suggested but not available for checking:
'sceasy', 'SeuratDisk', 'SeuratWrappers', 'zellkonverter', 'GEOfastq'
Flavor: r-release-macos-x86_64
Version: 0.5.0
Check: package dependencies
Result: ERROR
Package required but not available: ‘LoomExperiment’
Packages suggested but not available for checking:
'scRNAseq', 'sceasy', 'SeuratDisk', 'SeuratWrappers',
'zellkonverter', 'GEOfastq'
See section ‘The DESCRIPTION file’ in the ‘Writing R Extensions’
manual.
Flavors: r-oldrel-macos-arm64, r-oldrel-macos-x86_64
These binaries (installable software) and packages are in development.
They may not be fully stable and should be used with caution. We make no claims about them.
Health stats visible at Monitor.