CRAN Package Check Results for Package scapGNN

Last updated on 2025-05-17 21:49:41 CEST.

Flavor Version Tinstall Tcheck Ttotal Status Flags
r-devel-linux-x86_64-debian-clang 0.1.4 19.76 136.06 155.82 NOTE
r-devel-linux-x86_64-debian-gcc 0.1.4 12.33 100.59 112.92 NOTE
r-devel-linux-x86_64-fedora-clang 0.1.4 239.21 OK
r-devel-linux-x86_64-fedora-gcc 0.1.4 237.68 OK
r-devel-windows-x86_64 0.1.4 17.00 164.00 181.00 OK
r-patched-linux-x86_64 0.1.4 15.59 127.50 143.09 OK
r-release-linux-x86_64 0.1.4 16.93 129.74 146.67 OK
r-release-macos-arm64 0.1.4 83.00 OK
r-release-macos-x86_64 0.1.4 149.00 OK
r-release-windows-x86_64 0.1.4 17.00 166.00 183.00 OK
r-oldrel-macos-arm64 0.1.4 84.00 OK
r-oldrel-macos-x86_64 0.1.4 126.00 OK
r-oldrel-windows-x86_64 0.1.4 24.00 209.00 233.00 OK

Check Details

Version: 0.1.4
Check: CRAN incoming feasibility
Result: NOTE Maintainer: ‘Xudong Han <hanxd1217@163.com>’ The Description field contains Thomas N. Kipf (2017) <arXiv:1609.02907v4>) to construct the gene-cell Please refer to arXiv e-prints via their arXiv DOI <doi:10.48550/arXiv.YYMM.NNNNN>. Flavors: r-devel-linux-x86_64-debian-clang, r-devel-linux-x86_64-debian-gcc

These binaries (installable software) and packages are in development.
They may not be fully stable and should be used with caution. We make no claims about them.
Health stats visible at Monitor.