Last updated on 2025-05-03 22:50:08 CEST.
Flavor | Version | Tinstall | Tcheck | Ttotal | Status | Flags |
---|---|---|---|---|---|---|
r-devel-linux-x86_64-debian-clang | 0.2-6 | 3.18 | 30.48 | 33.66 | NOTE | |
r-devel-linux-x86_64-debian-gcc | 0.2-6 | 2.39 | 23.51 | 25.90 | NOTE | |
r-devel-linux-x86_64-fedora-clang | 0.2-6 | 53.68 | NOTE | |||
r-devel-linux-x86_64-fedora-gcc | 0.2-6 | 50.85 | NOTE | |||
r-devel-windows-x86_64 | 0.2-6 | 4.00 | 48.00 | 52.00 | OK | |
r-patched-linux-x86_64 | 0.2-6 | 3.02 | 29.92 | 32.94 | NOTE | |
r-release-linux-x86_64 | NOTE | |||||
r-release-macos-arm64 | 0.2-6 | 31.00 | NOTE | |||
r-release-macos-x86_64 | 0.2-6 | 33.00 | NOTE | |||
r-release-windows-x86_64 | 0.2-6 | 4.00 | 53.00 | 57.00 | OK | |
r-oldrel-macos-arm64 | 0.2-6 | 19.00 | NOTE | |||
r-oldrel-macos-x86_64 | 0.2-6 | 31.00 | NOTE | |||
r-oldrel-windows-x86_64 | 0.2-6 | 4.00 | 47.00 | 51.00 | OK |
Version: 0.2-6
Check: CRAN incoming feasibility
Result: NOTE
Maintainer: ‘Simon Urbanek <simon.urbanek@r-project.org>’
No Authors@R field in DESCRIPTION.
Please add one, modifying
Authors@R: c(person(given = "Lee",
family = "Wilkinson",
role = "aut",
email = "leland.wilkinson@gmail.com"),
person(given = "Anushka",
family = "Anand",
role = "aut"),
person(given = "Simon",
family = "Urbanek",
role = "cre",
email = "simon.urbanek@r-project.org"))
as necessary.
Flavors: r-devel-linux-x86_64-debian-clang, r-devel-linux-x86_64-debian-gcc
Version: 0.2-6
Check: DESCRIPTION meta-information
Result: NOTE
License stub is invalid DCF.
Flavors: r-devel-linux-x86_64-debian-clang, r-devel-linux-x86_64-debian-gcc, r-patched-linux-x86_64, r-release-linux-x86_64, r-release-macos-arm64, r-release-macos-x86_64, r-oldrel-macos-arm64, r-oldrel-macos-x86_64
Version: 0.2-6
Check: DESCRIPTION meta-information
Result: NOTE
Licence stub is invalid DCF.
Flavors: r-devel-linux-x86_64-fedora-clang, r-devel-linux-x86_64-fedora-gcc
These binaries (installable software) and packages are in development.
They may not be fully stable and should be used with caution. We make no claims about them.
Health stats visible at Monitor.