CRAN Package Check Results for Package scSorter

Last updated on 2025-11-21 05:50:01 CET.

Flavor Version Tinstall Tcheck Ttotal Status Flags
r-devel-linux-x86_64-debian-clang 0.0.2 2.19 89.58 91.77 OK
r-devel-linux-x86_64-debian-gcc 0.0.2 1.69 22.49 24.18 ERROR
r-devel-linux-x86_64-fedora-clang 0.0.2 152.61 OK
r-devel-linux-x86_64-fedora-gcc 0.0.2 177.42 OK
r-devel-windows-x86_64 0.0.2 5.00 108.00 113.00 OK
r-patched-linux-x86_64 0.0.2 2.45 86.79 89.24 OK
r-release-linux-x86_64 0.0.2 2.13 87.10 89.23 OK
r-release-macos-arm64 0.0.2 OK
r-release-macos-x86_64 0.0.2 2.00 112.00 114.00 OK
r-release-windows-x86_64 0.0.2 4.00 106.00 110.00 OK
r-oldrel-macos-arm64 0.0.2 NOTE
r-oldrel-macos-x86_64 0.0.2 2.00 85.00 87.00 NOTE
r-oldrel-windows-x86_64 0.0.2 4.00 129.00 133.00 NOTE

Check Details

Version: 0.0.2
Check: re-building of vignette outputs
Result: ERROR Error(s) in re-building vignettes: ... --- re-building ‘scSorter.Rmd’ using rmarkdown Quitting from scSorter.Rmd:54-56 [unnamed-chunk-2] ~~~~~~~~~~~~~~~~~~~~~~~~~~~~~~~~~~~~~~~~~~~~~~~~~~~~~~~~~~~~~~~~~~~~~~~~~~~~~~~~ <error/rlang_error> Error in `load()`: ! cannot open the connection to 'https://github.com/hyguo2/scSorter/blob/master/inst/extdata/TMpancreas.RData?raw=true' --- Backtrace: ▆ 1. └─base::load(url("https://github.com/hyguo2/scSorter/blob/master/inst/extdata/TMpancreas.RData?raw=true")) ~~~~~~~~~~~~~~~~~~~~~~~~~~~~~~~~~~~~~~~~~~~~~~~~~~~~~~~~~~~~~~~~~~~~~~~~~~~~~~~~ Error: processing vignette 'scSorter.Rmd' failed with diagnostics: cannot open the connection to 'https://github.com/hyguo2/scSorter/blob/master/inst/extdata/TMpancreas.RData?raw=true' --- failed re-building ‘scSorter.Rmd’ SUMMARY: processing the following file failed: ‘scSorter.Rmd’ Error: Vignette re-building failed. Execution halted Flavor: r-devel-linux-x86_64-debian-gcc

Version: 0.0.2
Check: LazyData
Result: NOTE 'LazyData' is specified without a 'data' directory Flavors: r-oldrel-macos-arm64, r-oldrel-macos-x86_64, r-oldrel-windows-x86_64

These binaries (installable software) and packages are in development.
They may not be fully stable and should be used with caution. We make no claims about them.
Health stats visible at Monitor.