Last updated on 2024-05-02 11:51:34 CEST.
Flavor | Version | Tinstall | Tcheck | Ttotal | Status | Flags |
---|---|---|---|---|---|---|
r-devel-linux-x86_64-debian-clang | 1.2.2 | 63.15 | 166.13 | 229.28 | OK | |
r-devel-linux-x86_64-debian-gcc | 1.2.2 | 49.39 | 120.71 | 170.10 | OK | |
r-devel-linux-x86_64-fedora-clang | 1.2.2 | 313.37 | OK | |||
r-devel-linux-x86_64-fedora-gcc | 1.2.2 | 320.17 | OK | |||
r-devel-windows-x86_64 | 1.2.2 | 52.00 | 138.00 | 190.00 | OK | |
r-patched-linux-x86_64 | 1.2.2 | 60.23 | 155.38 | 215.61 | OK | |
r-release-linux-x86_64 | 1.2.2 | 57.68 | 156.29 | 213.97 | OK | |
r-release-macos-arm64 | 1.2.2 | 79.00 | NOTE | |||
r-release-macos-x86_64 | 1.2.2 | 251.00 | NOTE | |||
r-release-windows-x86_64 | 1.2.2 | 53.00 | 137.00 | 190.00 | OK | |
r-oldrel-macos-arm64 | 1.2.2 | 89.00 | ERROR | |||
r-oldrel-macos-x86_64 | 1.2.2 | 205.00 | NOTE | |||
r-oldrel-windows-x86_64 | 1.2.2 | 67.00 | 177.00 | 244.00 | OK |
Version: 1.2.2
Check: installed package size
Result: NOTE
installed size is 7.3Mb
sub-directories of 1Mb or more:
data 4.1Mb
libs 2.9Mb
Flavors: r-release-macos-arm64, r-release-macos-x86_64, r-oldrel-macos-arm64, r-oldrel-macos-x86_64
Version: 1.2.2
Check: tests
Result: ERROR
Running ‘testthat.R’ [2s/3s]
Running the tests in ‘tests/testthat.R’ failed.
Last 13 lines of output:
Backtrace:
▆
1. └─scDHA::scDHA.vis(result, ncores = 2, seed = 1) at test-scDHA.R:21:3
2. └─uwot::umap(data, n_threads = ncores)
3. └─uwot:::uwot(...)
4. └─uwot:::spectral_init(V, ndim = n_components, verbose = verbose)
5. └─uwot:::irlba_tsvd_normalized_laplacian_init(A, ndim, verbose = FALSE)
6. └─uwot:::irlba_spectral_tsvd(L, ndim + 1)
7. ├─base::suppressWarnings(...)
8. │ └─base::withCallingHandlers(...)
9. └─irlba::irlba(L, nv = n, nu = 0, maxit = iters)
[ FAIL 1 | WARN 0 | SKIP 2 | PASS 3 ]
Error: Test failures
Execution halted
Flavor: r-oldrel-macos-arm64
These binaries (installable software) and packages are in development.
They may not be fully stable and should be used with caution. We make no claims about them.
Health stats visible at Monitor.