CRAN Package Check Results for Package sbgcop

Last updated on 2025-05-17 15:50:55 CEST.

Flavor Version Tinstall Tcheck Ttotal Status Flags
r-devel-linux-x86_64-debian-clang 0.980 1.72 25.17 26.89 NOTE
r-devel-linux-x86_64-debian-gcc 0.980 1.54 18.56 20.10 NOTE
r-devel-linux-x86_64-fedora-clang 0.980 44.67 OK
r-devel-linux-x86_64-fedora-gcc 0.980 44.36 OK
r-devel-windows-x86_64 0.980 2.00 42.00 44.00 OK
r-patched-linux-x86_64 0.980 1.61 24.20 25.81 OK
r-release-linux-x86_64 0.980 1.97 24.29 26.26 OK
r-release-macos-arm64 0.980 18.00 OK
r-release-macos-x86_64 0.980 28.00 OK
r-release-windows-x86_64 0.980 3.00 47.00 50.00 OK
r-oldrel-macos-arm64 0.980 17.00 OK
r-oldrel-macos-x86_64 0.980 26.00 OK
r-oldrel-windows-x86_64 0.980 3.00 40.00 43.00 OK

Check Details

Version: 0.980
Check: CRAN incoming feasibility
Result: NOTE Maintainer: ‘Peter Hoff <peter.hoff@duke.edu>’ No Authors@R field in DESCRIPTION. Please add one, modifying Authors@R: person(given = "Peter", family = "Hoff", role = c("aut", "cre"), email = "peter.hoff@duke.edu") as necessary. Flavors: r-devel-linux-x86_64-debian-clang, r-devel-linux-x86_64-debian-gcc

These binaries (installable software) and packages are in development.
They may not be fully stable and should be used with caution. We make no claims about them.
Health stats visible at Monitor.