Last updated on 2025-02-23 15:49:57 CET.
Flavor | Version | Tinstall | Tcheck | Ttotal | Status | Flags |
---|---|---|---|---|---|---|
r-devel-linux-x86_64-debian-clang | 0.1.2 | 6.84 | 65.21 | 72.05 | OK | |
r-devel-linux-x86_64-debian-gcc | 0.1.3 | 5.44 | 49.63 | 55.07 | ERROR | |
r-devel-linux-x86_64-fedora-clang | 0.1.3 | 124.22 | OK | |||
r-devel-linux-x86_64-fedora-gcc | 0.1.3 | 130.87 | OK | |||
r-devel-macos-arm64 | 0.1.2 | 44.00 | OK | |||
r-devel-macos-x86_64 | 0.1.3 | 119.00 | OK | |||
r-devel-windows-x86_64 | 0.1.2 | 8.00 | 93.00 | 101.00 | OK | |
r-patched-linux-x86_64 | 0.1.2 | 7.23 | 62.25 | 69.48 | OK | |
r-release-linux-x86_64 | 0.1.3 | 7.63 | 63.21 | 70.84 | ERROR | |
r-release-macos-arm64 | 0.1.2 | 43.00 | OK | |||
r-release-macos-x86_64 | 0.1.3 | 143.00 | OK | |||
r-release-windows-x86_64 | 0.1.2 | 8.00 | 92.00 | 100.00 | OK | |
r-oldrel-macos-arm64 | 0.1.2 | 42.00 | OK | |||
r-oldrel-macos-x86_64 | 0.1.3 | 100.00 | OK | |||
r-oldrel-windows-x86_64 | 0.1.2 | 11.00 | 110.00 | 121.00 | OK |
Version: 0.1.3
Check: tests
Result: ERROR
Running ‘testthat.R’ [3s/3s]
Running the tests in ‘tests/testthat.R’ failed.
Complete output:
> # This file is part of the standard setup for testthat.
> # It is recommended that you do not modify it.
> #
> # Where should you do additional test configuration?
> # Learn more about the roles of various files in:
> # * https://r-pkgs.org/tests.html
> # * https://testthat.r-lib.org/reference/test_package.html#special-files
>
> library(testthat)
> library(sasr)
>
> test_check("sasr")
[ FAIL 1 | WARN 0 | SKIP 4 | PASS 16 ]
══ Skipped tests (4) ═══════════════════════════════════════════════════════════
• On CRAN (4): 'test-run_sas.R:4:3', 'test-run_sas.R:9:3',
'test-run_sas.R:15:3', 'test-utils.R:58:3'
══ Failed tests ════════════════════════════════════════════════════════════════
── Error ('test-rmarkdown.R:4:3'): rmarkdown engine works ──────────────────────
Error in `file(con, "w")`: cannot open the connection
Backtrace:
▆
1. └─testthat::expect_snapshot(...) at test-rmarkdown.R:4:3
2. └─rlang::cnd_signal(state$error)
[ FAIL 1 | WARN 0 | SKIP 4 | PASS 16 ]
Error: Test failures
Execution halted
Flavor: r-devel-linux-x86_64-debian-gcc
Version: 0.1.3
Check: tests
Result: ERROR
Running ‘testthat.R’ [4s/5s]
Running the tests in ‘tests/testthat.R’ failed.
Complete output:
> # This file is part of the standard setup for testthat.
> # It is recommended that you do not modify it.
> #
> # Where should you do additional test configuration?
> # Learn more about the roles of various files in:
> # * https://r-pkgs.org/tests.html
> # * https://testthat.r-lib.org/reference/test_package.html#special-files
>
> library(testthat)
> library(sasr)
>
> test_check("sasr")
[ FAIL 1 | WARN 0 | SKIP 4 | PASS 16 ]
══ Skipped tests (4) ═══════════════════════════════════════════════════════════
• On CRAN (4): 'test-run_sas.R:4:3', 'test-run_sas.R:9:3',
'test-run_sas.R:15:3', 'test-utils.R:58:3'
══ Failed tests ════════════════════════════════════════════════════════════════
── Error ('test-rmarkdown.R:4:3'): rmarkdown engine works ──────────────────────
Error in `file(con, "w")`: cannot open the connection
Backtrace:
▆
1. └─testthat::expect_snapshot(...) at test-rmarkdown.R:4:3
2. └─rlang::cnd_signal(state$error)
[ FAIL 1 | WARN 0 | SKIP 4 | PASS 16 ]
Error: Test failures
Execution halted
Flavor: r-release-linux-x86_64
These binaries (installable software) and packages are in development.
They may not be fully stable and should be used with caution. We make no claims about them.
Health stats visible at Monitor.