Last updated on 2024-05-02 00:58:55 CEST.
Flavor | Version | Tinstall | Tcheck | Ttotal | Status | Flags |
---|---|---|---|---|---|---|
r-devel-linux-x86_64-debian-clang | 3.1-0 | 7.40 | 210.57 | 217.97 | NOTE | |
r-devel-linux-x86_64-debian-gcc | 3.1-0 | 5.08 | 155.77 | 160.85 | NOTE | |
r-devel-linux-x86_64-fedora-clang | 3.1-0 | 273.32 | NOTE | |||
r-devel-linux-x86_64-fedora-gcc | 3.1-0 | 293.80 | NOTE | |||
r-devel-windows-x86_64 | 3.1-0 | 7.00 | 236.00 | 243.00 | NOTE | |
r-patched-linux-x86_64 | 3.1-0 | 6.98 | 205.27 | 212.25 | NOTE | |
r-release-linux-x86_64 | 3.1-0 | 4.86 | 203.59 | 208.45 | NOTE | |
r-release-macos-arm64 | 3.1-0 | 107.00 | NOTE | |||
r-release-windows-x86_64 | 3.1-0 | 7.00 | 235.00 | 242.00 | NOTE | |
r-oldrel-macos-arm64 | 3.1-0 | 139.00 | OK | |||
r-oldrel-macos-x86_64 | 3.1-0 | 363.00 | OK | |||
r-oldrel-windows-x86_64 | 3.1-0 | 9.00 | 241.00 | 250.00 | NOTE |
Version: 3.1-0
Check: running R code from vignettes
Result: NOTE
‘sandwich-CL.Rnw’... [16s/19s] NOTE
differences from ‘sandwich-CL.Rout.save’
82c82
< Classes and Methods for R originally developed in the
---
> Classes and Methods for R developed in the
85,87c85,87
< Stanford University (2002-2015),
< by and under the direction of Simon Jackman.
< hurdle and zeroinfl functions by Achim Zeileis.
---
> Stanford University
> Simon Jackman
> hurdle and zeroinfl functions by Achim Zeileis
‘sandwich-OOP.Rnw’... [3s/4s] OK
‘sandwich.Rnw’... [1s/2s] OK
Flavor: r-devel-linux-x86_64-debian-clang
Version: 3.1-0
Check: running R code from vignettes
Result: NOTE
‘sandwich-CL.Rnw’... [10s/17s] NOTE
differences from ‘sandwich-CL.Rout.save’
82c82
< Classes and Methods for R originally developed in the
---
> Classes and Methods for R developed in the
85,87c85,87
< Stanford University (2002-2015),
< by and under the direction of Simon Jackman.
< hurdle and zeroinfl functions by Achim Zeileis.
---
> Stanford University
> Simon Jackman
> hurdle and zeroinfl functions by Achim Zeileis
‘sandwich-OOP.Rnw’... [2s/3s] OK
‘sandwich.Rnw’... [1s/2s] OK
Flavor: r-devel-linux-x86_64-debian-gcc
Version: 3.1-0
Check: running R code from vignettes
Result: NOTE
‘sandwich-CL.Rnw’... [20s/28s] NOTE
differences from ‘sandwich-CL.Rout.save’
82c82
< Classes and Methods for R originally developed in the
---
> Classes and Methods for R developed in the
85,87c85,87
< Stanford University (2002-2015),
< by and under the direction of Simon Jackman.
< hurdle and zeroinfl functions by Achim Zeileis.
---
> Stanford University
> Simon Jackman
> hurdle and zeroinfl functions by Achim Zeileis
‘sandwich-OOP.Rnw’... OK
‘sandwich.Rnw’... OK
Flavor: r-devel-linux-x86_64-fedora-clang
Version: 3.1-0
Check: running R code from vignettes
Result: NOTE
‘sandwich-CL.Rnw’... [19s/70s] NOTE
differences from ‘sandwich-CL.Rout.save’
82c82
< Classes and Methods for R originally developed in the
---
> Classes and Methods for R developed in the
85,87c85,87
< Stanford University (2002-2015),
< by and under the direction of Simon Jackman.
< hurdle and zeroinfl functions by Achim Zeileis.
---
> Stanford University
> Simon Jackman
> hurdle and zeroinfl functions by Achim Zeileis
‘sandwich-OOP.Rnw’... [4s/14s] OK
‘sandwich.Rnw’... OK
Flavor: r-devel-linux-x86_64-fedora-gcc
Version: 3.1-0
Check: running R code from vignettes
Result: NOTE
'sandwich-CL.Rnw'... [11s] NOTE
differences from 'sandwich-CL.Rout.save'
82c82
< Classes and Methods for R originally developed in the
---
> Classes and Methods for R developed in the
85,87c85,87
< Stanford University (2002-2015),
< by and under the direction of Simon Jackman.
< hurdle and zeroinfl functions by Achim Zeileis.
---
> Stanford University
> Simon Jackman
> hurdle and zeroinfl functions by Achim Zeileis
'sandwich-OOP.Rnw'... [2s] OK
'sandwich.Rnw'... [1s] OK
Flavor: r-devel-windows-x86_64
Version: 3.1-0
Check: running R code from vignettes
Result: NOTE
‘sandwich-CL.Rnw’... [14s/17s] NOTE
differences from ‘sandwich-CL.Rout.save’
82c82
< Classes and Methods for R originally developed in the
---
> Classes and Methods for R developed in the
85,87c85,87
< Stanford University (2002-2015),
< by and under the direction of Simon Jackman.
< hurdle and zeroinfl functions by Achim Zeileis.
---
> Stanford University
> Simon Jackman
> hurdle and zeroinfl functions by Achim Zeileis
‘sandwich-OOP.Rnw’... [3s/4s] OK
‘sandwich.Rnw’... [1s/2s] OK
Flavor: r-patched-linux-x86_64
Version: 3.1-0
Check: running R code from vignettes
Result: NOTE
‘sandwich-CL.Rnw’... [14s/17s] NOTE
differences from ‘sandwich-CL.Rout.save’
82c82
< Classes and Methods for R originally developed in the
---
> Classes and Methods for R developed in the
85,87c85,87
< Stanford University (2002-2015),
< by and under the direction of Simon Jackman.
< hurdle and zeroinfl functions by Achim Zeileis.
---
> Stanford University
> Simon Jackman
> hurdle and zeroinfl functions by Achim Zeileis
‘sandwich-OOP.Rnw’... [3s/3s] OK
‘sandwich.Rnw’... [1s/2s] OK
Flavor: r-release-linux-x86_64
Version: 3.1-0
Check: running R code from vignettes
Result: NOTE
‘sandwich-CL.Rnw’... [5s/6s] NOTE
differences from ‘sandwich-CL.Rout.save’
82c82
< Classes and Methods for R originally developed in the
---
> Classes and Methods for R developed in the
85,87c85,87
< Stanford University (2002-2015),
< by and under the direction of Simon Jackman.
< hurdle and zeroinfl functions by Achim Zeileis.
---
> Stanford University
> Simon Jackman
> hurdle and zeroinfl functions by Achim Zeileis
‘sandwich-OOP.Rnw’... [1s/1s] OK
‘sandwich.Rnw’... [1s/1s] OK
Flavor: r-release-macos-arm64
Version: 3.1-0
Check: running R code from vignettes
Result: NOTE
'sandwich-CL.Rnw'... [12s] NOTE
differences from 'sandwich-CL.Rout.save'
82c82
< Classes and Methods for R originally developed in the
---
> Classes and Methods for R developed in the
85,87c85,87
< Stanford University (2002-2015),
< by and under the direction of Simon Jackman.
< hurdle and zeroinfl functions by Achim Zeileis.
---
> Stanford University
> Simon Jackman
> hurdle and zeroinfl functions by Achim Zeileis
'sandwich-OOP.Rnw'... [2s] OK
'sandwich.Rnw'... [1s] OK
Flavor: r-release-windows-x86_64
Version: 3.1-0
Check: running R code from vignettes
Result: NOTE
'sandwich-CL.Rnw'... [13s] NOTE
differences from 'sandwich-CL.Rout.save'
82c82
< Classes and Methods for R originally developed in the
---
> Classes and Methods for R developed in the
85,87c85,87
< Stanford University (2002-2015),
< by and under the direction of Simon Jackman.
< hurdle and zeroinfl functions by Achim Zeileis.
---
> Stanford University
> Simon Jackman
> hurdle and zeroinfl functions by Achim Zeileis
'sandwich-OOP.Rnw'... [3s] OK
'sandwich.Rnw'... [1s] OK
Flavor: r-oldrel-windows-x86_64
These binaries (installable software) and packages are in development.
They may not be fully stable and should be used with caution. We make no claims about them.
Health stats visible at Monitor.