Last updated on 2025-05-17 15:50:55 CEST.
Flavor | Version | Tinstall | Tcheck | Ttotal | Status | Flags |
---|---|---|---|---|---|---|
r-devel-linux-x86_64-debian-clang | 0.1.0 | 51.44 | 125.54 | 176.98 | NOTE | |
r-devel-linux-x86_64-debian-gcc | 0.1.0 | 37.07 | 86.44 | 123.51 | NOTE | |
r-devel-linux-x86_64-fedora-clang | 0.1.0 | 305.21 | NOTE | |||
r-devel-linux-x86_64-fedora-gcc | 0.1.0 | 336.01 | NOTE | |||
r-devel-windows-x86_64 | 0.1.0 | 62.00 | 153.00 | 215.00 | NOTE | |
r-patched-linux-x86_64 | 0.1.0 | 57.00 | 120.05 | 177.05 | NOTE | |
r-release-linux-x86_64 | 0.1.0 | 51.72 | 120.49 | 172.21 | NOTE | |
r-release-macos-arm64 | 0.1.0 | 86.00 | NOTE | |||
r-release-macos-x86_64 | 0.1.0 | 172.00 | NOTE | |||
r-release-windows-x86_64 | 0.1.0 | 65.00 | 150.00 | 215.00 | NOTE | |
r-oldrel-macos-arm64 | 0.1.0 | 82.00 | NOTE | |||
r-oldrel-macos-x86_64 | 0.1.0 | 115.00 | NOTE | |||
r-oldrel-windows-x86_64 | 0.1.0 | 75.00 | 190.00 | 265.00 | NOTE |
Version: 0.1.0
Check: CRAN incoming feasibility
Result: NOTE
Maintainer: ‘Florian Lecocq <florian.lecocq@outlook.com>’
Package CITATION file contains call(s) to old-style personList() or
as.personList(). Please use c() on person objects instead.
Package CITATION file contains call(s) to old-style citEntry(). Please
use bibentry() instead.
Found the following URLs which should use \doi (with the DOI name only):
File ‘samurais-package.Rd’:
https://doi.org/10.1002/widm.1298
Flavors: r-devel-linux-x86_64-debian-clang, r-devel-linux-x86_64-debian-gcc
Version: 0.1.0
Check: C++ specification
Result: NOTE
Specified C++11: please drop specification unless essential
Flavors: r-devel-linux-x86_64-debian-clang, r-devel-linux-x86_64-debian-gcc, r-devel-linux-x86_64-fedora-clang, r-devel-linux-x86_64-fedora-gcc, r-devel-windows-x86_64, r-patched-linux-x86_64, r-release-linux-x86_64, r-release-macos-arm64, r-release-macos-x86_64, r-release-windows-x86_64, r-oldrel-macos-arm64, r-oldrel-macos-x86_64, r-oldrel-windows-x86_64
Version: 0.1.0
Check: Rd files
Result: NOTE
checkRd: (-1) ModelHMMR-class.Rd:37: Lost braces; missing escapes or markup?
37 | class {StatHMMR}).
| ^
Flavors: r-devel-linux-x86_64-debian-clang, r-devel-linux-x86_64-debian-gcc, r-devel-linux-x86_64-fedora-clang, r-devel-linux-x86_64-fedora-gcc, r-devel-windows-x86_64, r-patched-linux-x86_64, r-release-linux-x86_64, r-release-macos-arm64, r-release-macos-x86_64, r-release-windows-x86_64, r-oldrel-macos-arm64, r-oldrel-macos-x86_64, r-oldrel-windows-x86_64
Version: 0.1.0
Check: installed package size
Result: NOTE
installed size is 10.0Mb
sub-directories of 1Mb or more:
doc 2.3Mb
help 3.4Mb
libs 3.8Mb
Flavors: r-oldrel-macos-arm64, r-oldrel-macos-x86_64, r-oldrel-windows-x86_64
These binaries (installable software) and packages are in development.
They may not be fully stable and should be used with caution. We make no claims about them.
Health stats visible at Monitor.