Last updated on 2025-10-30 19:53:35 CET.
| Flavor | Version | Tinstall | Tcheck | Ttotal | Status | Flags | 
|---|---|---|---|---|---|---|
| r-devel-linux-x86_64-debian-clang | 1.1.9 | 540.54 | 59.99 | 600.53 | OK | |
| r-devel-linux-x86_64-debian-gcc | 1.1.9 | 361.33 | 44.69 | 406.02 | OK | |
| r-devel-linux-x86_64-fedora-clang | 1.1.9 | 1080.00 | 101.80 | 1181.80 | OK | |
| r-devel-linux-x86_64-fedora-gcc | 1.1.9 | 1080.00 | 37.45 | 1117.45 | OK | |
| r-devel-windows-x86_64 | 1.1.9 | 777.00 | 166.00 | 943.00 | OK | |
| r-patched-linux-x86_64 | 1.1.9 | 581.88 | 56.87 | 638.75 | OK | |
| r-release-linux-x86_64 | 1.1.9 | 585.68 | 57.18 | 642.86 | OK | |
| r-release-macos-arm64 | 1.1.9 | 224.00 | 23.00 | 247.00 | WARN | |
| r-release-macos-x86_64 | 1.1.9 | 202.00 | 72.00 | 274.00 | WARN | |
| r-release-windows-x86_64 | 1.1.9 | 794.00 | 164.00 | 958.00 | OK | |
| r-oldrel-macos-arm64 | 1.1.9 | 248.00 | 35.00 | 283.00 | NOTE | |
| r-oldrel-macos-x86_64 | 1.1.9 | 213.00 | 88.00 | 301.00 | NOTE | |
| r-oldrel-windows-x86_64 | 1.1.9 | 846.00 | 211.00 | 1057.00 | NOTE | 
Version: 1.1.9
Check: compiled code
Result: WARN
  File ‘s2/libs/s2.so’:
    Found ‘__ZNSt3__14cerrE’, possibly from ‘std::cerr’ (C++)
      Object: ‘../tools/dist/lib/libabsl_flags_config.a’
    Found ‘___assert_rtn’, possibly from ‘assert’ (C)
      Objects: ‘../tools/dist/lib/libabsl_base.a’,
        ‘../tools/dist/lib/libabsl_cord.a’,
        ‘../tools/dist/lib/libabsl_cord_internal.a’,
        ‘../tools/dist/lib/libabsl_cordz_handle.a’,
        ‘../tools/dist/lib/libabsl_cordz_info.a’,
        ‘../tools/dist/lib/libabsl_crc_cord_state.a’,
        ‘../tools/dist/lib/libabsl_crc_internal.a’,
        ‘../tools/dist/lib/libabsl_flags_internal.a’,
        ‘../tools/dist/lib/libabsl_flags_reflection.a’,
        ‘../tools/dist/lib/libabsl_graphcycles_internal.a’,
        ‘../tools/dist/lib/libabsl_int128.a’,
        ‘../tools/dist/lib/libabsl_kernel_timeout_internal.a’,
        ‘../tools/dist/lib/libabsl_log_globals.a’,
        ‘../tools/dist/lib/libabsl_log_internal_format.a’,
        ‘../tools/dist/lib/libabsl_log_internal_globals.a’,
        ‘../tools/dist/lib/libabsl_log_internal_log_sink_set.a’,
        ‘../tools/dist/lib/libabsl_log_internal_message.a’,
        ‘../tools/dist/lib/libabsl_log_internal_proto.a’,
        ‘../tools/dist/lib/libabsl_malloc_internal.a’,
        ‘../tools/dist/lib/libabsl_raw_hash_set.a’,
        ‘../tools/dist/lib/libabsl_raw_logging_internal.a’,
        ‘../tools/dist/lib/libabsl_status.a’,
        ‘../tools/dist/lib/libabsl_str_format_internal.a’,
        ‘../tools/dist/lib/libabsl_strings.a’,
        ‘../tools/dist/lib/libabsl_strings_internal.a’,
        ‘../tools/dist/lib/libabsl_symbolize.a’,
        ‘../tools/dist/lib/libabsl_synchronization.a’,
        ‘../tools/dist/lib/libabsl_time.a’,
        ‘../tools/dist/lib/libabsl_time_zone.a’
    Found ‘___stderrp’, possibly from ‘stderr’ (C)
      Objects: ‘../tools/dist/lib/libabsl_log_internal_globals.a’,
        ‘../tools/dist/lib/libabsl_str_format_internal.a’
    Found ‘__exit’, possibly from ‘_exit’ (C), ‘_Exit’ (C)
      Object: ‘../tools/dist/lib/libabsl_log_internal_message.a’
    Found ‘_abort’, possibly from ‘abort’ (C)
      Objects: ‘../tools/dist/lib/libabsl_log_internal_message.a’,
        ‘../tools/dist/lib/libabsl_raw_logging_internal.a’
    Found ‘_exit’, possibly from ‘exit’ (C)
      Object: ‘../tools/dist/lib/libabsl_flags_reflection.a’
  
  Compiled code should not call entry points which might terminate R nor
  write to stdout/stderr instead of to the console, nor use Fortran I/O
  nor system RNGs nor [v]sprintf.
  
  See ‘Writing portable packages’ in the ‘Writing R Extensions’ manual.
Flavors: r-release-macos-arm64, r-release-macos-x86_64
Version: 1.1.9
Check: installed package size
Result: NOTE
    installed size is 39.5Mb
    sub-directories of 1Mb or more:
      libs  38.4Mb
Flavors: r-oldrel-macos-arm64, r-oldrel-macos-x86_64, r-oldrel-windows-x86_64
These binaries (installable software) and packages are in development.
They may not be fully stable and should be used with caution. We make no claims about them.
Health stats visible at Monitor.