Last updated on 2025-02-23 19:51:19 CET.
Flavor | Version | Tinstall | Tcheck | Ttotal | Status | Flags |
---|---|---|---|---|---|---|
r-devel-linux-x86_64-debian-clang | 0.1.0 | 5.52 | 45.43 | 50.95 | OK | |
r-devel-linux-x86_64-debian-gcc | 0.1.0 | 4.11 | 32.69 | 36.80 | ERROR | |
r-devel-linux-x86_64-fedora-clang | 0.1.0 | 77.59 | OK | |||
r-devel-linux-x86_64-fedora-gcc | 0.1.0 | 74.41 | OK | |||
r-devel-macos-arm64 | 0.1.0 | 34.00 | OK | |||
r-devel-macos-x86_64 | 0.1.0 | 48.00 | OK | |||
r-devel-windows-x86_64 | 0.1.0 | 6.00 | 62.00 | 68.00 | OK | |
r-patched-linux-x86_64 | 0.1.0 | 5.22 | 40.55 | 45.77 | NOTE | |
r-release-linux-x86_64 | 0.1.0 | 4.85 | 41.06 | 45.91 | NOTE | |
r-release-macos-arm64 | 0.1.0 | 29.00 | NOTE | |||
r-release-macos-x86_64 | 0.1.0 | 40.00 | NOTE | |||
r-release-windows-x86_64 | 0.1.0 | 9.00 | 60.00 | 69.00 | NOTE | |
r-oldrel-macos-arm64 | 0.1.0 | 30.00 | NOTE | |||
r-oldrel-macos-x86_64 | 0.1.0 | 41.00 | NOTE | |||
r-oldrel-windows-x86_64 | 0.1.0 | 9.00 | 68.00 | 77.00 | NOTE |
Version: 0.1.0
Check: tests
Result: ERROR
Running ‘testthat.R’ [2s/8s]
Running the tests in ‘tests/testthat.R’ failed.
Complete output:
> library(testthat)
> library(rzentra)
>
> test_check("rzentra")
[ FAIL 3 | WARN 0 | SKIP 7 | PASS 3 ]
══ Skipped tests (7) ═══════════════════════════════════════════════════════════
• token == "" is TRUE (7): 'test-parser.R:3:1', 'test-zc_readings.R:7:3',
'test-zc_readings.R:12:1', 'test-zc_settings.R:7:3',
'test-zc_settings.R:13:1', 'test-zc_statuses.R:7:3',
'test-zc_statuses.R:13:1'
══ Failed tests ════════════════════════════════════════════════════════════════
── Failure ('test-zc_readings.R:5:3'): zc_statuses returns errors ──────────────
`zc_readings(token = "aaa", sn = "z6-00033")` threw an error with unexpected message.
Expected match: "Invalid token."
Actual message: "lexical error: invalid char in json text.\n <!DOCTYPE HTML PUBLIC \"-//IETF/\n (right here) ------^\n"
Backtrace:
▆
1. ├─testthat::expect_error(...) at test-zc_readings.R:5:3
2. │ └─testthat:::quasi_capture(...)
3. │ ├─testthat (local) .capture(...)
4. │ │ └─base::withCallingHandlers(...)
5. │ └─rlang::eval_bare(quo_get_expr(.quo), quo_get_env(.quo))
6. ├─rzentra::zc_readings(token = "aaa", sn = "z6-00033")
7. │ └─... %>% jsonlite::fromJSON(simplifyVector = FALSE)
8. └─jsonlite::fromJSON(., simplifyVector = FALSE)
9. └─jsonlite:::parse_and_simplify(...)
10. └─jsonlite:::parseJSON(txt, bigint_as_char)
11. └─jsonlite:::parse_string(txt, bigint_as_char)
── Failure ('test-zc_settings.R:5:3'): zc_settings returns errors ──────────────
`zc_settings(token = "aaa", sn = "z6-00033")` threw an error with unexpected message.
Expected match: "Invalid token."
Actual message: "lexical error: invalid char in json text.\n <!DOCTYPE HTML PUBLIC \"-//IETF/\n (right here) ------^\n"
Backtrace:
▆
1. ├─testthat::expect_error(...) at test-zc_settings.R:5:3
2. │ └─testthat:::quasi_capture(...)
3. │ ├─testthat (local) .capture(...)
4. │ │ └─base::withCallingHandlers(...)
5. │ └─rlang::eval_bare(quo_get_expr(.quo), quo_get_env(.quo))
6. ├─rzentra::zc_settings(token = "aaa", sn = "z6-00033")
7. │ └─... %>% jsonlite::fromJSON(simplifyVector = FALSE)
8. └─jsonlite::fromJSON(., simplifyVector = FALSE)
9. └─jsonlite:::parse_and_simplify(...)
10. └─jsonlite:::parseJSON(txt, bigint_as_char)
11. └─jsonlite:::parse_string(txt, bigint_as_char)
── Failure ('test-zc_statuses.R:5:3'): zc_statuses returns errors ──────────────
`zc_statuses(token = "aaa", sn = "z6-00033")` threw an error with unexpected message.
Expected match: "Invalid token."
Actual message: "lexical error: invalid char in json text.\n <!DOCTYPE HTML PUBLIC \"-//IETF/\n (right here) ------^\n"
Backtrace:
▆
1. ├─testthat::expect_error(...) at test-zc_statuses.R:5:3
2. │ └─testthat:::quasi_capture(...)
3. │ ├─testthat (local) .capture(...)
4. │ │ └─base::withCallingHandlers(...)
5. │ └─rlang::eval_bare(quo_get_expr(.quo), quo_get_env(.quo))
6. ├─rzentra::zc_statuses(token = "aaa", sn = "z6-00033")
7. │ └─... %>% jsonlite::fromJSON(simplifyVector = FALSE)
8. └─jsonlite::fromJSON(., simplifyVector = FALSE)
9. └─jsonlite:::parse_and_simplify(...)
10. └─jsonlite:::parseJSON(txt, bigint_as_char)
11. └─jsonlite:::parse_string(txt, bigint_as_char)
[ FAIL 3 | WARN 0 | SKIP 7 | PASS 3 ]
Error: Test failures
Execution halted
Flavor: r-devel-linux-x86_64-debian-gcc
Version: 0.1.0
Check: LazyData
Result: NOTE
'LazyData' is specified without a 'data' directory
Flavors: r-patched-linux-x86_64, r-release-linux-x86_64, r-release-macos-arm64, r-release-macos-x86_64, r-release-windows-x86_64, r-oldrel-macos-arm64, r-oldrel-macos-x86_64, r-oldrel-windows-x86_64
These binaries (installable software) and packages are in development.
They may not be fully stable and should be used with caution. We make no claims about them.
Health stats visible at Monitor.