Last updated on 2025-02-23 19:51:19 CET.
Flavor | Version | Tinstall | Tcheck | Ttotal | Status | Flags |
---|---|---|---|---|---|---|
r-devel-linux-x86_64-debian-clang | 0.7.1.1.1 | 120.67 | 67.51 | 188.18 | OK | |
r-devel-linux-x86_64-debian-gcc | 0.7.1.1.1 | 105.43 | 55.79 | 161.22 | OK | |
r-devel-linux-x86_64-fedora-clang | 0.7.1.1.1 | 323.82 | WARN | |||
r-devel-linux-x86_64-fedora-gcc | 0.7.1.1.1 | 394.40 | OK | |||
r-devel-macos-arm64 | 0.7.1.1.1 | 77.00 | OK | |||
r-devel-macos-x86_64 | 0.7.1.1.1 | 273.00 | OK | |||
r-devel-windows-x86_64 | 0.7.1.1.1 | 122.00 | 139.00 | 261.00 | OK | |
r-patched-linux-x86_64 | 0.7.1.1.1 | 144.96 | 73.42 | 218.38 | OK | |
r-release-linux-x86_64 | 0.7.1.1.1 | 144.41 | 73.14 | 217.55 | OK | |
r-release-macos-arm64 | 0.7.1.1.1 | 81.00 | NOTE | |||
r-release-macos-x86_64 | 0.7.1.1.1 | 268.00 | NOTE | |||
r-release-windows-x86_64 | 0.7.1.1.1 | 125.00 | 138.00 | 263.00 | NOTE | |
r-oldrel-macos-arm64 | 0.6.3.1.1 | 101.00 | NOTE | |||
r-oldrel-macos-x86_64 | 0.7.1.1.1 | 200.00 | NOTE | |||
r-oldrel-windows-x86_64 | 0.7.1.1.1 | 154.00 | 162.00 | 316.00 | NOTE |
Version: 0.7.1.1.1
Check: whether package can be installed
Result: WARN
Found the following significant warnings:
../inst/include/vinecopulib/misc/nlohmann_json.hpp:25226:47: warning: identifier '_json' preceded by whitespace in a literal operator declaration is deprecated [-Wdeprecated-literal-operator]
../inst/include/vinecopulib/misc/nlohmann_json.hpp:25245:61: warning: identifier '_json_pointer' preceded by whitespace in a literal operator declaration is deprecated [-Wdeprecated-literal-operator]
See ‘/data/gannet/ripley/R/packages/tests-clang/rvinecopulib.Rcheck/00install.out’ for details.
* used C++ compiler: ‘clang version 20.1.0-rc2’
Flavor: r-devel-linux-x86_64-fedora-clang
Version: 0.7.1.1.1
Check: installed package size
Result: NOTE
installed size is 64.9Mb
sub-directories of 1Mb or more:
include 5.1Mb
libs 59.5Mb
Flavors: r-release-macos-arm64, r-release-macos-x86_64, r-release-windows-x86_64, r-oldrel-macos-x86_64, r-oldrel-windows-x86_64
Version: 0.6.3.1.1
Check: installed package size
Result: NOTE
installed size is 64.2Mb
sub-directories of 1Mb or more:
include 5.0Mb
libs 58.8Mb
Flavor: r-oldrel-macos-arm64
These binaries (installable software) and packages are in development.
They may not be fully stable and should be used with caution. We make no claims about them.
Health stats visible at Monitor.