Last updated on 2025-02-23 15:49:56 CET.
Flavor | Version | Tinstall | Tcheck | Ttotal | Status | Flags |
---|---|---|---|---|---|---|
r-devel-linux-x86_64-debian-clang | 0.3.2 | 135.36 | 346.71 | 482.07 | OK | |
r-devel-linux-x86_64-debian-gcc | 0.3.2 | 100.06 | 368.28 | 468.34 | OK | |
r-devel-linux-x86_64-fedora-clang | 0.3.2 | 2112.63 | ERROR | |||
r-devel-linux-x86_64-fedora-gcc | 0.3.2 | 816.88 | OK | |||
r-devel-macos-arm64 | 0.3.2 | 189.00 | OK | |||
r-devel-macos-x86_64 | 0.3.2 | 320.00 | OK | |||
r-devel-windows-x86_64 | 0.3.2 | 135.00 | 334.00 | 469.00 | OK | |
r-patched-linux-x86_64 | 0.3.2 | 146.20 | 414.29 | 560.49 | OK | |
r-release-linux-x86_64 | 0.3.2 | 148.12 | 399.96 | 548.08 | OK | |
r-release-macos-arm64 | 0.3.2 | 204.00 | NOTE | |||
r-release-macos-x86_64 | 0.3.2 | 285.00 | NOTE | |||
r-release-windows-x86_64 | 0.3.2 | 134.00 | 336.00 | 470.00 | NOTE | |
r-oldrel-macos-arm64 | 0.3.2 | 324.00 | NOTE | |||
r-oldrel-macos-x86_64 | 0.3.2 | 607.00 | NOTE | |||
r-oldrel-windows-x86_64 | 0.3.2 | 132.00 | 365.00 | 497.00 | NOTE |
Version: 0.3.2
Check: examples
Result: ERROR
Running examples in ‘ruimtehol-Ex.R’ failed
The error most likely occurred in:
> ### Name: embed_articlespace
> ### Title: Build a Starspace model for learning the mapping between
> ### sentences and articles (articlespace)
> ### Aliases: embed_articlespace
>
> ### ** Examples
>
> ## Don't show:
> if(require(udpipe)){
+ ## End(Don't show)
+ library(udpipe)
+ data(brussels_reviews_anno, package = "udpipe")
+ x <- subset(brussels_reviews_anno, language == "nl")
+ x$token <- x$lemma
+ x <- x[, c("doc_id", "sentence_id", "token")]
+ set.seed(123456789)
+ model <- embed_articlespace(x, early_stopping = 1,
+ dim = 25, epoch = 25, minCount = 2,
+ negSearchLimit = 1, maxNegSamples = 2)
+ plot(model)
+ sentences <- c("ook de keuken zijn zeer goed uitgerust .",
+ "het appartement zijn met veel smaak inrichten en zeer proper .")
+ predict(model, sentences, type = "embedding")
+ starspace_embedding(model, sentences)
+ ## Don't show:
+ } # End of main if statement running only if the required packages are installed
Loading required package: udpipe
Start to initialize starspace model.
Build dict from input file : /tmp/Rtmp8AeXQB/working_dir/RtmpUGqoNy/textspace_31438f76b3ceed.txt
Read 0M words
Number of words in dictionary: 1273
Number of labels in dictionary: 0
Loading data from file : /tmp/Rtmp8AeXQB/working_dir/RtmpUGqoNy/textspace_31438f76b3ceed.txt
Total number of examples loaded : 470
2025-02-19 09:27:53 Initialising with learning rate 0.01
Flavor: r-devel-linux-x86_64-fedora-clang
Version: 0.3.2
Check: re-building of vignette outputs
Result: ERROR
Error(s) in re-building vignettes:
--- re-building ‘ground-control-to-ruimtehol.Rnw’ using Sweave
Flavor: r-devel-linux-x86_64-fedora-clang
Version: 0.3.2
Check: installed package size
Result: NOTE
installed size is 10.8Mb
sub-directories of 1Mb or more:
data 3.8Mb
libs 6.5Mb
Flavors: r-release-macos-arm64, r-release-macos-x86_64, r-release-windows-x86_64, r-oldrel-macos-arm64, r-oldrel-macos-x86_64, r-oldrel-windows-x86_64
These binaries (installable software) and packages are in development.
They may not be fully stable and should be used with caution. We make no claims about them.
Health stats visible at Monitor.