CRAN Package Check Results for Package rtson

Last updated on 2025-05-17 13:49:50 CEST.

Flavor Version Tinstall Tcheck Ttotal Status Flags
r-devel-linux-x86_64-debian-clang 1.3 3.44 20.64 24.08 NOTE
r-devel-linux-x86_64-debian-gcc 1.3 2.49 17.30 19.79 NOTE
r-devel-linux-x86_64-fedora-clang 1.3 37.94 OK
r-devel-linux-x86_64-fedora-gcc 1.3 37.04 OK
r-devel-windows-x86_64 1.3 4.00 50.00 54.00 OK
r-patched-linux-x86_64 1.3 3.73 19.52 23.25 OK
r-release-linux-x86_64 1.3 3.50 19.62 23.12 OK
r-release-macos-arm64 1.3 18.00 OK
r-release-macos-x86_64 1.3 35.00 OK
r-release-windows-x86_64 1.3 5.00 50.00 55.00 OK
r-oldrel-macos-arm64 1.3 18.00 OK
r-oldrel-macos-x86_64 1.3 30.00 OK
r-oldrel-windows-x86_64 1.3 4.00 50.00 54.00 OK

Check Details

Version: 1.3
Check: CRAN incoming feasibility
Result: NOTE Maintainer: ‘Alexandre Maurel <alexandre.maurel@gmail.com>’ No Authors@R field in DESCRIPTION. Please add one, modifying Authors@R: person(given = "Alexandre", family = "Maurel", role = c("aut", "cre"), email = "alexandre.maurel@gmail.com") as necessary. The Description field contains (https://github.com/tercen/TSON). Please enclose URLs in angle brackets (<...>). Flavors: r-devel-linux-x86_64-debian-clang, r-devel-linux-x86_64-debian-gcc

These binaries (installable software) and packages are in development.
They may not be fully stable and should be used with caution. We make no claims about them.
Health stats visible at Monitor.