Last updated on 2025-02-23 15:49:56 CET.
Flavor | Version | Tinstall | Tcheck | Ttotal | Status | Flags |
---|---|---|---|---|---|---|
r-devel-linux-x86_64-debian-clang | 0.1.9 | 241.11 | 205.35 | 446.46 | OK | |
r-devel-linux-x86_64-debian-gcc | 0.1.9 | 241.58 | 158.22 | 399.80 | OK | |
r-devel-linux-x86_64-fedora-clang | 0.1.9 | 685.23 | OK | |||
r-devel-linux-x86_64-fedora-gcc | 0.1.9 | 867.13 | OK | |||
r-devel-macos-arm64 | 0.1.8 | 116.00 | OK | |||
r-devel-macos-x86_64 | 0.1.9 | 280.00 | OK | |||
r-devel-windows-x86_64 | 0.1.8 | 188.00 | 216.00 | 404.00 | OK | |
r-patched-linux-x86_64 | 0.1.9 | 291.22 | 216.11 | 507.33 | NOTE | |
r-release-linux-x86_64 | 0.1.9 | 291.81 | 216.82 | 508.63 | NOTE | |
r-release-macos-arm64 | 0.1.8 | 179.00 | NOTE | |||
r-release-macos-x86_64 | 0.1.9 | 305.00 | NOTE | |||
r-release-windows-x86_64 | 0.1.9 | 225.00 | 234.00 | 459.00 | NOTE | |
r-oldrel-macos-arm64 | 0.1.7 | 174.00 | NOTE | |||
r-oldrel-macos-x86_64 | 0.1.9 | 314.00 | NOTE | |||
r-oldrel-windows-x86_64 | 0.1.9 | 307.00 | 295.00 | 602.00 | NOTE |
Version: 0.1.9
Check: for GNU extensions in Makefiles
Result: NOTE
GNU make is a SystemRequirements.
Flavors: r-patched-linux-x86_64, r-release-linux-x86_64, r-release-macos-x86_64, r-release-windows-x86_64, r-oldrel-macos-x86_64, r-oldrel-windows-x86_64
Version: 0.1.8
Check: installed package size
Result: NOTE
installed size is 57.3Mb
sub-directories of 1Mb or more:
libs 56.6Mb
Flavor: r-release-macos-arm64
Version: 0.1.8
Check: for GNU extensions in Makefiles
Result: NOTE
GNU make is a SystemRequirements.
Flavor: r-release-macos-arm64
Version: 0.1.9
Check: installed package size
Result: NOTE
installed size is 58.4Mb
sub-directories of 1Mb or more:
libs 57.7Mb
Flavors: r-release-macos-x86_64, r-oldrel-macos-x86_64
Version: 0.1.7
Check: installed package size
Result: NOTE
installed size is 57.4Mb
sub-directories of 1Mb or more:
libs 56.7Mb
Flavor: r-oldrel-macos-arm64
Version: 0.1.7
Check: for GNU extensions in Makefiles
Result: NOTE
GNU make is a SystemRequirements.
Flavor: r-oldrel-macos-arm64
These binaries (installable software) and packages are in development.
They may not be fully stable and should be used with caution. We make no claims about them.
Health stats visible at Monitor.