Last updated on 2025-02-02 07:50:24 CET.
Flavor | Version | Tinstall | Tcheck | Ttotal | Status | Flags |
---|---|---|---|---|---|---|
r-devel-linux-x86_64-debian-clang | 0.6.6 | 6.63 | 58.94 | 65.57 | NOTE | |
r-devel-linux-x86_64-debian-gcc | 0.6.6 | 4.35 | 41.68 | 46.03 | NOTE | |
r-devel-linux-x86_64-fedora-clang | 0.6.6 | 108.61 | OK | |||
r-devel-linux-x86_64-fedora-gcc | 0.6.6 | 110.04 | OK | |||
r-devel-windows-x86_64 | 0.6.6 | 9.00 | 80.00 | 89.00 | NOTE | |
r-patched-linux-x86_64 | 0.6.6 | 12.75 | 54.55 | 67.30 | NOTE | |
r-release-linux-x86_64 | 0.6.6 | 6.35 | 54.16 | 60.51 | NOTE | |
r-release-macos-arm64 | 0.6.6 | 50.00 | NOTE | |||
r-release-macos-x86_64 | 0.6.6 | 54.00 | NOTE | |||
r-release-windows-x86_64 | 0.6.6 | 8.00 | 81.00 | 89.00 | NOTE | |
r-oldrel-macos-arm64 | 0.6.6 | 40.00 | NOTE | |||
r-oldrel-macos-x86_64 | 0.6.6 | 60.00 | NOTE | |||
r-oldrel-windows-x86_64 | 0.6.6 | 10.00 | 87.00 | 97.00 | NOTE |
Version: 0.6.6
Check: Rd cross-references
Result: NOTE
Found the following Rd file(s) with Rd \link{} targets missing package
anchors:
author_df.Rd: add_headers, GET
author_retrieval.Rd: add_headers, GET
author_search.Rd: add_headers, GET
author_search_by_affil.Rd: GET
elsevier_authenticate.Rd: add_headers, GET
generic_elsevier_api.Rd: add_headers, GET
get_affiliation_info.Rd: add_headers, GET
get_complete_author_info.Rd: add_headers, GET
get_links.Rd: GET
object_retrieval.Rd: GET, add_headers
process_author_name.Rd: add_headers, GET
scopus_search.Rd: add_headers, GET
Please provide package anchors for all Rd \link{} targets not in the
package itself and the base packages.
Flavors: r-devel-linux-x86_64-debian-clang, r-devel-linux-x86_64-debian-gcc, r-devel-windows-x86_64
Version: 0.6.6
Check: LazyData
Result: NOTE
'LazyData' is specified without a 'data' directory
Flavors: r-patched-linux-x86_64, r-release-linux-x86_64, r-release-macos-arm64, r-release-macos-x86_64, r-release-windows-x86_64, r-oldrel-macos-arm64, r-oldrel-macos-x86_64, r-oldrel-windows-x86_64
These binaries (installable software) and packages are in development.
They may not be fully stable and should be used with caution. We make no claims about them.
Health stats visible at Monitor.