Last updated on 2025-02-23 15:49:56 CET.
Flavor | Version | Tinstall | Tcheck | Ttotal | Status | Flags |
---|---|---|---|---|---|---|
r-devel-linux-x86_64-debian-clang | 0.9.7.3.1 | 58.00 | 70.67 | 128.67 | NOTE | |
r-devel-linux-x86_64-debian-gcc | 0.9.7.3.1 | 38.15 | 52.48 | 90.63 | NOTE | |
r-devel-linux-x86_64-fedora-clang | 0.9.7.3.1 | 239.92 | NOTE | |||
r-devel-linux-x86_64-fedora-gcc | 0.9.7.3.1 | 242.47 | NOTE | |||
r-devel-macos-arm64 | 0.9.7.3.1 | 63.00 | NOTE | |||
r-devel-macos-x86_64 | 0.9.7.3.1 | 124.00 | NOTE | |||
r-devel-windows-x86_64 | 0.9.7.3.1 | 63.00 | 109.00 | 172.00 | NOTE | |
r-patched-linux-x86_64 | 0.9.7.3.1 | 58.56 | 65.87 | 124.43 | NOTE | |
r-release-linux-x86_64 | 0.9.7.3.1 | 57.91 | 66.22 | 124.13 | NOTE | |
r-release-macos-arm64 | 0.9.7.3.1 | 66.00 | NOTE | |||
r-release-macos-x86_64 | 0.9.7.3.1 | 94.00 | NOTE | |||
r-release-windows-x86_64 | 0.9.7.3.1 | 65.00 | 111.00 | 176.00 | NOTE | |
r-oldrel-macos-arm64 | 0.9.7.3.1 | 81.00 | OK | |||
r-oldrel-macos-x86_64 | 0.9.7.3.1 | 140.00 | OK | |||
r-oldrel-windows-x86_64 | 0.9.7.3.1 | 80.00 | 130.00 | 210.00 | OK |
Version: 0.9.7.3.1
Check: Rd files
Result: NOTE
checkRd: (-1) rrecsys.Rd:72: Lost braces; missing escapes or markup?
72 | The average deviation rating $dev_{ij}$ between co-rated items is defined by:
| ^
checkRd: (-1) rrecsys.Rd:76: Lost braces; missing escapes or markup?
76 | Where $c_{ij}$ is the number of co-ratings between items $i$ and $j$ and $r_{ui}$ is an existing rating for user $u$ on item $i$. The Weighted Slope One takes into account both, information from users who rated the same item and the number of observed ratings.
| ^
checkRd: (-1) rrecsys.Rd:76: Lost braces; missing escapes or markup?
76 | Where $c_{ij}$ is the number of co-ratings between items $i$ and $j$ and $r_{ui}$ is an existing rating for user $u$ on item $i$. The Weighted Slope One takes into account both, information from users who rated the same item and the number of observed ratings.
| ^
Flavors: r-devel-linux-x86_64-debian-clang, r-devel-linux-x86_64-debian-gcc, r-devel-linux-x86_64-fedora-clang, r-devel-linux-x86_64-fedora-gcc, r-devel-macos-arm64, r-devel-macos-x86_64, r-devel-windows-x86_64, r-patched-linux-x86_64, r-release-linux-x86_64, r-release-macos-arm64, r-release-macos-x86_64, r-release-windows-x86_64
These binaries (installable software) and packages are in development.
They may not be fully stable and should be used with caution. We make no claims about them.
Health stats visible at Monitor.