Last updated on 2025-05-17 13:49:50 CEST.
Flavor | Version | Tinstall | Tcheck | Ttotal | Status | Flags |
---|---|---|---|---|---|---|
r-devel-linux-x86_64-debian-clang | 0.9.7.3.1 | 58.58 | 76.01 | 134.59 | NOTE | |
r-devel-linux-x86_64-debian-gcc | 0.9.7.3.1 | 39.40 | 55.57 | 94.97 | NOTE | |
r-devel-linux-x86_64-fedora-clang | 0.9.7.3.1 | 245.32 | NOTE | |||
r-devel-linux-x86_64-fedora-gcc | 0.9.7.3.1 | 284.29 | NOTE | |||
r-devel-windows-x86_64 | 0.9.7.3.1 | 74.00 | 124.00 | 198.00 | NOTE | |
r-patched-linux-x86_64 | 0.9.7.3.1 | 57.34 | 72.62 | 129.96 | NOTE | |
r-release-linux-x86_64 | 0.9.7.3.1 | 55.89 | 72.23 | 128.12 | NOTE | |
r-release-macos-arm64 | 0.9.7.3.1 | 63.00 | NOTE | |||
r-release-macos-x86_64 | 0.9.7.3.1 | 117.00 | NOTE | |||
r-release-windows-x86_64 | 0.9.7.3.1 | 74.00 | 113.00 | 187.00 | NOTE | |
r-oldrel-macos-arm64 | 0.9.7.3.1 | 66.00 | NOTE | |||
r-oldrel-macos-x86_64 | 0.9.7.3.1 | 94.00 | NOTE | |||
r-oldrel-windows-x86_64 | 0.9.7.3.1 | 82.00 | 135.00 | 217.00 | NOTE |
Version: 0.9.7.3.1
Check: CRAN incoming feasibility
Result: NOTE
Maintainer: ‘Ludovik Çoba <Ludovik.Coba@inf.unibz.it>’
Found the following URLs which should use \doi (with the DOI name only):
File ‘rrecsys.Rd’:
http://dx.doi.org/10.1109/MC.2009.263
Flavors: r-devel-linux-x86_64-debian-clang, r-devel-linux-x86_64-debian-gcc
Version: 0.9.7.3.1
Check: Rd files
Result: NOTE
checkRd: (-1) rrecsys.Rd:72: Lost braces; missing escapes or markup?
72 | The average deviation rating $dev_{ij}$ between co-rated items is defined by:
| ^
checkRd: (-1) rrecsys.Rd:76: Lost braces; missing escapes or markup?
76 | Where $c_{ij}$ is the number of co-ratings between items $i$ and $j$ and $r_{ui}$ is an existing rating for user $u$ on item $i$. The Weighted Slope One takes into account both, information from users who rated the same item and the number of observed ratings.
| ^
checkRd: (-1) rrecsys.Rd:76: Lost braces; missing escapes or markup?
76 | Where $c_{ij}$ is the number of co-ratings between items $i$ and $j$ and $r_{ui}$ is an existing rating for user $u$ on item $i$. The Weighted Slope One takes into account both, information from users who rated the same item and the number of observed ratings.
| ^
Flavors: r-devel-linux-x86_64-debian-clang, r-devel-linux-x86_64-debian-gcc, r-devel-linux-x86_64-fedora-clang, r-devel-linux-x86_64-fedora-gcc, r-devel-windows-x86_64, r-patched-linux-x86_64, r-release-linux-x86_64, r-release-macos-arm64, r-release-macos-x86_64, r-release-windows-x86_64, r-oldrel-macos-arm64, r-oldrel-macos-x86_64, r-oldrel-windows-x86_64
These binaries (installable software) and packages are in development.
They may not be fully stable and should be used with caution. We make no claims about them.
Health stats visible at Monitor.