Last updated on 2024-05-02 08:01:56 CEST.
Flavor | Version | Tinstall | Tcheck | Ttotal | Status | Flags |
---|---|---|---|---|---|---|
r-devel-linux-x86_64-debian-clang | 0.1.1 | 17.61 | 105.30 | 122.91 | ERROR | |
r-devel-linux-x86_64-debian-gcc | 0.1.1 | 10.71 | 78.73 | 89.44 | ERROR | |
r-devel-linux-x86_64-fedora-clang | 0.1.1 | 146.94 | ERROR | |||
r-devel-linux-x86_64-fedora-gcc | 0.1.1 | 106.53 | ERROR | |||
r-devel-windows-x86_64 | 0.1.1 | 15.00 | 120.00 | 135.00 | ERROR | |
r-patched-linux-x86_64 | 0.1.1 | 14.29 | 101.47 | 115.76 | ERROR | |
r-release-linux-x86_64 | 0.1.1 | 14.58 | 101.22 | 115.80 | ERROR | |
r-release-macos-arm64 | 0.1.1 | 95.00 | OK | |||
r-release-macos-x86_64 | 0.1.1 | 159.00 | OK | |||
r-release-windows-x86_64 | 0.1.1 | 16.00 | 123.00 | 139.00 | ERROR | |
r-oldrel-macos-arm64 | 0.1.1 | 96.00 | OK | |||
r-oldrel-macos-x86_64 | 0.1.1 | 163.00 | OK | |||
r-oldrel-windows-x86_64 | 0.1.1 | 18.00 | 136.00 | 154.00 | ERROR |
Version: 0.1.1
Check: tests
Result: ERROR
Running ‘testthat.R’ [26s/51s]
Running the tests in ‘tests/testthat.R’ failed.
Complete output:
> # This file is part of the standard setup for testthat.
> # It is recommended that you do not modify it.
> #
> # Where should you do additional test configuration?
> # Learn more about the roles of various files in:
> # * https://r-pkgs.org/tests.html
> # * https://testthat.r-lib.org/reference/test_package.html#special-files
>
> library(testthat)
> library(rqti)
>
> test_check("rqti")
[ FAIL 10 | WARN 86 | SKIP 1 | PASS 185 ]
══ Skipped tests (1) ═══════════════════════════════════════════════════════════
• On CRAN (1): 'test-api_opal.R:1:1'
══ Failed tests ════════════════════════════════════════════════════════════════
── Failure ('test-xml_verification.R:17:5'): XML validation with schema file for Order ──
validation[1] (`actual`) not equal to TRUE (`expected`).
`actual`: FALSE
`expected`: TRUE
── Failure ('test-xml_verification.R:46:5'): XML validation with schema file for Entry ──
validation[1] (`actual`) not equal to TRUE (`expected`).
`actual`: FALSE
`expected`: TRUE
── Failure ('test-xml_verification.R:84:5'): XML validation with schema file for Entry ──
validation[1] (`actual`) not equal to TRUE (`expected`).
`actual`: FALSE
`expected`: TRUE
── Failure ('test-xml_verification.R:100:5'): XML validation with schema file for SingleChoice ──
validation[1] (`actual`) not equal to TRUE (`expected`).
`actual`: FALSE
`expected`: TRUE
── Failure ('test-xml_verification.R:120:5'): XML validation with schema file for MultipleChoiceTable ──
validation[1] (`actual`) not equal to TRUE (`expected`).
`actual`: FALSE
`expected`: TRUE
── Failure ('test-xml_verification.R:136:5'): XML validation with schema file for MultipleChoice ──
validation[1] (`actual`) not equal to TRUE (`expected`).
`actual`: FALSE
`expected`: TRUE
── Failure ('test-xml_verification.R:151:5'): XML validation with schema file Essay ──
validation[1] (`actual`) not equal to TRUE (`expected`).
`actual`: FALSE
`expected`: TRUE
── Failure ('test-xml_verification.R:169:5'): XML validation with schema file for DirectedPair ──
validation[1] (`actual`) not equal to TRUE (`expected`).
`actual`: FALSE
`expected`: TRUE
── Failure ('test-xml_verification.R:188:5'): XML validation with schema file for OneInRowTable ──
validation[1] (`actual`) not equal to TRUE (`expected`).
`actual`: FALSE
`expected`: TRUE
── Failure ('test-xml_verification.R:207:5'): XML validation with schema file for OneInColTable ──
validation[1] (`actual`) not equal to TRUE (`expected`).
`actual`: FALSE
`expected`: TRUE
[ FAIL 10 | WARN 86 | SKIP 1 | PASS 185 ]
Error: Test failures
Execution halted
Flavor: r-devel-linux-x86_64-debian-clang
Version: 0.1.1
Check: tests
Result: ERROR
Running ‘testthat.R’ [19s/52s]
Running the tests in ‘tests/testthat.R’ failed.
Complete output:
> # This file is part of the standard setup for testthat.
> # It is recommended that you do not modify it.
> #
> # Where should you do additional test configuration?
> # Learn more about the roles of various files in:
> # * https://r-pkgs.org/tests.html
> # * https://testthat.r-lib.org/reference/test_package.html#special-files
>
> library(testthat)
> library(rqti)
>
> test_check("rqti")
[ FAIL 10 | WARN 86 | SKIP 1 | PASS 185 ]
══ Skipped tests (1) ═══════════════════════════════════════════════════════════
• On CRAN (1): 'test-api_opal.R:1:1'
══ Failed tests ════════════════════════════════════════════════════════════════
── Failure ('test-xml_verification.R:17:5'): XML validation with schema file for Order ──
validation[1] (`actual`) not equal to TRUE (`expected`).
`actual`: FALSE
`expected`: TRUE
── Failure ('test-xml_verification.R:46:5'): XML validation with schema file for Entry ──
validation[1] (`actual`) not equal to TRUE (`expected`).
`actual`: FALSE
`expected`: TRUE
── Failure ('test-xml_verification.R:84:5'): XML validation with schema file for Entry ──
validation[1] (`actual`) not equal to TRUE (`expected`).
`actual`: FALSE
`expected`: TRUE
── Failure ('test-xml_verification.R:100:5'): XML validation with schema file for SingleChoice ──
validation[1] (`actual`) not equal to TRUE (`expected`).
`actual`: FALSE
`expected`: TRUE
── Failure ('test-xml_verification.R:120:5'): XML validation with schema file for MultipleChoiceTable ──
validation[1] (`actual`) not equal to TRUE (`expected`).
`actual`: FALSE
`expected`: TRUE
── Failure ('test-xml_verification.R:136:5'): XML validation with schema file for MultipleChoice ──
validation[1] (`actual`) not equal to TRUE (`expected`).
`actual`: FALSE
`expected`: TRUE
── Failure ('test-xml_verification.R:151:5'): XML validation with schema file Essay ──
validation[1] (`actual`) not equal to TRUE (`expected`).
`actual`: FALSE
`expected`: TRUE
── Failure ('test-xml_verification.R:169:5'): XML validation with schema file for DirectedPair ──
validation[1] (`actual`) not equal to TRUE (`expected`).
`actual`: FALSE
`expected`: TRUE
── Failure ('test-xml_verification.R:188:5'): XML validation with schema file for OneInRowTable ──
validation[1] (`actual`) not equal to TRUE (`expected`).
`actual`: FALSE
`expected`: TRUE
── Failure ('test-xml_verification.R:207:5'): XML validation with schema file for OneInColTable ──
validation[1] (`actual`) not equal to TRUE (`expected`).
`actual`: FALSE
`expected`: TRUE
[ FAIL 10 | WARN 86 | SKIP 1 | PASS 185 ]
Error: Test failures
Execution halted
Flavor: r-devel-linux-x86_64-debian-gcc
Version: 0.1.1
Check: tests
Result: ERROR
Running ‘testthat.R’ [30s/49s]
Running the tests in ‘tests/testthat.R’ failed.
Complete output:
> # This file is part of the standard setup for testthat.
> # It is recommended that you do not modify it.
> #
> # Where should you do additional test configuration?
> # Learn more about the roles of various files in:
> # * https://r-pkgs.org/tests.html
> # * https://testthat.r-lib.org/reference/test_package.html#special-files
>
> library(testthat)
> library(rqti)
>
> test_check("rqti")
[ FAIL 10 | WARN 86 | SKIP 1 | PASS 185 ]
══ Skipped tests (1) ═══════════════════════════════════════════════════════════
• On CRAN (1): 'test-api_opal.R:1:1'
══ Failed tests ════════════════════════════════════════════════════════════════
── Failure ('test-xml_verification.R:17:5'): XML validation with schema file for Order ──
validation[1] (`actual`) not equal to TRUE (`expected`).
`actual`: FALSE
`expected`: TRUE
── Failure ('test-xml_verification.R:46:5'): XML validation with schema file for Entry ──
validation[1] (`actual`) not equal to TRUE (`expected`).
`actual`: FALSE
`expected`: TRUE
── Failure ('test-xml_verification.R:84:5'): XML validation with schema file for Entry ──
validation[1] (`actual`) not equal to TRUE (`expected`).
`actual`: FALSE
`expected`: TRUE
── Failure ('test-xml_verification.R:100:5'): XML validation with schema file for SingleChoice ──
validation[1] (`actual`) not equal to TRUE (`expected`).
`actual`: FALSE
`expected`: TRUE
── Failure ('test-xml_verification.R:120:5'): XML validation with schema file for MultipleChoiceTable ──
validation[1] (`actual`) not equal to TRUE (`expected`).
`actual`: FALSE
`expected`: TRUE
── Failure ('test-xml_verification.R:136:5'): XML validation with schema file for MultipleChoice ──
validation[1] (`actual`) not equal to TRUE (`expected`).
`actual`: FALSE
`expected`: TRUE
── Failure ('test-xml_verification.R:151:5'): XML validation with schema file Essay ──
validation[1] (`actual`) not equal to TRUE (`expected`).
`actual`: FALSE
`expected`: TRUE
── Failure ('test-xml_verification.R:169:5'): XML validation with schema file for DirectedPair ──
validation[1] (`actual`) not equal to TRUE (`expected`).
`actual`: FALSE
`expected`: TRUE
── Failure ('test-xml_verification.R:188:5'): XML validation with schema file for OneInRowTable ──
validation[1] (`actual`) not equal to TRUE (`expected`).
`actual`: FALSE
`expected`: TRUE
── Failure ('test-xml_verification.R:207:5'): XML validation with schema file for OneInColTable ──
validation[1] (`actual`) not equal to TRUE (`expected`).
`actual`: FALSE
`expected`: TRUE
[ FAIL 10 | WARN 86 | SKIP 1 | PASS 185 ]
Error: Test failures
Execution halted
Flavor: r-devel-linux-x86_64-fedora-clang
Version: 0.1.1
Check: tests
Result: ERROR
Running ‘testthat.R’ [23s/31s]
Running the tests in ‘tests/testthat.R’ failed.
Complete output:
> # This file is part of the standard setup for testthat.
> # It is recommended that you do not modify it.
> #
> # Where should you do additional test configuration?
> # Learn more about the roles of various files in:
> # * https://r-pkgs.org/tests.html
> # * https://testthat.r-lib.org/reference/test_package.html#special-files
>
> library(testthat)
> library(rqti)
>
> test_check("rqti")
[ FAIL 10 | WARN 86 | SKIP 1 | PASS 185 ]
══ Skipped tests (1) ═══════════════════════════════════════════════════════════
• On CRAN (1): 'test-api_opal.R:1:1'
══ Failed tests ════════════════════════════════════════════════════════════════
── Failure ('test-xml_verification.R:17:5'): XML validation with schema file for Order ──
validation[1] (`actual`) not equal to TRUE (`expected`).
`actual`: FALSE
`expected`: TRUE
── Failure ('test-xml_verification.R:46:5'): XML validation with schema file for Entry ──
validation[1] (`actual`) not equal to TRUE (`expected`).
`actual`: FALSE
`expected`: TRUE
── Failure ('test-xml_verification.R:84:5'): XML validation with schema file for Entry ──
validation[1] (`actual`) not equal to TRUE (`expected`).
`actual`: FALSE
`expected`: TRUE
── Failure ('test-xml_verification.R:100:5'): XML validation with schema file for SingleChoice ──
validation[1] (`actual`) not equal to TRUE (`expected`).
`actual`: FALSE
`expected`: TRUE
── Failure ('test-xml_verification.R:120:5'): XML validation with schema file for MultipleChoiceTable ──
validation[1] (`actual`) not equal to TRUE (`expected`).
`actual`: FALSE
`expected`: TRUE
── Failure ('test-xml_verification.R:136:5'): XML validation with schema file for MultipleChoice ──
validation[1] (`actual`) not equal to TRUE (`expected`).
`actual`: FALSE
`expected`: TRUE
── Failure ('test-xml_verification.R:151:5'): XML validation with schema file Essay ──
validation[1] (`actual`) not equal to TRUE (`expected`).
`actual`: FALSE
`expected`: TRUE
── Failure ('test-xml_verification.R:169:5'): XML validation with schema file for DirectedPair ──
validation[1] (`actual`) not equal to TRUE (`expected`).
`actual`: FALSE
`expected`: TRUE
── Failure ('test-xml_verification.R:188:5'): XML validation with schema file for OneInRowTable ──
validation[1] (`actual`) not equal to TRUE (`expected`).
`actual`: FALSE
`expected`: TRUE
── Failure ('test-xml_verification.R:207:5'): XML validation with schema file for OneInColTable ──
validation[1] (`actual`) not equal to TRUE (`expected`).
`actual`: FALSE
`expected`: TRUE
[ FAIL 10 | WARN 86 | SKIP 1 | PASS 185 ]
Error: Test failures
Execution halted
Flavor: r-devel-linux-x86_64-fedora-gcc
Version: 0.1.1
Check: tests
Result: ERROR
Running 'testthat.R' [37s]
Running the tests in 'tests/testthat.R' failed.
Complete output:
> # This file is part of the standard setup for testthat.
> # It is recommended that you do not modify it.
> #
> # Where should you do additional test configuration?
> # Learn more about the roles of various files in:
> # * https://r-pkgs.org/tests.html
> # * https://testthat.r-lib.org/reference/test_package.html#special-files
>
> library(testthat)
> library(rqti)
>
> test_check("rqti")
[ FAIL 10 | WARN 86 | SKIP 1 | PASS 185 ]
══ Skipped tests (1) ═══════════════════════════════════════════════════════════
• On CRAN (1): 'test-api_opal.R:1:1'
══ Failed tests ════════════════════════════════════════════════════════════════
── Failure ('test-xml_verification.R:17:5'): XML validation with schema file for Order ──
validation[1] (`actual`) not equal to TRUE (`expected`).
`actual`: FALSE
`expected`: TRUE
── Failure ('test-xml_verification.R:46:5'): XML validation with schema file for Entry ──
validation[1] (`actual`) not equal to TRUE (`expected`).
`actual`: FALSE
`expected`: TRUE
── Failure ('test-xml_verification.R:84:5'): XML validation with schema file for Entry ──
validation[1] (`actual`) not equal to TRUE (`expected`).
`actual`: FALSE
`expected`: TRUE
── Failure ('test-xml_verification.R:100:5'): XML validation with schema file for SingleChoice ──
validation[1] (`actual`) not equal to TRUE (`expected`).
`actual`: FALSE
`expected`: TRUE
── Failure ('test-xml_verification.R:120:5'): XML validation with schema file for MultipleChoiceTable ──
validation[1] (`actual`) not equal to TRUE (`expected`).
`actual`: FALSE
`expected`: TRUE
── Failure ('test-xml_verification.R:136:5'): XML validation with schema file for MultipleChoice ──
validation[1] (`actual`) not equal to TRUE (`expected`).
`actual`: FALSE
`expected`: TRUE
── Failure ('test-xml_verification.R:151:5'): XML validation with schema file Essay ──
validation[1] (`actual`) not equal to TRUE (`expected`).
`actual`: FALSE
`expected`: TRUE
── Failure ('test-xml_verification.R:169:5'): XML validation with schema file for DirectedPair ──
validation[1] (`actual`) not equal to TRUE (`expected`).
`actual`: FALSE
`expected`: TRUE
── Failure ('test-xml_verification.R:188:5'): XML validation with schema file for OneInRowTable ──
validation[1] (`actual`) not equal to TRUE (`expected`).
`actual`: FALSE
`expected`: TRUE
── Failure ('test-xml_verification.R:207:5'): XML validation with schema file for OneInColTable ──
validation[1] (`actual`) not equal to TRUE (`expected`).
`actual`: FALSE
`expected`: TRUE
[ FAIL 10 | WARN 86 | SKIP 1 | PASS 185 ]
Error: Test failures
Execution halted
Flavor: r-devel-windows-x86_64
Version: 0.1.1
Check: tests
Result: ERROR
Running ‘testthat.R’ [25s/49s]
Running the tests in ‘tests/testthat.R’ failed.
Complete output:
> # This file is part of the standard setup for testthat.
> # It is recommended that you do not modify it.
> #
> # Where should you do additional test configuration?
> # Learn more about the roles of various files in:
> # * https://r-pkgs.org/tests.html
> # * https://testthat.r-lib.org/reference/test_package.html#special-files
>
> library(testthat)
> library(rqti)
>
> test_check("rqti")
[ FAIL 10 | WARN 86 | SKIP 1 | PASS 185 ]
══ Skipped tests (1) ═══════════════════════════════════════════════════════════
• On CRAN (1): 'test-api_opal.R:1:1'
══ Failed tests ════════════════════════════════════════════════════════════════
── Failure ('test-xml_verification.R:17:5'): XML validation with schema file for Order ──
validation[1] (`actual`) not equal to TRUE (`expected`).
`actual`: FALSE
`expected`: TRUE
── Failure ('test-xml_verification.R:46:5'): XML validation with schema file for Entry ──
validation[1] (`actual`) not equal to TRUE (`expected`).
`actual`: FALSE
`expected`: TRUE
── Failure ('test-xml_verification.R:84:5'): XML validation with schema file for Entry ──
validation[1] (`actual`) not equal to TRUE (`expected`).
`actual`: FALSE
`expected`: TRUE
── Failure ('test-xml_verification.R:100:5'): XML validation with schema file for SingleChoice ──
validation[1] (`actual`) not equal to TRUE (`expected`).
`actual`: FALSE
`expected`: TRUE
── Failure ('test-xml_verification.R:120:5'): XML validation with schema file for MultipleChoiceTable ──
validation[1] (`actual`) not equal to TRUE (`expected`).
`actual`: FALSE
`expected`: TRUE
── Failure ('test-xml_verification.R:136:5'): XML validation with schema file for MultipleChoice ──
validation[1] (`actual`) not equal to TRUE (`expected`).
`actual`: FALSE
`expected`: TRUE
── Failure ('test-xml_verification.R:151:5'): XML validation with schema file Essay ──
validation[1] (`actual`) not equal to TRUE (`expected`).
`actual`: FALSE
`expected`: TRUE
── Failure ('test-xml_verification.R:169:5'): XML validation with schema file for DirectedPair ──
validation[1] (`actual`) not equal to TRUE (`expected`).
`actual`: FALSE
`expected`: TRUE
── Failure ('test-xml_verification.R:188:5'): XML validation with schema file for OneInRowTable ──
validation[1] (`actual`) not equal to TRUE (`expected`).
`actual`: FALSE
`expected`: TRUE
── Failure ('test-xml_verification.R:207:5'): XML validation with schema file for OneInColTable ──
validation[1] (`actual`) not equal to TRUE (`expected`).
`actual`: FALSE
`expected`: TRUE
[ FAIL 10 | WARN 86 | SKIP 1 | PASS 185 ]
Error: Test failures
Execution halted
Flavor: r-patched-linux-x86_64
Version: 0.1.1
Check: tests
Result: ERROR
Running ‘testthat.R’ [25s/47s]
Running the tests in ‘tests/testthat.R’ failed.
Complete output:
> # This file is part of the standard setup for testthat.
> # It is recommended that you do not modify it.
> #
> # Where should you do additional test configuration?
> # Learn more about the roles of various files in:
> # * https://r-pkgs.org/tests.html
> # * https://testthat.r-lib.org/reference/test_package.html#special-files
>
> library(testthat)
> library(rqti)
>
> test_check("rqti")
[ FAIL 10 | WARN 86 | SKIP 1 | PASS 185 ]
══ Skipped tests (1) ═══════════════════════════════════════════════════════════
• On CRAN (1): 'test-api_opal.R:1:1'
══ Failed tests ════════════════════════════════════════════════════════════════
── Failure ('test-xml_verification.R:17:5'): XML validation with schema file for Order ──
validation[1] (`actual`) not equal to TRUE (`expected`).
`actual`: FALSE
`expected`: TRUE
── Failure ('test-xml_verification.R:46:5'): XML validation with schema file for Entry ──
validation[1] (`actual`) not equal to TRUE (`expected`).
`actual`: FALSE
`expected`: TRUE
── Failure ('test-xml_verification.R:84:5'): XML validation with schema file for Entry ──
validation[1] (`actual`) not equal to TRUE (`expected`).
`actual`: FALSE
`expected`: TRUE
── Failure ('test-xml_verification.R:100:5'): XML validation with schema file for SingleChoice ──
validation[1] (`actual`) not equal to TRUE (`expected`).
`actual`: FALSE
`expected`: TRUE
── Failure ('test-xml_verification.R:120:5'): XML validation with schema file for MultipleChoiceTable ──
validation[1] (`actual`) not equal to TRUE (`expected`).
`actual`: FALSE
`expected`: TRUE
── Failure ('test-xml_verification.R:136:5'): XML validation with schema file for MultipleChoice ──
validation[1] (`actual`) not equal to TRUE (`expected`).
`actual`: FALSE
`expected`: TRUE
── Failure ('test-xml_verification.R:151:5'): XML validation with schema file Essay ──
validation[1] (`actual`) not equal to TRUE (`expected`).
`actual`: FALSE
`expected`: TRUE
── Failure ('test-xml_verification.R:169:5'): XML validation with schema file for DirectedPair ──
validation[1] (`actual`) not equal to TRUE (`expected`).
`actual`: FALSE
`expected`: TRUE
── Failure ('test-xml_verification.R:188:5'): XML validation with schema file for OneInRowTable ──
validation[1] (`actual`) not equal to TRUE (`expected`).
`actual`: FALSE
`expected`: TRUE
── Failure ('test-xml_verification.R:207:5'): XML validation with schema file for OneInColTable ──
validation[1] (`actual`) not equal to TRUE (`expected`).
`actual`: FALSE
`expected`: TRUE
[ FAIL 10 | WARN 86 | SKIP 1 | PASS 185 ]
Error: Test failures
Execution halted
Flavor: r-release-linux-x86_64
Version: 0.1.1
Check: tests
Result: ERROR
Running 'testthat.R' [36s]
Running the tests in 'tests/testthat.R' failed.
Complete output:
> # This file is part of the standard setup for testthat.
> # It is recommended that you do not modify it.
> #
> # Where should you do additional test configuration?
> # Learn more about the roles of various files in:
> # * https://r-pkgs.org/tests.html
> # * https://testthat.r-lib.org/reference/test_package.html#special-files
>
> library(testthat)
> library(rqti)
>
> test_check("rqti")
[ FAIL 10 | WARN 86 | SKIP 1 | PASS 185 ]
══ Skipped tests (1) ═══════════════════════════════════════════════════════════
• On CRAN (1): 'test-api_opal.R:1:1'
══ Failed tests ════════════════════════════════════════════════════════════════
── Failure ('test-xml_verification.R:17:5'): XML validation with schema file for Order ──
validation[1] (`actual`) not equal to TRUE (`expected`).
`actual`: FALSE
`expected`: TRUE
── Failure ('test-xml_verification.R:46:5'): XML validation with schema file for Entry ──
validation[1] (`actual`) not equal to TRUE (`expected`).
`actual`: FALSE
`expected`: TRUE
── Failure ('test-xml_verification.R:84:5'): XML validation with schema file for Entry ──
validation[1] (`actual`) not equal to TRUE (`expected`).
`actual`: FALSE
`expected`: TRUE
── Failure ('test-xml_verification.R:100:5'): XML validation with schema file for SingleChoice ──
validation[1] (`actual`) not equal to TRUE (`expected`).
`actual`: FALSE
`expected`: TRUE
── Failure ('test-xml_verification.R:120:5'): XML validation with schema file for MultipleChoiceTable ──
validation[1] (`actual`) not equal to TRUE (`expected`).
`actual`: FALSE
`expected`: TRUE
── Failure ('test-xml_verification.R:136:5'): XML validation with schema file for MultipleChoice ──
validation[1] (`actual`) not equal to TRUE (`expected`).
`actual`: FALSE
`expected`: TRUE
── Failure ('test-xml_verification.R:151:5'): XML validation with schema file Essay ──
validation[1] (`actual`) not equal to TRUE (`expected`).
`actual`: FALSE
`expected`: TRUE
── Failure ('test-xml_verification.R:169:5'): XML validation with schema file for DirectedPair ──
validation[1] (`actual`) not equal to TRUE (`expected`).
`actual`: FALSE
`expected`: TRUE
── Failure ('test-xml_verification.R:188:5'): XML validation with schema file for OneInRowTable ──
validation[1] (`actual`) not equal to TRUE (`expected`).
`actual`: FALSE
`expected`: TRUE
── Failure ('test-xml_verification.R:207:5'): XML validation with schema file for OneInColTable ──
validation[1] (`actual`) not equal to TRUE (`expected`).
`actual`: FALSE
`expected`: TRUE
[ FAIL 10 | WARN 86 | SKIP 1 | PASS 185 ]
Error: Test failures
Execution halted
Flavor: r-release-windows-x86_64
Version: 0.1.1
Check: tests
Result: ERROR
Running 'testthat.R' [38s]
Running the tests in 'tests/testthat.R' failed.
Complete output:
> # This file is part of the standard setup for testthat.
> # It is recommended that you do not modify it.
> #
> # Where should you do additional test configuration?
> # Learn more about the roles of various files in:
> # * https://r-pkgs.org/tests.html
> # * https://testthat.r-lib.org/reference/test_package.html#special-files
>
> library(testthat)
> library(rqti)
>
> test_check("rqti")
[ FAIL 10 | WARN 86 | SKIP 1 | PASS 185 ]
══ Skipped tests (1) ═══════════════════════════════════════════════════════════
• On CRAN (1): 'test-api_opal.R:1:1'
══ Failed tests ════════════════════════════════════════════════════════════════
── Failure ('test-xml_verification.R:17:5'): XML validation with schema file for Order ──
validation[1] (`actual`) not equal to TRUE (`expected`).
`actual`: FALSE
`expected`: TRUE
── Failure ('test-xml_verification.R:46:5'): XML validation with schema file for Entry ──
validation[1] (`actual`) not equal to TRUE (`expected`).
`actual`: FALSE
`expected`: TRUE
── Failure ('test-xml_verification.R:84:5'): XML validation with schema file for Entry ──
validation[1] (`actual`) not equal to TRUE (`expected`).
`actual`: FALSE
`expected`: TRUE
── Failure ('test-xml_verification.R:100:5'): XML validation with schema file for SingleChoice ──
validation[1] (`actual`) not equal to TRUE (`expected`).
`actual`: FALSE
`expected`: TRUE
── Failure ('test-xml_verification.R:120:5'): XML validation with schema file for MultipleChoiceTable ──
validation[1] (`actual`) not equal to TRUE (`expected`).
`actual`: FALSE
`expected`: TRUE
── Failure ('test-xml_verification.R:136:5'): XML validation with schema file for MultipleChoice ──
validation[1] (`actual`) not equal to TRUE (`expected`).
`actual`: FALSE
`expected`: TRUE
── Failure ('test-xml_verification.R:151:5'): XML validation with schema file Essay ──
validation[1] (`actual`) not equal to TRUE (`expected`).
`actual`: FALSE
`expected`: TRUE
── Failure ('test-xml_verification.R:169:5'): XML validation with schema file for DirectedPair ──
validation[1] (`actual`) not equal to TRUE (`expected`).
`actual`: FALSE
`expected`: TRUE
── Failure ('test-xml_verification.R:188:5'): XML validation with schema file for OneInRowTable ──
validation[1] (`actual`) not equal to TRUE (`expected`).
`actual`: FALSE
`expected`: TRUE
── Failure ('test-xml_verification.R:207:5'): XML validation with schema file for OneInColTable ──
validation[1] (`actual`) not equal to TRUE (`expected`).
`actual`: FALSE
`expected`: TRUE
[ FAIL 10 | WARN 86 | SKIP 1 | PASS 185 ]
Error: Test failures
Execution halted
Flavor: r-oldrel-windows-x86_64
These binaries (installable software) and packages are in development.
They may not be fully stable and should be used with caution. We make no claims about them.
Health stats visible at Monitor.