CRAN Package Check Results for Package rpanel

Last updated on 2025-05-17 09:49:22 CEST.

Flavor Version Tinstall Tcheck Ttotal Status Flags
r-devel-linux-x86_64-debian-clang 1.1-5.2 13.95 67.52 81.47 NOTE
r-devel-linux-x86_64-debian-gcc 1.1-5.2 11.71 49.64 61.35 NOTE
r-devel-linux-x86_64-fedora-clang 1.1-5.2 141.03 NOTE
r-devel-linux-x86_64-fedora-gcc 1.1-5.2 138.76 NOTE
r-devel-windows-x86_64 1.1-5.2 13.00 80.00 93.00 NOTE
r-patched-linux-x86_64 1.1-5.2 15.49 64.27 79.76 NOTE
r-release-linux-x86_64 1.1-5.2 13.39 63.70 77.09 NOTE
r-release-macos-arm64 1.1-5.2 72.00 NOTE
r-release-macos-x86_64 1.1-5.2 74.00 NOTE
r-release-windows-x86_64 1.1-5.2 12.00 83.00 95.00 NOTE
r-oldrel-macos-arm64 1.1-5.2 53.00 NOTE
r-oldrel-macos-x86_64 1.1-5.2 101.00 NOTE
r-oldrel-windows-x86_64 1.1-5.2 13.00 92.00 105.00 NOTE

Check Details

Version: 1.1-5.2
Check: CRAN incoming feasibility
Result: NOTE Maintainer: ‘Adrian Bowman <adrian.bowman@glasgow.ac.uk>’ No Authors@R field in DESCRIPTION. Please add one, modifying Authors@R: c(person(family = "Bowman", role = "aut"), person(family = "Bowman", role = "aut"), person(family = "Gibson", role = "aut"), person(family = "Crawford", role = "aut"), person(given = "Adrian", family = "Bowman", role = "cre", email = "adrian.bowman@glasgow.ac.uk")) as necessary. Package CITATION file contains call(s) to old-style personList() or as.personList(). Please use c() on person objects instead. Package CITATION file contains call(s) to old-style citEntry(). Please use bibentry() instead. Flavors: r-devel-linux-x86_64-debian-clang, r-devel-linux-x86_64-debian-gcc

Version: 1.1-5.2
Check: Rd files
Result: NOTE checkRd: (-1) Clyde.Rd:8: Lost braces 8 | These data record the water quality, in terms of dissolved oxygen (\code{DO}) on a percentage scale, at a number of sampling stations (\code{Station}) on the River Clyde. The date (\code{Day}, \\code{Month}, \code{Year}) is also available, along with the day of the year (\code{Doy} between 1 and 365) and an identified (\code{id}) of the survey on which each measurement was made. | ^ checkRd: (-1) rp.pos.Rd:22-24: Lost braces in \itemize; meant \describe ? checkRd: (-1) rp.pos.Rd:25-27: Lost braces in \itemize; meant \describe ? checkRd: (-1) rp.pos.Rd:28-30: Lost braces in \itemize; meant \describe ? checkRd: (-1) rp.pos.Rd:31-49: Lost braces in \itemize; meant \describe ? checkRd: (-1) rp.pos.Rd:35: Lost braces in \itemize; meant \describe ? checkRd: (-1) rp.pos.Rd:36: Lost braces in \itemize; meant \describe ? checkRd: (-1) rp.pos.Rd:37: Lost braces in \itemize; meant \describe ? checkRd: (-1) rp.pos.Rd:38: Lost braces in \itemize; meant \describe ? checkRd: (-1) rp.pos.Rd:39: Lost braces in \itemize; meant \describe ? checkRd: (-1) rp.pos.Rd:40: Lost braces in \itemize; meant \describe ? checkRd: (-1) rp.pos.Rd:41: Lost braces in \itemize; meant \describe ? checkRd: (-1) rp.pos.Rd:42: Lost braces in \itemize; meant \describe ? checkRd: (-1) rp.pos.Rd:43: Lost braces in \itemize; meant \describe ? Flavors: r-devel-linux-x86_64-debian-clang, r-devel-linux-x86_64-debian-gcc, r-devel-linux-x86_64-fedora-clang, r-devel-linux-x86_64-fedora-gcc, r-devel-windows-x86_64, r-patched-linux-x86_64, r-release-linux-x86_64, r-release-macos-arm64, r-release-macos-x86_64, r-release-windows-x86_64, r-oldrel-macos-arm64, r-oldrel-macos-x86_64, r-oldrel-windows-x86_64

Version: 1.1-5.2
Check: package dependencies
Result: NOTE Package suggested but not available for checking: ‘RandomFields’ Flavors: r-oldrel-macos-arm64, r-oldrel-macos-x86_64, r-oldrel-windows-x86_64

These binaries (installable software) and packages are in development.
They may not be fully stable and should be used with caution. We make no claims about them.
Health stats visible at Monitor.