Last updated on 2025-02-02 07:50:24 CET.
Flavor | Version | Tinstall | Tcheck | Ttotal | Status | Flags |
---|---|---|---|---|---|---|
r-devel-linux-x86_64-debian-clang | 0.3.2 | 5.52 | 48.08 | 53.60 | NOTE | |
r-devel-linux-x86_64-debian-gcc | 0.3.2 | 3.43 | 35.51 | 38.94 | NOTE | |
r-devel-linux-x86_64-fedora-clang | 0.3.2 | 87.43 | NOTE | |||
r-devel-linux-x86_64-fedora-gcc | 0.3.2 | 94.89 | NOTE | |||
r-devel-windows-x86_64 | 0.3.2 | 7.00 | 71.00 | 78.00 | NOTE | |
r-patched-linux-x86_64 | 0.3.2 | 6.06 | 44.54 | 50.60 | NOTE | |
r-release-linux-x86_64 | 0.3.2 | 5.36 | 44.18 | 49.54 | NOTE | |
r-release-macos-arm64 | 0.3.2 | 35.00 | NOTE | |||
r-release-macos-x86_64 | 0.3.2 | 76.00 | NOTE | |||
r-release-windows-x86_64 | 0.3.2 | 8.00 | 69.00 | 77.00 | NOTE | |
r-oldrel-macos-arm64 | 0.3.2 | 33.00 | OK | |||
r-oldrel-macos-x86_64 | 0.3.2 | 87.00 | OK | |||
r-oldrel-windows-x86_64 | 0.3.2 | 9.00 | 75.00 | 84.00 | OK |
Version: 0.3.2
Check: Rd files
Result: NOTE
checkRd: (-1) read_ascii.Rd:33: Lost braces
33 | \item{respondent_pattern}{For use when the file does not contain a line for every card for every respondent (or contains extra lines that correspond to no respondent), a regular expression that matches the file's respondent identifier; e.g., if the respondent number is stored in the first four digits of each line, preceded by a space, "(?<=^\\s)\\d{4}".}
| ^
Flavors: r-devel-linux-x86_64-debian-clang, r-devel-linux-x86_64-debian-gcc, r-devel-linux-x86_64-fedora-clang, r-devel-linux-x86_64-fedora-gcc, r-devel-windows-x86_64, r-patched-linux-x86_64, r-release-linux-x86_64, r-release-macos-arm64, r-release-macos-x86_64, r-release-windows-x86_64
These binaries (installable software) and packages are in development.
They may not be fully stable and should be used with caution. We make no claims about them.
Health stats visible at Monitor.