CRAN Package Check Results for Package rockchalk

Last updated on 2025-07-17 21:50:58 CEST.

Flavor Version Tinstall Tcheck Ttotal Status Flags
r-devel-linux-x86_64-debian-clang 1.8.157 15.19 170.71 185.90 NOTE
r-devel-linux-x86_64-debian-gcc 1.8.157 8.84 123.12 131.96 NOTE
r-devel-linux-x86_64-fedora-clang 1.8.157 279.56 NOTE
r-devel-linux-x86_64-fedora-gcc 1.8.157 286.47 NOTE
r-devel-windows-x86_64 1.8.157 16.00 269.00 285.00 NOTE
r-patched-linux-x86_64 1.8.157 15.61 165.57 181.18 NOTE
r-release-linux-x86_64 1.8.157 13.83 165.62 179.45 NOTE
r-release-macos-arm64 1.8.157 120.00 NOTE
r-release-macos-x86_64 1.8.157 216.00 NOTE
r-release-windows-x86_64 1.8.157 15.00 271.00 286.00 NOTE
r-oldrel-macos-arm64 1.8.157 103.00 NOTE
r-oldrel-macos-x86_64 1.8.157 141.00 NOTE
r-oldrel-windows-x86_64 1.8.157 21.00 303.00 324.00 NOTE

Check Details

Version: 1.8.157
Check: Rd files
Result: NOTE checkRd: (-1) descriptiveTable.Rd:18: Lost braces 18 | other object type that does not fail in code{model.frame(object)}.} | ^ Flavors: r-devel-linux-x86_64-debian-clang, r-devel-linux-x86_64-debian-gcc, r-devel-linux-x86_64-fedora-clang, r-devel-linux-x86_64-fedora-gcc, r-devel-windows-x86_64, r-patched-linux-x86_64, r-release-linux-x86_64, r-release-macos-arm64, r-release-macos-x86_64, r-release-windows-x86_64, r-oldrel-macos-arm64, r-oldrel-macos-x86_64, r-oldrel-windows-x86_64

These binaries (installable software) and packages are in development.
They may not be fully stable and should be used with caution. We make no claims about them.
Health stats visible at Monitor.