Last updated on 2025-05-15 07:49:50 CEST.
Flavor | Version | Tinstall | Tcheck | Ttotal | Status | Flags |
---|---|---|---|---|---|---|
r-devel-linux-x86_64-debian-clang | 1.8.157 | 14.39 | 171.46 | 185.85 | NOTE | |
r-devel-linux-x86_64-debian-gcc | 1.8.157 | 9.41 | 125.66 | 135.07 | NOTE | |
r-devel-linux-x86_64-fedora-clang | 1.8.157 | 309.98 | NOTE | |||
r-devel-linux-x86_64-fedora-gcc | 1.8.157 | 311.84 | NOTE | |||
r-devel-windows-x86_64 | 1.8.157 | 14.00 | 271.00 | 285.00 | NOTE | |
r-patched-linux-x86_64 | 1.8.157 | 14.56 | 166.00 | 180.56 | NOTE | |
r-release-linux-x86_64 | 1.8.157 | 13.02 | 163.35 | 176.37 | NOTE | |
r-release-macos-arm64 | 1.8.157 | NOTE | ||||
r-release-macos-x86_64 | 1.8.157 | 216.00 | NOTE | |||
r-release-windows-x86_64 | 1.8.157 | 16.00 | 269.00 | 285.00 | NOTE | |
r-oldrel-macos-arm64 | 1.8.157 | 103.00 | NOTE | |||
r-oldrel-macos-x86_64 | 1.8.157 | 141.00 | NOTE | |||
r-oldrel-windows-x86_64 | 1.8.157 | 19.00 | 304.00 | 323.00 | NOTE |
Version: 1.8.157
Check: Rd files
Result: NOTE
checkRd: (-1) descriptiveTable.Rd:18: Lost braces
18 | other object type that does not fail in code{model.frame(object)}.}
| ^
Flavors: r-devel-linux-x86_64-debian-clang, r-devel-linux-x86_64-debian-gcc, r-devel-linux-x86_64-fedora-clang, r-devel-linux-x86_64-fedora-gcc, r-devel-windows-x86_64, r-patched-linux-x86_64, r-release-linux-x86_64, r-release-macos-arm64, r-release-macos-x86_64, r-release-windows-x86_64, r-oldrel-macos-arm64, r-oldrel-macos-x86_64, r-oldrel-windows-x86_64
These binaries (installable software) and packages are in development.
They may not be fully stable and should be used with caution. We make no claims about them.
Health stats visible at Monitor.