CRAN Package Check Results for Package roccv

Last updated on 2025-05-15 09:52:41 CEST.

Flavor Version Tinstall Tcheck Ttotal Status Flags
r-devel-linux-x86_64-debian-clang 1.2 7.15 56.05 63.20 NOTE
r-devel-linux-x86_64-debian-gcc 1.2 5.22 43.29 48.51 NOTE
r-devel-linux-x86_64-fedora-clang 1.2 97.16 OK
r-devel-linux-x86_64-fedora-gcc 1.2 93.60 OK
r-devel-windows-x86_64 1.2 7.00 74.00 81.00 OK
r-patched-linux-x86_64 1.2 6.71 53.60 60.31 OK
r-release-linux-x86_64 1.2 6.88 54.03 60.91 OK
r-release-macos-arm64 1.2 38.00 OK
r-release-macos-x86_64 1.2 71.00 OK
r-release-windows-x86_64 1.2 8.00 74.00 82.00 OK
r-oldrel-macos-arm64 1.2 30.00 OK
r-oldrel-macos-x86_64 1.2 56.00 OK
r-oldrel-windows-x86_64 1.2 10.00 90.00 100.00 OK

Check Details

Version: 1.2
Check: CRAN incoming feasibility
Result: NOTE Maintainer: ‘Ben Sherwood <ben.sherwood@ku.edu>’ No Authors@R field in DESCRIPTION. Please add one, modifying Authors@R: person(given = "Ben", family = "Sherwood", role = c("aut", "cre"), email = "ben.sherwood@ku.edu") as necessary. Flavors: r-devel-linux-x86_64-debian-clang, r-devel-linux-x86_64-debian-gcc

These binaries (installable software) and packages are in development.
They may not be fully stable and should be used with caution. We make no claims about them.
Health stats visible at Monitor.