Last updated on 2024-05-02 08:01:56 CEST.
Flavor | Version | Tinstall | Tcheck | Ttotal | Status | Flags |
---|---|---|---|---|---|---|
r-devel-linux-x86_64-debian-clang | 0.7.13 | 3.39 | 43.83 | 47.22 | ERROR | |
r-devel-linux-x86_64-debian-gcc | 0.7.13 | 2.56 | 35.83 | 38.39 | NOTE | |
r-devel-linux-x86_64-fedora-clang | 0.7.13 | 63.56 | NOTE | |||
r-devel-linux-x86_64-fedora-gcc | 0.7.13 | 73.92 | NOTE | |||
r-devel-windows-x86_64 | 0.7.13 | 4.00 | 62.00 | 66.00 | NOTE | |
r-patched-linux-x86_64 | 0.7.13 | 4.00 | 45.34 | 49.34 | NOTE | |
r-release-linux-x86_64 | 0.7.13 | 2.56 | 42.33 | 44.89 | ERROR | |
r-release-macos-arm64 | 0.7.13 | 30.00 | NOTE | |||
r-release-windows-x86_64 | 0.7.13 | 4.00 | 60.00 | 64.00 | NOTE | |
r-oldrel-macos-arm64 | 0.7.13 | 31.00 | NOTE | |||
r-oldrel-macos-x86_64 | 0.7.13 | 45.00 | NOTE | |||
r-oldrel-windows-x86_64 | 0.7.13 | 5.00 | 66.00 | 71.00 | NOTE |
Version: 0.7.13
Check: LazyData
Result: NOTE
'LazyData' is specified without a 'data' directory
Flavors: r-devel-linux-x86_64-debian-clang, r-devel-linux-x86_64-debian-gcc, r-devel-linux-x86_64-fedora-clang, r-devel-linux-x86_64-fedora-gcc, r-devel-windows-x86_64, r-patched-linux-x86_64, r-release-linux-x86_64, r-release-macos-arm64, r-release-windows-x86_64, r-oldrel-macos-arm64, r-oldrel-macos-x86_64, r-oldrel-windows-x86_64
Version: 0.7.13
Check: re-building of vignette outputs
Result: ERROR
Error(s) in re-building vignettes:
...
--- re-building ‘using_robotstxt.Rmd’ using rmarkdown
Quitting from lines at lines 51-54 [unnamed-chunk-1] (using_robotstxt.Rmd)
Error: processing vignette 'using_robotstxt.Rmd' failed with diagnostics:
Failed writing received data to disk/application
--- failed re-building ‘using_robotstxt.Rmd’
SUMMARY: processing the following file failed:
‘using_robotstxt.Rmd’
Error: Vignette re-building failed.
Execution halted
Flavors: r-devel-linux-x86_64-debian-clang, r-release-linux-x86_64
Version: 0.7.13
Check: dependencies in R code
Result: NOTE
Namespace in Imports field not imported from: ‘future’
All declared Imports should be used.
Flavors: r-devel-linux-x86_64-fedora-clang, r-devel-linux-x86_64-fedora-gcc
These binaries (installable software) and packages are in development.
They may not be fully stable and should be used with caution. We make no claims about them.
Health stats visible at Monitor.