Last updated on 2024-05-02 11:51:33 CEST.
Flavor | Version | Tinstall | Tcheck | Ttotal | Status | Flags |
---|---|---|---|---|---|---|
r-devel-linux-x86_64-debian-clang | 1.1-4 | 4.02 | 33.14 | 37.16 | ERROR | |
r-devel-linux-x86_64-debian-gcc | 1.1-4 | 3.25 | 26.73 | 29.98 | NOTE | |
r-devel-linux-x86_64-fedora-clang | 1.1-4 | 48.38 | ERROR | |||
r-devel-linux-x86_64-fedora-gcc | 1.1-4 | 48.24 | NOTE | |||
r-devel-windows-x86_64 | 1.1-4 | 4.00 | 49.00 | 53.00 | NOTE | |
r-patched-linux-x86_64 | 1.1-4 | 3.16 | 34.08 | 37.24 | NOTE | |
r-release-linux-x86_64 | 1.1-4 | 3.27 | 34.95 | 38.22 | NOTE | |
r-release-macos-arm64 | 1.1-4 | 18.00 | NOTE | |||
r-release-windows-x86_64 | 1.1-4 | 4.00 | 48.00 | 52.00 | NOTE | |
r-oldrel-macos-arm64 | 1.1-4 | 20.00 | OK | |||
r-oldrel-macos-x86_64 | 1.1-4 | 35.00 | OK | |||
r-oldrel-windows-x86_64 | 1.1-4 | 5.00 | 51.00 | 56.00 | OK |
Version: 1.1-4
Check: Rd files
Result: NOTE
checkRd: (-1) cubinf.summaries.Rd:46: Lost braces
46 | The class "lm" functions \code{effects}, \code{alias}, \code{add1}, \code{drop1}, code{kappa},
| ^
Flavors: r-devel-linux-x86_64-debian-clang, r-devel-linux-x86_64-debian-gcc, r-devel-linux-x86_64-fedora-clang, r-devel-linux-x86_64-fedora-gcc, r-devel-windows-x86_64, r-patched-linux-x86_64, r-release-linux-x86_64, r-release-macos-arm64, r-release-windows-x86_64
Version: 1.1-4
Check: examples
Result: ERROR
Running examples in ‘robcbi-Ex.R’ failed
The error most likely occurred in:
> base::assign(".ptime", proc.time(), pos = "CheckExEnv")
> ### Name: QQline
> ### Title: Add a theoretical QQ-line in a plot
> ### Aliases: QQline
> ### Keywords: stats
>
> ### ** Examples
>
> library(robcbi)
> data(Finney)
> Vol <- Finney$Vol; Rate <- Finney$Rate; Resp <- Finney$Resp
> lVol <-log(Vol); lRate <- log(Rate)
> z.cub <- glm(Resp~lVol+lRate,family=binomial,method="cubinf", ufact=3.2)
Floating point exception
Flavor: r-devel-linux-x86_64-debian-clang
Version: 1.1-4
Check: examples
Result: ERROR
Running examples in ‘robcbi-Ex.R’ failed
The error most likely occurred in:
> ### Name: QQline
> ### Title: Add a theoretical QQ-line in a plot
> ### Aliases: QQline
> ### Keywords: stats
>
> ### ** Examples
>
> library(robcbi)
> data(Finney)
> Vol <- Finney$Vol; Rate <- Finney$Rate; Resp <- Finney$Resp
> lVol <-log(Vol); lRate <- log(Rate)
> z.cub <- glm(Resp~lVol+lRate,family=binomial,method="cubinf", ufact=3.2)
Flavor: r-devel-linux-x86_64-fedora-clang
These binaries (installable software) and packages are in development.
They may not be fully stable and should be used with caution. We make no claims about them.
Health stats visible at Monitor.