Last updated on 2025-02-02 07:50:24 CET.
Flavor | Version | Tinstall | Tcheck | Ttotal | Status | Flags |
---|---|---|---|---|---|---|
r-devel-linux-x86_64-debian-clang | 2.4.1 | 87.91 | 269.37 | 357.28 | NOTE | |
r-devel-linux-x86_64-debian-gcc | 2.4.1 | 63.57 | 186.47 | 250.04 | NOTE | |
r-devel-linux-x86_64-fedora-clang | 2.4.1 | 595.20 | NOTE | |||
r-devel-linux-x86_64-fedora-gcc | 2.4.1 | 614.13 | NOTE | |||
r-devel-windows-x86_64 | 2.4.1 | 91.00 | 182.00 | 273.00 | NOTE | --no-examples --no-tests --no-vignettes |
r-patched-linux-x86_64 | 2.4.1 | 87.45 | 250.29 | 337.74 | NOTE | |
r-release-linux-x86_64 | 2.4.1 | 87.64 | 253.01 | 340.65 | NOTE | |
r-release-macos-arm64 | 2.4.1 | 154.00 | NOTE | |||
r-release-macos-x86_64 | 2.4.1 | 306.00 | NOTE | |||
r-release-windows-x86_64 | 2.4.1 | 89.00 | 179.00 | 268.00 | NOTE | --no-examples --no-tests --no-vignettes |
r-oldrel-macos-arm64 | 2.4.1 | 175.00 | NOTE | |||
r-oldrel-macos-x86_64 | 2.4.1 | 234.00 | NOTE | |||
r-oldrel-windows-x86_64 | 2.4.1 | 112.00 | 186.00 | 298.00 | OK | --no-examples --no-tests --no-vignettes |
Version: 2.4.1
Check: Rd files
Result: NOTE
checkRd: (-1) GDPsatis.Rd:21: Lost braces in \itemize; meant \describe ?
checkRd: (-1) GDPsatis.Rd:22: Lost braces in \itemize; meant \describe ?
checkRd: (-1) GDPsatis.Rd:23: Lost braces in \itemize; meant \describe ?
checkRd: (-1) GDPsatis.Rd:24: Lost braces in \itemize; meant \describe ?
checkRd: (-1) GDPsatis.Rd:25: Lost braces in \itemize; meant \describe ?
checkRd: (-1) GDPsatis.Rd:26: Lost braces in \itemize; meant \describe ?
checkRd: (-1) GDPsatis.Rd:27: Lost braces in \itemize; meant \describe ?
checkRd: (-1) GDPsatis.Rd:28: Lost braces in \itemize; meant \describe ?
checkRd: (-1) aDist.Rd:19: Lost braces
19 | sets, or a distance matrix in case code{y} is not supplied.
| ^
checkRd: (-1) ageCatWorld.Rd:18: Lost braces in \itemize; meant \describe ?
checkRd: (-1) ageCatWorld.Rd:19: Lost braces in \itemize; meant \describe ?
checkRd: (-1) ageCatWorld.Rd:20: Lost braces in \itemize; meant \describe ?
checkRd: (-1) ageCatWorld.Rd:21: Lost braces in \itemize; meant \describe ?
checkRd: (-1) alcohol.Rd:18: Lost braces in \itemize; meant \describe ?
checkRd: (-1) alcohol.Rd:19: Lost braces in \itemize; meant \describe ?
checkRd: (-1) alcohol.Rd:20: Lost braces in \itemize; meant \describe ?
checkRd: (-1) alcohol.Rd:21: Lost braces in \itemize; meant \describe ?
checkRd: (-1) alcohol.Rd:22: Lost braces in \itemize; meant \describe ?
checkRd: (-1) alcohol.Rd:23: Lost braces in \itemize; meant \describe ?
checkRd: (-1) alcoholreg.Rd:18: Lost braces in \itemize; meant \describe ?
checkRd: (-1) alcoholreg.Rd:19: Lost braces in \itemize; meant \describe ?
checkRd: (-1) alcoholreg.Rd:20: Lost braces in \itemize; meant \describe ?
checkRd: (-1) alcoholreg.Rd:21: Lost braces in \itemize; meant \describe ?
checkRd: (-1) arcticLake.Rd:19: Lost braces in \itemize; meant \describe ?
checkRd: (-1) arcticLake.Rd:20: Lost braces in \itemize; meant \describe ?
checkRd: (-1) arcticLake.Rd:21: Lost braces in \itemize; meant \describe ?
checkRd: (-1) cancer.Rd:18: Lost braces in \itemize; meant \describe ?
checkRd: (-1) cancer.Rd:19: Lost braces in \itemize; meant \describe ?
checkRd: (-1) cancer.Rd:20: Lost braces in \itemize; meant \describe ?
checkRd: (-1) cancer.Rd:21: Lost braces in \itemize; meant \describe ?
checkRd: (-1) cancer.Rd:22: Lost braces in \itemize; meant \describe ?
checkRd: (-1) cancer.Rd:23: Lost braces in \itemize; meant \describe ?
checkRd: (-1) cancerMN.Rd:19: Lost braces in \itemize; meant \describe ?
checkRd: (-1) cancerMN.Rd:20: Lost braces in \itemize; meant \describe ?
checkRd: (-1) cancerMN.Rd:21: Lost braces in \itemize; meant \describe ?
checkRd: (-1) cancerMN.Rd:22: Lost braces in \itemize; meant \describe ?
checkRd: (-1) cancerMN.Rd:23: Lost braces in \itemize; meant \describe ?
checkRd: (-1) coffee.Rd:18: Lost braces in \itemize; meant \describe ?
checkRd: (-1) coffee.Rd:19: Lost braces in \itemize; meant \describe ?
checkRd: (-1) coffee.Rd:20: Lost braces in \itemize; meant \describe ?
checkRd: (-1) coffee.Rd:21: Lost braces in \itemize; meant \describe ?
checkRd: (-1) coffee.Rd:22: Lost braces in \itemize; meant \describe ?
checkRd: (-1) coffee.Rd:23: Lost braces in \itemize; meant \describe ?
checkRd: (-1) coffee.Rd:24: Lost braces in \itemize; meant \describe ?
checkRd: (-1) economy.Rd:19: Lost braces in \itemize; meant \describe ?
checkRd: (-1) economy.Rd:20: Lost braces in \itemize; meant \describe ?
checkRd: (-1) economy.Rd:21: Lost braces in \itemize; meant \describe ?
checkRd: (-1) economy.Rd:22: Lost braces in \itemize; meant \describe ?
checkRd: (-1) economy.Rd:23: Lost braces in \itemize; meant \describe ?
checkRd: (-1) economy.Rd:24: Lost braces in \itemize; meant \describe ?
checkRd: (-1) economy.Rd:25: Lost braces in \itemize; meant \describe ?
checkRd: (-1) educFM.Rd:22: Lost braces in \itemize; meant \describe ?
checkRd: (-1) educFM.Rd:23: Lost braces in \itemize; meant \describe ?
checkRd: (-1) educFM.Rd:24: Lost braces in \itemize; meant \describe ?
checkRd: (-1) educFM.Rd:25: Lost braces in \itemize; meant \describe ?
checkRd: (-1) educFM.Rd:26: Lost braces in \itemize; meant \describe ?
checkRd: (-1) educFM.Rd:27: Lost braces in \itemize; meant \describe ?
checkRd: (-1) educFM.Rd:28: Lost braces in \itemize; meant \describe ?
checkRd: (-1) efsa.Rd:10: Lost braces in \itemize; meant \describe ?
checkRd: (-1) efsa.Rd:11: Lost braces in \itemize; meant \describe ?
checkRd: (-1) efsa.Rd:12: Lost braces in \itemize; meant \describe ?
checkRd: (-1) efsa.Rd:13: Lost braces in \itemize; meant \describe ?
checkRd: (-1) efsa.Rd:14: Lost braces in \itemize; meant \describe ?
checkRd: (-1) efsa.Rd:15: Lost braces in \itemize; meant \describe ?
checkRd: (-1) efsa.Rd:16: Lost braces in \itemize; meant \describe ?
checkRd: (-1) efsa.Rd:17: Lost braces in \itemize; meant \describe ?
checkRd: (-1) efsa.Rd:18: Lost braces in \itemize; meant \describe ?
checkRd: (-1) efsa.Rd:19: Lost braces in \itemize; meant \describe ?
checkRd: (-1) efsa.Rd:20: Lost braces in \itemize; meant \describe ?
checkRd: (-1) efsa.Rd:21: Lost braces in \itemize; meant \describe ?
checkRd: (-1) efsa.Rd:22: Lost braces in \itemize; meant \describe ?
checkRd: (-1) efsa.Rd:23: Lost braces in \itemize; meant \describe ?
checkRd: (-1) efsa.Rd:24: Lost braces in \itemize; meant \describe ?
checkRd: (-1) efsa.Rd:25: Lost braces in \itemize; meant \describe ?
checkRd: (-1) efsa.Rd:26: Lost braces in \itemize; meant \describe ?
checkRd: (-1) efsa.Rd:27: Lost braces in \itemize; meant \describe ?
checkRd: (-1) efsa.Rd:28: Lost braces in \itemize; meant \describe ?
checkRd: (-1) efsa.Rd:29: Lost braces in \itemize; meant \describe ?
checkRd: (-1) efsa.Rd:30: Lost braces in \itemize; meant \describe ?
checkRd: (-1) efsa.Rd:31: Lost braces in \itemize; meant \describe ?
checkRd: (-1) election.Rd:31-32: Lost braces in \itemize; meant \describe ?
checkRd: (-1) election.Rd:33: Lost braces in \itemize; meant \describe ?
checkRd: (-1) election.Rd:34: Lost braces in \itemize; meant \describe ?
checkRd: (-1) election.Rd:35: Lost braces in \itemize; meant \describe ?
checkRd: (-1) election.Rd:36: Lost braces in \itemize; meant \describe ?
checkRd: (-1) election.Rd:37-38: Lost braces in \itemize; meant \describe ?
checkRd: (-1) election.Rd:39: Lost braces in \itemize; meant \describe ?
checkRd: (-1) election.Rd:40: Lost braces in \itemize; meant \describe ?
checkRd: (-1) electionATbp.Rd:23: Lost braces in \itemize; meant \describe ?
checkRd: (-1) electionATbp.Rd:24: Lost braces in \itemize; meant \describe ?
checkRd: (-1) electionATbp.Rd:25: Lost braces in \itemize; meant \describe ?
checkRd: (-1) electionATbp.Rd:26: Lost braces in \itemize; meant \describe ?
checkRd: (-1) electionATbp.Rd:27: Lost braces in \itemize; meant \describe ?
checkRd: (-1) electionATbp.Rd:28: Lost braces in \itemize; meant \describe ?
checkRd: (-1) electionATbp.Rd:29: Lost braces in \itemize; meant \describe ?
checkRd: (-1) electionATbp.Rd:30: Lost braces in \itemize; meant \describe ?
checkRd: (-1) electionATbp.Rd:31: Lost braces in \itemize; meant \describe ?
checkRd: (-1) electionATbp.Rd:32: Lost braces in \itemize; meant \describe ?
checkRd: (-1) employment2.Rd:31: Lost braces in \itemize; meant \describe ?
checkRd: (-1) employment2.Rd:32: Lost braces in \itemize; meant \describe ?
checkRd: (-1) employment2.Rd:33-34: Lost braces in \itemize; meant \describe ?
checkRd: (-1) employment2.Rd:35: Lost braces in \itemize; meant \describe ?
checkRd: (-1) employment2.Rd:36: Lost braces in \itemize; meant \describe ?
checkRd: (-1) employment_df.Rd:15: Lost braces in \itemize; meant \describe ?
checkRd: (-1) employment_df.Rd:16: Lost braces in \itemize; meant \describe ?
checkRd: (-1) employment_df.Rd:17: Lost braces in \itemize; meant \describe ?
checkRd: (-1) employment_df.Rd:18: Lost braces in \itemize; meant \describe ?
checkRd: (-1) expenditures.Rd:18: Lost braces in \itemize; meant \describe ?
checkRd: (-1) expenditures.Rd:19: Lost braces in \itemize; meant \describe ?
checkRd: (-1) expenditures.Rd:20: Lost braces in \itemize; meant \describe ?
checkRd: (-1) expenditures.Rd:21: Lost braces in \itemize; meant \describe ?
checkRd: (-1) expenditures.Rd:22: Lost braces in \itemize; meant \describe ?
checkRd: (-1) expendituresEU.Rd:10: Lost braces in \itemize; meant \describe ?
checkRd: (-1) expendituresEU.Rd:11: Lost braces in \itemize; meant \describe ?
checkRd: (-1) expendituresEU.Rd:12: Lost braces in \itemize; meant \describe ?
checkRd: (-1) expendituresEU.Rd:13: Lost braces in \itemize; meant \describe ?
checkRd: (-1) expendituresEU.Rd:14: Lost braces in \itemize; meant \describe ?
checkRd: (-1) expendituresEU.Rd:15: Lost braces in \itemize; meant \describe ?
checkRd: (-1) expendituresEU.Rd:16: Lost braces in \itemize; meant \describe ?
checkRd: (-1) expendituresEU.Rd:17: Lost braces in \itemize; meant \describe ?
checkRd: (-1) expendituresEU.Rd:18: Lost braces in \itemize; meant \describe ?
checkRd: (-1) expendituresEU.Rd:19: Lost braces in \itemize; meant \describe ?
checkRd: (-1) expendituresEU.Rd:20: Lost braces in \itemize; meant \describe ?
checkRd: (-1) expendituresEU.Rd:21: Lost braces in \itemize; meant \describe ?
checkRd: (-1) foodbalance.Rd:10: Lost braces in \itemize; meant \describe ?
checkRd: (-1) foodbalance.Rd:11: Lost braces in \itemize; meant \describe ?
checkRd: (-1) foodbalance.Rd:12: Lost braces in \itemize; meant \describe ?
checkRd: (-1) foodbalance.Rd:13: Lost braces in \itemize; meant \describe ?
checkRd: (-1) gemas.Rd:18: Lost braces in \itemize; meant \describe ?
checkRd: (-1) gemas.Rd:19: Lost braces in \itemize; meant \describe ?
checkRd: (-1) gemas.Rd:20: Lost braces in \itemize; meant \describe ?
checkRd: (-1) gemas.Rd:21: Lost braces in \itemize; meant \describe ?
checkRd: (-1) gemas.Rd:22: Lost braces in \itemize; meant \describe ?
checkRd: (-1) gemas.Rd:23: Lost braces in \itemize; meant \describe ?
checkRd: (-1) gemas.Rd:24: Lost braces in \itemize; meant \describe ?
checkRd: (-1) gemas.Rd:25: Lost braces in \itemize; meant \describe ?
checkRd: (-1) gemas.Rd:26: Lost braces in \itemize; meant \describe ?
checkRd: (-1) gemas.Rd:27: Lost braces in \itemize; meant \describe ?
checkRd: (-1) gemas.Rd:28: Lost braces in \itemize; meant \describe ?
checkRd: (-1) gemas.Rd:29: Lost braces in \itemize; meant \describe ?
checkRd: (-1) gemas.Rd:30: Lost braces in \itemize; meant \describe ?
checkRd: (-1) gemas.Rd:31: Lost braces in \itemize; meant \describe ?
checkRd: (-1) gemas.Rd:32: Lost braces in \itemize; meant \describe ?
checkRd: (-1) gemas.Rd:33: Lost braces in \itemize; meant \describe ?
checkRd: (-1) gemas.Rd:34: Lost braces in \itemize; meant \describe ?
checkRd: (-1) gemas.Rd:35: Lost braces in \itemize; meant \describe ?
checkRd: (-1) gemas.Rd:36: Lost braces in \itemize; meant \describe ?
checkRd: (-1) gemas.Rd:37: Lost braces in \itemize; meant \describe ?
checkRd: (-1) gemas.Rd:38: Lost braces in \itemize; meant \describe ?
checkRd: (-1) gemas.Rd:39: Lost braces in \itemize; meant \describe ?
checkRd: (-1) gemas.Rd:40: Lost braces in \itemize; meant \describe ?
checkRd: (-1) gemas.Rd:41: Lost braces in \itemize; meant \describe ?
checkRd: (-1) gemas.Rd:42: Lost braces in \itemize; meant \describe ?
checkRd: (-1) gemas.Rd:43: Lost braces in \itemize; meant \describe ?
checkRd: (-1) gemas.Rd:44: Lost braces in \itemize; meant \describe ?
checkRd: (-1) gemas.Rd:45: Lost braces in \itemize; meant \describe ?
checkRd: (-1) gemas.Rd:46: Lost braces in \itemize; meant \describe ?
checkRd: (-1) gemas.Rd:47: Lost braces in \itemize; meant \describe ?
checkRd: (-1) gemas.Rd:48: Lost braces in \itemize; meant \describe ?
checkRd: (-1) gjovik.Rd:10: Lost braces in \itemize; meant \describe ?
checkRd: (-1) gjovik.Rd:11: Lost braces in \itemize; meant \describe ?
checkRd: (-1) gjovik.Rd:12: Lost braces in \itemize; meant \describe ?
checkRd: (-1) gjovik.Rd:13: Lost braces in \itemize; meant \describe ?
checkRd: (-1) gjovik.Rd:14: Lost braces in \itemize; meant \describe ?
checkRd: (-1) gjovik.Rd:15: Lost braces in \itemize; meant \describe ?
checkRd: (-1) gjovik.Rd:16: Lost braces in \itemize; meant \describe ?
checkRd: (-1) gjovik.Rd:17: Lost braces in \itemize; meant \describe ?
checkRd: (-1) gjovik.Rd:18: Lost braces in \itemize; meant \describe ?
checkRd: (-1) gjovik.Rd:19: Lost braces in \itemize; meant \describe ?
checkRd: (-1) gjovik.Rd:20: Lost braces in \itemize; meant \describe ?
checkRd: (-1) gjovik.Rd:21: Lost braces in \itemize; meant \describe ?
checkRd: (-1) gjovik.Rd:22: Lost braces in \itemize; meant \describe ?
checkRd: (-1) gjovik.Rd:23: Lost braces in \itemize; meant \describe ?
checkRd: (-1) gjovik.Rd:24: Lost braces in \itemize; meant \describe ?
checkRd: (-1) gjovik.Rd:25: Lost braces in \itemize; meant \describe ?
checkRd: (-1) gjovik.Rd:26: Lost braces in \itemize; meant \describe ?
checkRd: (-1) gjovik.Rd:27: Lost braces in \itemize; meant \describe ?
checkRd: (-1) gjovik.Rd:28: Lost braces in \itemize; meant \describe ?
checkRd: (-1) gjovik.Rd:29: Lost braces in \itemize; meant \describe ?
checkRd: (-1) gjovik.Rd:30: Lost braces in \itemize; meant \describe ?
checkRd: (-1) gjovik.Rd:31: Lost braces in \itemize; meant \describe ?
checkRd: (-1) gjovik.Rd:32: Lost braces in \itemize; meant \describe ?
checkRd: (-1) gjovik.Rd:33: Lost braces in \itemize; meant \describe ?
checkRd: (-1) gjovik.Rd:34: Lost braces in \itemize; meant \describe ?
checkRd: (-1) gjovik.Rd:35: Lost braces in \itemize; meant \describe ?
checkRd: (-1) gjovik.Rd:36: Lost braces in \itemize; meant \describe ?
checkRd: (-1) gjovik.Rd:37: Lost braces in \itemize; meant \describe ?
checkRd: (-1) gjovik.Rd:38: Lost braces in \itemize; meant \describe ?
checkRd: (-1) gjovik.Rd:39: Lost braces in \itemize; meant \describe ?
checkRd: (-1) gjovik.Rd:40: Lost braces in \itemize; meant \describe ?
checkRd: (-1) gjovik.Rd:41: Lost braces in \itemize; meant \describe ?
checkRd: (-1) gjovik.Rd:42: Lost braces in \itemize; meant \describe ?
checkRd: (-1) gjovik.Rd:43: Lost braces in \itemize; meant \describe ?
checkRd: (-1) gjovik.Rd:44: Lost braces in \itemize; meant \describe ?
checkRd: (-1) gjovik.Rd:45: Lost braces in \itemize; meant \describe ?
checkRd: (-1) gjovik.Rd:46: Lost braces in \itemize; meant \describe ?
checkRd: (-1) gjovik.Rd:47: Lost braces in \itemize; meant \describe ?
checkRd: (-1) gjovik.Rd:48: Lost braces in \itemize; meant \describe ?
checkRd: (-1) gjovik.Rd:49: Lost braces in \itemize; meant \describe ?
checkRd: (-1) gjovik.Rd:50: Lost braces in \itemize; meant \describe ?
checkRd: (-1) gjovik.Rd:51: Lost braces in \itemize; meant \describe ?
checkRd: (-1) gjovik.Rd:52: Lost braces in \itemize; meant \describe ?
checkRd: (-1) gjovik.Rd:53: Lost braces in \itemize; meant \describe ?
checkRd: (-1) gjovik.Rd:54: Lost braces in \itemize; meant \describe ?
checkRd: (-1) gjovik.Rd:55: Lost braces in \itemize; meant \describe ?
checkRd: (-1) gjovik.Rd:56: Lost braces in \itemize; meant \describe ?
checkRd: (-1) gjovik.Rd:57: Lost braces in \itemize; meant \describe ?
checkRd: (-1) gjovik.Rd:58: Lost braces in \itemize; meant \describe ?
checkRd: (-1) gjovik.Rd:59: Lost braces in \itemize; meant \describe ?
checkRd: (-1) gjovik.Rd:60: Lost braces in \itemize; meant \describe ?
checkRd: (-1) gjovik.Rd:61: Lost braces in \itemize; meant \describe ?
checkRd: (-1) gjovik.Rd:62: Lost braces in \itemize; meant \describe ?
checkRd: (-1) gjovik.Rd:63: Lost braces in \itemize; meant \describe ?
checkRd: (-1) gjovik.Rd:64: Lost braces in \itemize; meant \describe ?
checkRd: (-1) gjovik.Rd:65: Lost braces in \itemize; meant \describe ?
checkRd: (-1) gjovik.Rd:66: Lost braces in \itemize; meant \describe ?
checkRd: (-1) gjovik.Rd:67: Lost braces in \itemize; meant \describe ?
checkRd: (-1) gjovik.Rd:68: Lost braces in \itemize; meant \describe ?
checkRd: (-1) gjovik.Rd:69: Lost braces in \itemize; meant \describe ?
checkRd: (-1) gjovik.Rd:70: Lost braces in \itemize; meant \describe ?
checkRd: (-1) gjovik.Rd:71: Lost braces in \itemize; meant \describe ?
checkRd: (-1) gjovik.Rd:72: Lost braces in \itemize; meant \describe ?
checkRd: (-1) govexp.Rd:10: Lost braces in \itemize; meant \describe ?
checkRd: (-1) govexp.Rd:11-16: Lost braces in \itemize; meant \describe ?
checkRd: (-1) govexp.Rd:17: Lost braces in \itemize; meant \describe ?
checkRd: (-1) govexp.Rd:18: Lost braces in \itemize; meant \describe ?
checkRd: (-1) haplogroups.Rd:10: Lost braces in \itemize; meant \describe ?
checkRd: (-1) haplogroups.Rd:11: Lost braces in \itemize; meant \describe ?
checkRd: (-1) haplogroups.Rd:12: Lost braces in \itemize; meant \describe ?
checkRd: (-1) haplogroups.Rd:13: Lost braces in \itemize; meant \describe ?
checkRd: (-1) haplogroups.Rd:14: Lost braces in \itemize; meant \describe ?
checkRd: (-1) haplogroups.Rd:15: Lost braces in \itemize; meant \describe ?
checkRd: (-1) haplogroups.Rd:16: Lost braces in \itemize; meant \describe ?
checkRd: (-1) haplogroups.Rd:17: Lost braces in \itemize; meant \describe ?
checkRd: (-1) haplogroups.Rd:18: Lost braces in \itemize; meant \describe ?
checkRd: (-1) haplogroups.Rd:19: Lost braces in \itemize; meant \describe ?
checkRd: (-1) haplogroups.Rd:20: Lost braces in \itemize; meant \describe ?
checkRd: (-1) haplogroups.Rd:21: Lost braces in \itemize; meant \describe ?
checkRd: (-1) honey.Rd:10: Lost braces in \itemize; meant \describe ?
checkRd: (-1) honey.Rd:11: Lost braces in \itemize; meant \describe ?
checkRd: (-1) honey.Rd:12: Lost braces in \itemize; meant \describe ?
checkRd: (-1) honey.Rd:13: Lost braces in \itemize; meant \describe ?
checkRd: (-1) honey.Rd:14: Lost braces in \itemize; meant \describe ?
checkRd: (-1) honey.Rd:15: Lost braces in \itemize; meant \describe ?
checkRd: (-1) honey.Rd:16: Lost braces in \itemize; meant \describe ?
checkRd: (-1) honey.Rd:17: Lost braces in \itemize; meant \describe ?
checkRd: (-1) honey.Rd:18: Lost braces in \itemize; meant \describe ?
checkRd: (-1) honey.Rd:19: Lost braces in \itemize; meant \describe ?
checkRd: (-1) honey.Rd:20: Lost braces in \itemize; meant \describe ?
checkRd: (-1) honey.Rd:21: Lost braces in \itemize; meant \describe ?
checkRd: (-1) honey.Rd:22: Lost braces in \itemize; meant \describe ?
checkRd: (-1) honey.Rd:23: Lost braces in \itemize; meant \describe ?
checkRd: (-1) honey.Rd:24: Lost braces in \itemize; meant \describe ?
checkRd: (-1) honey.Rd:25: Lost braces in \itemize; meant \describe ?
checkRd: (-1) honey.Rd:26: Lost braces in \itemize; meant \describe ?
checkRd: (-1) instw.Rd:15: Lost braces in \itemize; meant \describe ?
checkRd: (-1) instw.Rd:16: Lost braces in \itemize; meant \describe ?
checkRd: (-1) instw.Rd:17: Lost braces in \itemize; meant \describe ?
checkRd: (-1) instw.Rd:18: Lost braces in \itemize; meant \describe ?
checkRd: (-1) instw.Rd:19: Lost braces in \itemize; meant \describe ?
checkRd: (-1) instw.Rd:20: Lost braces in \itemize; meant \describe ?
checkRd: (-1) instw.Rd:21: Lost braces in \itemize; meant \describe ?
checkRd: (-1) intTab.Rd:18: Lost braces in \itemize; \value handles \item{}{} directly
checkRd: (-1) intTab.Rd:19-20: Lost braces in \itemize; \value handles \item{}{} directly
checkRd: (-1) isic32.Rd:15: Lost braces in \itemize; meant \describe ?
checkRd: (-1) isic32.Rd:16: Lost braces in \itemize; meant \describe ?
checkRd: (-1) laborForce.Rd:18: Lost braces in \itemize; meant \describe ?
checkRd: (-1) laborForce.Rd:19: Lost braces in \itemize; meant \describe ?
checkRd: (-1) laborForce.Rd:20: Lost braces in \itemize; meant \describe ?
checkRd: (-1) laborForce.Rd:21: Lost braces in \itemize; meant \describe ?
checkRd: (-1) laborForce.Rd:22: Lost braces in \itemize; meant \describe ?
checkRd: (-1) laborForce.Rd:23: Lost braces in \itemize; meant \describe ?
checkRd: (-1) laborForce.Rd:24: Lost braces in \itemize; meant \describe ?
checkRd: (-1) laborForce.Rd:25: Lost braces in \itemize; meant \describe ?
checkRd: (-1) laborForce.Rd:26: Lost braces in \itemize; meant \describe ?
checkRd: (-1) landcover.Rd:18: Lost braces in \itemize; meant \describe ?
checkRd: (-1) landcover.Rd:19: Lost braces in \itemize; meant \describe ?
checkRd: (-1) landcover.Rd:20: Lost braces in \itemize; meant \describe ?
checkRd: (-1) landcover.Rd:21: Lost braces in \itemize; meant \describe ?
checkRd: (-1) landcover.Rd:22: Lost braces in \itemize; meant \describe ?
checkRd: (-1) landcover.Rd:23: Lost braces in \itemize; meant \describe ?
checkRd: (-1) landcover.Rd:24: Lost braces in \itemize; meant \describe ?
checkRd: (-1) lifeExpGdp.Rd:18: Lost braces in \itemize; meant \describe ?
checkRd: (-1) lifeExpGdp.Rd:19: Lost braces in \itemize; meant \describe ?
checkRd: (-1) lifeExpGdp.Rd:20: Lost braces in \itemize; meant \describe ?
checkRd: (-1) lifeExpGdp.Rd:21: Lost braces in \itemize; meant \describe ?
checkRd: (-1) lifeExpGdp.Rd:22: Lost braces in \itemize; meant \describe ?
checkRd: (-1) lifeExpGdp.Rd:23: Lost braces in \itemize; meant \describe ?
checkRd: (-1) lifeExpGdp.Rd:24: Lost braces in \itemize; meant \describe ?
checkRd: (-1) lifeExpGdp.Rd:25: Lost braces in \itemize; meant \describe ?
checkRd: (-1) lifeExpGdp.Rd:26: Lost braces in \itemize; meant \describe ?
checkRd: (-1) machineOperators.Rd:18: Lost braces in \itemize; meant \describe ?
checkRd: (-1) machineOperators.Rd:19: Lost braces in \itemize; meant \describe ?
checkRd: (-1) machineOperators.Rd:20: Lost braces in \itemize; meant \describe ?
checkRd: (-1) machineOperators.Rd:21: Lost braces in \itemize; meant \describe ?
checkRd: (-1) manu_abs.Rd:27: Lost braces in \itemize; meant \describe ?
checkRd: (-1) manu_abs.Rd:28-33: Lost braces in \itemize; meant \describe ?
checkRd: (-1) manu_abs.Rd:34: Lost braces in \itemize; meant \describe ?
checkRd: (-1) manu_abs.Rd:35: Lost braces in \itemize; meant \describe ?
checkRd: (-1) mcad.Rd:22: Lost braces in \itemize; meant \describe ?
checkRd: (-1) mcad.Rd:23: Lost braces in \itemize; meant \describe ?
checkRd: (-1) mortality.Rd:15: Lost braces in \itemize; meant \describe ?
checkRd: (-1) mortality.Rd:16: Lost braces in \itemize; meant \describe ?
checkRd: (-1) mortality.Rd:17: Lost braces in \itemize; meant \describe ?
checkRd: (-1) mortality.Rd:18: Lost braces in \itemize; meant \describe ?
checkRd: (-1) mortality.Rd:19: Lost braces in \itemize; meant \describe ?
checkRd: (-1) mortality.Rd:20: Lost braces in \itemize; meant \describe ?
checkRd: (-1) mortality.Rd:21: Lost braces in \itemize; meant \describe ?
checkRd: (-1) mortality.Rd:22: Lost braces in \itemize; meant \describe ?
checkRd: (-1) mortality.Rd:23: Lost braces in \itemize; meant \describe ?
checkRd: (-1) mortality.Rd:24: Lost braces in \itemize; meant \describe ?
checkRd: (-1) mortality.Rd:25: Lost braces in \itemize; meant \describe ?
checkRd: (-1) mortality.Rd:26: Lost braces in \itemize; meant \describe ?
checkRd: (-1) mortality_tab.Rd:18: Lost braces in \itemize; meant \describe ?
checkRd: (-1) mortality_tab.Rd:19: Lost braces in \itemize; meant \describe ?
checkRd: (-1) nutrients.Rd:21: Lost braces in \itemize; meant \describe ?
checkRd: (-1) nutrients.Rd:22: Lost braces in \itemize; meant \describe ?
checkRd: (-1) nutrients.Rd:23: Lost braces in \itemize; meant \describe ?
checkRd: (-1) nutrients.Rd:24: Lost braces in \itemize; meant \describe ?
checkRd: (-1) nutrients.Rd:25: Lost braces in \itemize; meant \describe ?
checkRd: (-1) nutrients.Rd:26: Lost braces in \itemize; meant \describe ?
checkRd: (-1) nutrients.Rd:27: Lost braces in \itemize; meant \describe ?
checkRd: (-1) nutrients.Rd:28: Lost braces in \itemize; meant \describe ?
checkRd: (-1) nutrients.Rd:29: Lost braces in \itemize; meant \describe ?
checkRd: (-1) nutrients.Rd:30: Lost braces in \itemize; meant \describe ?
checkRd: (-1) nutrients.Rd:31: Lost braces in \itemize; meant \describe ?
checkRd: (-1) nutrients.Rd:32: Lost braces in \itemize; meant \describe ?
checkRd: (-1) nutrients.Rd:33: Lost braces in \itemize; meant \describe ?
checkRd: (-1) nutrients.Rd:34: Lost braces in \itemize; meant \describe ?
checkRd: (-1) nutrients.Rd:35: Lost braces in \itemize; meant \describe ?
checkRd: (-1) nutrients.Rd:36: Lost braces in \itemize; meant \describe ?
checkRd: (-1) nutrients.Rd:37: Lost braces in \itemize; meant \describe ?
checkRd: (-1) nutrients.Rd:38: Lost braces in \itemize; meant \describe ?
checkRd: (-1) nutrients.Rd:39: Lost braces in \itemize; meant \describe ?
checkRd: (-1) nutrients.Rd:40: Lost braces in \itemize; meant \describe ?
checkRd: (-1) nutrients.Rd:41: Lost braces in \itemize; meant \describe ?
checkRd: (-1) nutrients.Rd:42: Lost braces in \itemize; meant \describe ?
checkRd: (-1) nutrients.Rd:43: Lost braces in \itemize; meant \describe ?
checkRd: (-1) nutrients.Rd:44: Lost braces in \itemize; meant \describe ?
checkRd: (-1) nutrients.Rd:45: Lost braces in \itemize; meant \describe ?
checkRd: (-1) nutrients.Rd:46: Lost braces in \itemize; meant \describe ?
checkRd: (-1) nutrients.Rd:47: Lost braces in \itemize; meant \describe ?
checkRd: (-1) nutrients.Rd:48: Lost braces in \itemize; meant \describe ?
checkRd: (-1) nutrients.Rd:49: Lost braces in \itemize; meant \describe ?
checkRd: (-1) nutrients.Rd:50: Lost braces in \itemize; meant \describe ?
checkRd: (-1) nutrients.Rd:51: Lost braces in \itemize; meant \describe ?
checkRd: (-1) nutrients.Rd:52: Lost braces in \itemize; meant \describe ?
checkRd: (-1) nutrients.Rd:53: Lost braces in \itemize; meant \describe ?
checkRd: (-1) nutrients.Rd:54: Lost braces in \itemize; meant \describe ?
checkRd: (-1) nutrients.Rd:55: Lost braces in \itemize; meant \describe ?
checkRd: (-1) nutrients.Rd:56: Lost braces in \itemize; meant \describe ?
checkRd: (-1) nutrients.Rd:57: Lost braces in \itemize; meant \describe ?
checkRd: (-1) nutrients.Rd:58: Lost braces in \itemize; meant \describe ?
checkRd: (-1) nutrients.Rd:59: Lost braces in \itemize; meant \describe ?
checkRd: (-1) nutrients.Rd:60: Lost braces in \itemize; meant \describe ?
checkRd: (-1) nutrients.Rd:61: Lost braces in \itemize; meant \describe ?
checkRd: (-1) nutrients.Rd:62: Lost braces in \itemize; meant \describe ?
checkRd: (-1) nutrients.Rd:63: Lost braces in \itemize; meant \describe ?
checkRd: (-1) nutrients.Rd:64: Lost braces in \itemize; meant \describe ?
checkRd: (-1) nutrients.Rd:65: Lost braces in \itemize; meant \describe ?
checkRd: (-1) nutrients.Rd:66: Lost braces in \itemize; meant \describe ?
checkRd: (-1) nutrients.Rd:67: Lost braces in \itemize; meant \describe ?
checkRd: (-1) nutrients.Rd:68: Lost braces in \itemize; meant \describe ?
checkRd: (-1) nutrients.Rd:69: Lost braces in \itemize; meant \describe ?
checkRd: (-1) nutrients.Rd:70: Lost braces in \itemize; meant \describe ?
checkRd: (-1) nutrients_branded.Rd:21: Lost braces in \itemize; meant \describe ?
checkRd: (-1) nutrients_branded.Rd:22: Lost braces in \itemize; meant \describe ?
checkRd: (-1) nutrients_branded.Rd:23: Lost braces in \itemize; meant \describe ?
checkRd: (-1) nutrients_branded.Rd:24: Lost braces in \itemize; meant \describe ?
checkRd: (-1) nutrients_branded.Rd:25: Lost braces in \itemize; meant \describe ?
checkRd: (-1) nutrients_branded.Rd:26: Lost braces in \itemize; meant \describe ?
checkRd: (-1) nutrients_branded.Rd:27: Lost braces in \itemize; meant \describe ?
checkRd: (-1) nutrients_branded.Rd:28: Lost braces in \itemize; meant \describe ?
checkRd: (-1) nutrients_branded.Rd:29: Lost braces in \itemize; meant \describe ?
checkRd: (-1) nutrients_branded.Rd:30: Lost braces in \itemize; meant \describe ?
checkRd: (-1) nutrients_branded.Rd:31: Lost braces in \itemize; meant \describe ?
checkRd: (-1) nutrients_branded.Rd:32: Lost braces in \itemize; meant \describe ?
checkRd: (-1) nutrients_branded.Rd:33: Lost braces in \itemize; meant \describe ?
checkRd: (-1) nutrients_branded.Rd:34: Lost braces in \itemize; meant \describe ?
checkRd: (-1) nutrients_branded.Rd:35: Lost braces in \itemize; meant \describe ?
checkRd: (-1) nutrients_branded.Rd:36: Lost braces in \itemize; meant \describe ?
checkRd: (-1) nutrients_branded.Rd:37: Lost braces in \itemize; meant \describe ?
checkRd: (-1) nutrients_branded.Rd:38: Lost braces in \itemize; meant \describe ?
checkRd: (-1) payments.Rd:31: Lost braces in \itemize; meant \describe ?
checkRd: (-1) payments.Rd:32: Lost braces in \itemize; meant \describe ?
checkRd: (-1) payments.Rd:33: Lost braces in \itemize; meant \describe ?
checkRd: (-1) payments.Rd:34: Lost braces in \itemize; meant \describe ?
checkRd: (-1) payments.Rd:35: Lost braces in \itemize; meant \describe ?
checkRd: (-1) payments.Rd:36: Lost braces in \itemize; meant \describe ?
checkRd: (-1) payments.Rd:37: Lost braces in \itemize; meant \describe ?
checkRd: (-1) payments.Rd:38: Lost braces in \itemize; meant \describe ?
checkRd: (-1) payments.Rd:39: Lost braces in \itemize; meant \describe ?
checkRd: (-1) payments.Rd:40: Lost braces in \itemize; meant \describe ?
checkRd: (-1) payments.Rd:41: Lost braces in \itemize; meant \describe ?
checkRd: (-1) phd.Rd:21: Lost braces in \itemize; meant \describe ?
checkRd: (-1) phd.Rd:22: Lost braces in \itemize; meant \describe ?
checkRd: (-1) phd.Rd:23: Lost braces in \itemize; meant \describe ?
checkRd: (-1) phd.Rd:24: Lost braces in \itemize; meant \describe ?
checkRd: (-1) phd.Rd:25: Lost braces in \itemize; meant \describe ?
checkRd: (-1) phd.Rd:26: Lost braces in \itemize; meant \describe ?
checkRd: (-1) phd.Rd:27: Lost braces in \itemize; meant \describe ?
checkRd: (-1) phd.Rd:28: Lost braces in \itemize; meant \describe ?
checkRd: (-1) phd.Rd:29: Lost braces in \itemize; meant \describe ?
checkRd: (-1) phd.Rd:30: Lost braces in \itemize; meant \describe ?
checkRd: (-1) phd.Rd:31: Lost braces in \itemize; meant \describe ?
checkRd: (-1) phd_totals.Rd:18: Lost braces in \itemize; meant \describe ?
checkRd: (-1) phd_totals.Rd:19: Lost braces in \itemize; meant \describe ?
checkRd: (-1) phd_totals.Rd:20: Lost braces in \itemize; meant \describe ?
checkRd: (-1) phd_totals.Rd:21: Lost braces in \itemize; meant \describe ?
checkRd: (-1) phd_totals.Rd:22: Lost braces in \itemize; meant \describe ?
checkRd: (-1) precipitation.Rd:18: Lost braces in \itemize; meant \describe ?
checkRd: (-1) precipitation.Rd:19: Lost braces in \itemize; meant \describe ?
checkRd: (-1) precipitation.Rd:20: Lost braces in \itemize; meant \describe ?
checkRd: (-1) precipitation.Rd:21: Lost braces in \itemize; meant \describe ?
checkRd: (-1) production.Rd:28: Lost braces in \itemize; meant \describe ?
checkRd: (-1) production.Rd:29: Lost braces in \itemize; meant \describe ?
checkRd: (-1) production.Rd:30: Lost braces in \itemize; meant \describe ?
checkRd: (-1) production.Rd:31: Lost braces in \itemize; meant \describe ?
checkRd: (-1) production.Rd:32: Lost braces in \itemize; meant \describe ?
checkRd: (-1) production.Rd:33: Lost braces in \itemize; meant \describe ?
checkRd: (-1) production.Rd:34: Lost braces in \itemize; meant \describe ?
checkRd: (-1) production.Rd:35: Lost braces in \itemize; meant \describe ?
checkRd: (-1) production.Rd:36: Lost braces in \itemize; meant \describe ?
checkRd: (-1) rSDev.test.Rd:19: Lost braces in \itemize; \value handles \item{}{} directly
checkRd: (-1) rSDev.test.Rd:20: Lost braces in \itemize; \value handles \item{}{} directly
checkRd: (-1) rSDev.test.Rd:21: Lost braces in \itemize; \value handles \item{}{} directly
checkRd: (-1) rcodes.Rd:15: Lost braces in \itemize; meant \describe ?
checkRd: (-1) rcodes.Rd:16: Lost braces in \itemize; meant \describe ?
checkRd: (-1) rcodes.Rd:17: Lost braces in \itemize; meant \describe ?
checkRd: (-1) rcodes.Rd:18: Lost braces in \itemize; meant \describe ?
checkRd: (-1) rcodes.Rd:19: Lost braces in \itemize; meant \describe ?
checkRd: (-1) rcodes.Rd:20: Lost braces in \itemize; meant \describe ?
checkRd: (-1) saffron.Rd:10: Lost braces in \itemize; meant \describe ?
checkRd: (-1) saffron.Rd:11: Lost braces in \itemize; meant \describe ?
checkRd: (-1) saffron.Rd:12: Lost braces in \itemize; meant \describe ?
checkRd: (-1) saffron.Rd:13: Lost braces in \itemize; meant \describe ?
checkRd: (-1) saffron.Rd:14: Lost braces in \itemize; meant \describe ?
checkRd: (-1) saffron.Rd:15: Lost braces in \itemize; meant \describe ?
checkRd: (-1) saffron.Rd:16: Lost braces in \itemize; meant \describe ?
checkRd: (-1) saffron.Rd:17: Lost braces in \itemize; meant \describe ?
checkRd: (-1) saffron.Rd:18: Lost braces in \itemize; meant \describe ?
checkRd: (-1) saffron.Rd:19: Lost braces in \itemize; meant \describe ?
checkRd: (-1) saffron.Rd:20: Lost braces in \itemize; meant \describe ?
checkRd: (-1) saffron.Rd:21: Lost braces in \itemize; meant \describe ?
checkRd: (-1) saffron.Rd:22: Lost braces in \itemize; meant \describe ?
checkRd: (-1) saffron.Rd:23: Lost braces in \itemize; meant \describe ?
checkRd: (-1) saffron.Rd:24: Lost braces in \itemize; meant \describe ?
checkRd: (-1) saffron.Rd:25: Lost braces in \itemize; meant \describe ?
checkRd: (-1) saffron.Rd:26: Lost braces in \itemize; meant \describe ?
checkRd: (-1) saffron.Rd:27: Lost braces in \itemize; meant \describe ?
checkRd: (-1) saffron.Rd:28: Lost braces in \itemize; meant \describe ?
checkRd: (-1) saffron.Rd:29: Lost braces in \itemize; meant \describe ?
checkRd: (-1) saffron.Rd:30: Lost braces in \itemize; meant \describe ?
checkRd: (-1) saffron.Rd:31: Lost braces in \itemize; meant \describe ?
checkRd: (-1) saffron.Rd:32: Lost braces in \itemize; meant \describe ?
checkRd: (-1) saffron.Rd:33: Lost braces in \itemize; meant \describe ?
checkRd: (-1) saffron.Rd:34: Lost braces in \itemize; meant \describe ?
checkRd: (-1) saffron.Rd:35: Lost braces in \itemize; meant \describe ?
checkRd: (-1) saffron.Rd:36: Lost braces in \itemize; meant \describe ?
checkRd: (-1) saffron.Rd:37: Lost braces in \itemize; meant \describe ?
checkRd: (-1) saffron.Rd:38: Lost braces in \itemize; meant \describe ?
checkRd: (-1) saffron.Rd:39: Lost braces in \itemize; meant \describe ?
checkRd: (-1) saffron.Rd:40: Lost braces in \itemize; meant \describe ?
checkRd: (-1) saffron.Rd:41: Lost braces in \itemize; meant \describe ?
checkRd: (-1) saffron.Rd:42: Lost braces in \itemize; meant \describe ?
checkRd: (-1) saffron.Rd:43: Lost braces in \itemize; meant \describe ?
checkRd: (-1) saffron.Rd:44: Lost braces in \itemize; meant \describe ?
checkRd: (-1) saffron.Rd:45: Lost braces in \itemize; meant \describe ?
checkRd: (-1) skyeLavas.Rd:18: Lost braces in \itemize; meant \describe ?
checkRd: (-1) skyeLavas.Rd:19: Lost braces in \itemize; meant \describe ?
checkRd: (-1) skyeLavas.Rd:20: Lost braces in \itemize; meant \describe ?
checkRd: (-1) socExp.Rd:21: Lost braces in \itemize; meant \describe ?
checkRd: (-1) socExp.Rd:22: Lost braces in \itemize; meant \describe ?
checkRd: (-1) socExp.Rd:23: Lost braces in \itemize; meant \describe ?
checkRd: (-1) socExp.Rd:24: Lost braces in \itemize; meant \describe ?
checkRd: (-1) socExp.Rd:25: Lost braces in \itemize; meant \describe ?
checkRd: (-1) socExp.Rd:26: Lost braces in \itemize; meant \describe ?
checkRd: (-1) socExp.Rd:27: Lost braces in \itemize; meant \describe ?
checkRd: (-1) socExp.Rd:28: Lost braces in \itemize; meant \describe ?
checkRd: (-1) teachingStuff.Rd:10: Lost braces in \itemize; meant \describe ?
checkRd: (-1) teachingStuff.Rd:11: Lost braces in \itemize; meant \describe ?
checkRd: (-1) teachingStuff.Rd:12: Lost braces in \itemize; meant \describe ?
checkRd: (-1) teachingStuff.Rd:13: Lost braces in \itemize; meant \describe ?
checkRd: (-1) trondelagC.Rd:18: Lost braces in \itemize; meant \describe ?
checkRd: (-1) trondelagC.Rd:19: Lost braces in \itemize; meant \describe ?
checkRd: (-1) trondelagC.Rd:20: Lost braces in \itemize; meant \describe ?
checkRd: (-1) trondelagC.Rd:21: Lost braces in \itemize; meant \describe ?
checkRd: (-1) trondelagC.Rd:22: Lost braces in \itemize; meant \describe ?
checkRd: (-1) trondelagC.Rd:23: Lost braces in \itemize; meant \describe ?
checkRd: (-1) trondelagC.Rd:25: Lost braces in \itemize; meant \describe ?
checkRd: (-1) trondelagC.Rd:26: Lost braces in \itemize; meant \describe ?
checkRd: (-1) trondelagC.Rd:27: Lost braces in \itemize; meant \describe ?
checkRd: (-1) trondelagC.Rd:28: Lost braces in \itemize; meant \describe ?
checkRd: (-1) trondelagC.Rd:29: Lost braces in \itemize; meant \describe ?
checkRd: (-1) trondelagC.Rd:30: Lost braces in \itemize; meant \describe ?
checkRd: (-1) trondelagC.Rd:31: Lost braces in \itemize; meant \describe ?
checkRd: (-1) trondelagC.Rd:32: Lost braces in \itemize; meant \describe ?
checkRd: (-1) trondelagC.Rd:33: Lost braces in \itemize; meant \describe ?
checkRd: (-1) trondelagC.Rd:34: Lost braces in \itemize; meant \describe ?
checkRd: (-1) trondelagC.Rd:35: Lost braces in \itemize; meant \describe ?
checkRd: (-1) trondelagC.Rd:36: Lost braces in \itemize; meant \describe ?
checkRd: (-1) trondelagC.Rd:37: Lost braces in \itemize; meant \describe ?
checkRd: (-1) trondelagC.Rd:38: Lost braces in \itemize; meant \describe ?
checkRd: (-1) trondelagC.Rd:39: Lost braces in \itemize; meant \describe ?
checkRd: (-1) trondelagC.Rd:40: Lost braces in \itemize; meant \describe ?
checkRd: (-1) trondelagC.Rd:41: Lost braces in \itemize; meant \describe ?
checkRd: (-1) trondelagC.Rd:42: Lost braces in \itemize; meant \describe ?
checkRd: (-1) trondelagC.Rd:43: Lost braces in \itemize; meant \describe ?
checkRd: (-1) trondelagC.Rd:44: Lost braces in \itemize; meant \describe ?
checkRd: (-1) trondelagC.Rd:45: Lost braces in \itemize; meant \describe ?
checkRd: (-1) trondelagC.Rd:46: Lost braces in \itemize; meant \describe ?
checkRd: (-1) trondelagC.Rd:47: Lost braces in \itemize; meant \describe ?
checkRd: (-1) trondelagC.Rd:48: Lost braces in \itemize; meant \describe ?
checkRd: (-1) trondelagC.Rd:49: Lost braces in \itemize; meant \describe ?
checkRd: (-1) trondelagC.Rd:50: Lost braces in \itemize; meant \describe ?
checkRd: (-1) trondelagC.Rd:51: Lost braces in \itemize; meant \describe ?
checkRd: (-1) trondelagC.Rd:52: Lost braces in \itemize; meant \describe ?
checkRd: (-1) trondelagC.Rd:53: Lost braces in \itemize; meant \describe ?
checkRd: (-1) trondelagC.Rd:54: Lost braces in \itemize; meant \describe ?
checkRd: (-1) trondelagC.Rd:55: Lost braces in \itemize; meant \describe ?
checkRd: (-1) trondelagC.Rd:56: Lost braces in \itemize; meant \describe ?
checkRd: (-1) trondelagC.Rd:57: Lost braces in \itemize; meant \describe ?
checkRd: (-1) trondelagC.Rd:58: Lost braces in \itemize; meant \describe ?
checkRd: (-1) trondelagC.Rd:59: Lost braces in \itemize; meant \describe ?
checkRd: (-1) trondelagC.Rd:60: Lost braces in \itemize; meant \describe ?
checkRd: (-1) trondelagC.Rd:61: Lost braces in \itemize; meant \describe ?
checkRd: (-1) trondelagC.Rd:62: Lost braces in \itemize; meant \describe ?
checkRd: (-1) trondelagC.Rd:63: Lost braces in \itemize; meant \describe ?
checkRd: (-1) trondelagC.Rd:64: Lost braces in \itemize; meant \describe ?
checkRd: (-1) trondelagC.Rd:65: Lost braces in \itemize; meant \describe ?
checkRd: (-1) trondelagC.Rd:66: Lost braces in \itemize; meant \describe ?
checkRd: (-1) trondelagC.Rd:67: Lost braces in \itemize; meant \describe ?
checkRd: (-1) trondelagC.Rd:68: Lost braces in \itemize; meant \describe ?
checkRd: (-1) trondelagC.Rd:69: Lost braces in \itemize; meant \describe ?
checkRd: (-1) trondelagC.Rd:70: Lost braces in \itemize; meant \describe ?
checkRd: (-1) trondelagC.Rd:71: Lost braces in \itemize; meant \describe ?
checkRd: (-1) trondelagC.Rd:72: Lost braces in \itemize; meant \describe ?
checkRd: (-1) trondelagC.Rd:73: Lost braces in \itemize; meant \describe ?
checkRd: (-1) trondelagC.Rd:74: Lost braces in \itemize; meant \describe ?
checkRd: (-1) trondelagC.Rd:75: Lost braces in \itemize; meant \describe ?
checkRd: (-1) trondelagC.Rd:76: Lost braces in \itemize; meant \describe ?
checkRd: (-1) trondelagC.Rd:77: Lost braces in \itemize; meant \describe ?
checkRd: (-1) trondelagC.Rd:78: Lost braces in \itemize; meant \describe ?
checkRd: (-1) trondelagC.Rd:79: Lost braces in \itemize; meant \describe ?
checkRd: (-1) trondelagC.Rd:80: Lost braces in \itemize; meant \describe ?
checkRd: (-1) trondelagC.Rd:81: Lost braces in \itemize; meant \describe ?
checkRd: (-1) trondelagC.Rd:82: Lost braces in \itemize; meant \describe ?
checkRd: (-1) trondelagC.Rd:83: Lost braces in \itemize; meant \describe ?
checkRd: (-1) trondelagC.Rd:84: Lost braces in \itemize; meant \describe ?
checkRd: (-1) trondelagC.Rd:85: Lost braces in \itemize; meant \describe ?
checkRd: (-1) trondelagC.Rd:86: Lost braces in \itemize; meant \describe ?
checkRd: (-1) trondelagO.Rd:18: Lost braces in \itemize; meant \describe ?
checkRd: (-1) trondelagO.Rd:19: Lost braces in \itemize; meant \describe ?
checkRd: (-1) trondelagO.Rd:20: Lost braces in \itemize; meant \describe ?
checkRd: (-1) trondelagO.Rd:21: Lost braces in \itemize; meant \describe ?
checkRd: (-1) trondelagO.Rd:22: Lost braces in \itemize; meant \describe ?
checkRd: (-1) trondelagO.Rd:23: Lost braces in \itemize; meant \describe ?
checkRd: (-1) trondelagO.Rd:24: Lost braces in \itemize; meant \describe ?
checkRd: (-1) trondelagO.Rd:25: Lost braces in \itemize; meant \describe ?
checkRd: (-1) trondelagO.Rd:26: Lost braces in \itemize; meant \describe ?
checkRd: (-1) trondelagO.Rd:27: Lost braces in \itemize; meant \describe ?
checkRd: (-1) trondelagO.Rd:28: Lost braces in \itemize; meant \describe ?
checkRd: (-1) trondelagO.Rd:29: Lost braces in \itemize; meant \describe ?
checkRd: (-1) trondelagO.Rd:30: Lost braces in \itemize; meant \describe ?
checkRd: (-1) trondelagO.Rd:31: Lost braces in \itemize; meant \describe ?
checkRd: (-1) trondelagO.Rd:32: Lost braces in \itemize; meant \describe ?
checkRd: (-1) trondelagO.Rd:33: Lost braces in \itemize; meant \describe ?
checkRd: (-1) trondelagO.Rd:34: Lost braces in \itemize; meant \describe ?
checkRd: (-1) trondelagO.Rd:35: Lost braces in \itemize; meant \describe ?
checkRd: (-1) trondelagO.Rd:36: Lost braces in \itemize; meant \describe ?
checkRd: (-1) trondelagO.Rd:37: Lost braces in \itemize; meant \describe ?
checkRd: (-1) trondelagO.Rd:38: Lost braces in \itemize; meant \describe ?
checkRd: (-1) trondelagO.Rd:39: Lost braces in \itemize; meant \describe ?
checkRd: (-1) trondelagO.Rd:40: Lost braces in \itemize; meant \describe ?
checkRd: (-1) trondelagO.Rd:41: Lost braces in \itemize; meant \describe ?
checkRd: (-1) trondelagO.Rd:42: Lost braces in \itemize; meant \describe ?
checkRd: (-1) trondelagO.Rd:43: Lost braces in \itemize; meant \describe ?
checkRd: (-1) trondelagO.Rd:44: Lost braces in \itemize; meant \describe ?
checkRd: (-1) trondelagO.Rd:45: Lost braces in \itemize; meant \describe ?
checkRd: (-1) trondelagO.Rd:46: Lost braces in \itemize; meant \describe ?
checkRd: (-1) trondelagO.Rd:47: Lost braces in \itemize; meant \describe ?
checkRd: (-1) trondelagO.Rd:48: Lost braces in \itemize; meant \describe ?
checkRd: (-1) trondelagO.Rd:49: Lost braces in \itemize; meant \describe ?
checkRd: (-1) trondelagO.Rd:50: Lost braces in \itemize; meant \describe ?
checkRd: (-1) trondelagO.Rd:51: Lost braces in \itemize; meant \describe ?
checkRd: (-1) trondelagO.Rd:52: Lost braces in \itemize; meant \describe ?
checkRd: (-1) trondelagO.Rd:53: Lost braces in \itemize; meant \describe ?
checkRd: (-1) trondelagO.Rd:54: Lost braces in \itemize; meant \describe ?
checkRd: (-1) trondelagO.Rd:55: Lost braces in \itemize; meant \describe ?
checkRd: (-1) trondelagO.Rd:56: Lost braces in \itemize; meant \describe ?
checkRd: (-1) trondelagO.Rd:57: Lost braces in \itemize; meant \describe ?
checkRd: (-1) trondelagO.Rd:58: Lost braces in \itemize; meant \describe ?
checkRd: (-1) trondelagO.Rd:59: Lost braces in \itemize; meant \describe ?
checkRd: (-1) trondelagO.Rd:60: Lost braces in \itemize; meant \describe ?
checkRd: (-1) trondelagO.Rd:61: Lost braces in \itemize; meant \describe ?
checkRd: (-1) trondelagO.Rd:62: Lost braces in \itemize; meant \describe ?
checkRd: (-1) trondelagO.Rd:63: Lost braces in \itemize; meant \describe ?
checkRd: (-1) trondelagO.Rd:64: Lost braces in \itemize; meant \describe ?
checkRd: (-1) trondelagO.Rd:65: Lost braces in \itemize; meant \describe ?
checkRd: (-1) trondelagO.Rd:66: Lost braces in \itemize; meant \describe ?
checkRd: (-1) trondelagO.Rd:67: Lost braces in \itemize; meant \describe ?
checkRd: (-1) trondelagO.Rd:68: Lost braces in \itemize; meant \describe ?
checkRd: (-1) trondelagO.Rd:69: Lost braces in \itemize; meant \describe ?
checkRd: (-1) trondelagO.Rd:70: Lost braces in \itemize; meant \describe ?
checkRd: (-1) trondelagO.Rd:71: Lost braces in \itemize; meant \describe ?
checkRd: (-1) trondelagO.Rd:72: Lost braces in \itemize; meant \describe ?
checkRd: (-1) trondelagO.Rd:73: Lost braces in \itemize; meant \describe ?
checkRd: (-1) trondelagO.Rd:74: Lost braces in \itemize; meant \describe ?
checkRd: (-1) trondelagO.Rd:75: Lost braces in \itemize; meant \describe ?
checkRd: (-1) trondelagO.Rd:76: Lost braces in \itemize; meant \describe ?
checkRd: (-1) trondelagO.Rd:77: Lost braces in \itemize; meant \describe ?
checkRd: (-1) trondelagO.Rd:78: Lost braces in \itemize; meant \describe ?
checkRd: (-1) trondelagO.Rd:79: Lost braces in \itemize; meant \describe ?
checkRd: (-1) trondelagO.Rd:80: Lost braces in \itemize; meant \describe ?
checkRd: (-1) trondelagO.Rd:81: Lost braces in \itemize; meant \describe ?
checkRd: (-1) trondelagO.Rd:82: Lost braces in \itemize; meant \describe ?
checkRd: (-1) trondelagO.Rd:83: Lost braces in \itemize; meant \describe ?
checkRd: (-1) trondelagO.Rd:84: Lost braces in \itemize; meant \describe ?
checkRd: (-1) trondelagO.Rd:85: Lost braces in \itemize; meant \describe ?
checkRd: (-1) trondelagO.Rd:86: Lost braces in \itemize; meant \describe ?
checkRd: (-1) trondelagO.Rd:87: Lost braces in \itemize; meant \describe ?
checkRd: (-1) trondelagO.Rd:88: Lost braces in \itemize; meant \describe ?
checkRd: (-1) trondelagO.Rd:89: Lost braces in \itemize; meant \describe ?
checkRd: (-1) unemployed.Rd:10: Lost braces in \itemize; meant \describe ?
checkRd: (-1) unemployed.Rd:11: Lost braces in \itemize; meant \describe ?
checkRd: (-1) unemployed.Rd:12: Lost braces in \itemize; meant \describe ?
checkRd: (-1) unemployed.Rd:13: Lost braces in \itemize; meant \describe ?
checkRd: (-1) weightedPivotCoord.Rd:23: Lost braces; missing escapes or markup?
23 | `(1/t_{1j})^pow`, if `option = "cor"`, weights are based on correlations between variable specified in yvar and logratios and its distribution:
| ^
checkRd: (-1) weightedPivotCoord.Rd:24: Lost braces; missing escapes or markup?
24 | `|integral_{0}^{r_{j}} f(x) dx|`, `f(x)...` Kernel density estimator for `s_{j}; s_{j}=0 if |r_{j}|<cut` otherwise `s_{j}=r_{j}`,
| ^
checkRd: (-1) weightedPivotCoord.Rd:24: Lost braces
24 | `|integral_{0}^{r_{j}} f(x) dx|`, `f(x)...` Kernel density estimator for `s_{j}; s_{j}=0 if |r_{j}|<cut` otherwise `s_{j}=r_{j}`,
| ^
checkRd: (-1) weightedPivotCoord.Rd:24: Lost braces; missing escapes or markup?
24 | `|integral_{0}^{r_{j}} f(x) dx|`, `f(x)...` Kernel density estimator for `s_{j}; s_{j}=0 if |r_{j}|<cut` otherwise `s_{j}=r_{j}`,
| ^
checkRd: (-1) weightedPivotCoord.Rd:24: Lost braces; missing escapes or markup?
24 | `|integral_{0}^{r_{j}} f(x) dx|`, `f(x)...` Kernel density estimator for `s_{j}; s_{j}=0 if |r_{j}|<cut` otherwise `s_{j}=r_{j}`,
| ^
checkRd: (-1) weightedPivotCoord.Rd:24: Lost braces; missing escapes or markup?
24 | `|integral_{0}^{r_{j}} f(x) dx|`, `f(x)...` Kernel density estimator for `s_{j}; s_{j}=0 if |r_{j}|<cut` otherwise `s_{j}=r_{j}`,
| ^
checkRd: (-1) weightedPivotCoord.Rd:24: Lost braces; missing escapes or markup?
24 | `|integral_{0}^{r_{j}} f(x) dx|`, `f(x)...` Kernel density estimator for `s_{j}; s_{j}=0 if |r_{j}|<cut` otherwise `s_{j}=r_{j}`,
| ^
checkRd: (-1) weightedPivotCoord.Rd:24: Lost braces; missing escapes or markup?
24 | `|integral_{0}^{r_{j}} f(x) dx|`, `f(x)...` Kernel density estimator for `s_{j}; s_{j}=0 if |r_{j}|<cut` otherwise `s_{j}=r_{j}`,
| ^
checkRd: (-1) weightedPivotCoord.Rd:24: Lost braces; missing escapes or markup?
24 | `|integral_{0}^{r_{j}} f(x) dx|`, `f(x)...` Kernel density estimator for `s_{j}; s_{j}=0 if |r_{j}|<cut` otherwise `s_{j}=r_{j}`,
| ^
checkRd: (-1) weightedPivotCoord.Rd:25: Lost braces; missing escapes or markup?
25 | `cut = min(#r_{j}=>0/#r_{j}, #r_{j}<0/#r_{j}`, with Gaussian Kernel function and bandwidth `h=0.05`.}
| ^
checkRd: (-1) weightedPivotCoord.Rd:25: Lost braces; missing escapes or markup?
25 | `cut = min(#r_{j}=>0/#r_{j}, #r_{j}<0/#r_{j}`, with Gaussian Kernel function and bandwidth `h=0.05`.}
| ^
checkRd: (-1) weightedPivotCoord.Rd:25: Lost braces; missing escapes or markup?
25 | `cut = min(#r_{j}=>0/#r_{j}, #r_{j}<0/#r_{j}`, with Gaussian Kernel function and bandwidth `h=0.05`.}
| ^
checkRd: (-1) weightedPivotCoord.Rd:25: Lost braces; missing escapes or markup?
25 | `cut = min(#r_{j}=>0/#r_{j}, #r_{j}<0/#r_{j}`, with Gaussian Kernel function and bandwidth `h=0.05`.}
| ^
Flavors: r-devel-linux-x86_64-debian-clang, r-devel-linux-x86_64-debian-gcc, r-devel-linux-x86_64-fedora-clang, r-devel-linux-x86_64-fedora-gcc, r-patched-linux-x86_64, r-release-linux-x86_64, r-release-macos-arm64, r-release-macos-x86_64
Version: 2.4.1
Flags: --no-examples --no-tests --no-vignettes
Check: Rd files
Result: NOTE
checkRd: (-1) GDPsatis.Rd:21: Lost braces in \itemize; meant \describe ?
checkRd: (-1) GDPsatis.Rd:22: Lost braces in \itemize; meant \describe ?
checkRd: (-1) GDPsatis.Rd:23: Lost braces in \itemize; meant \describe ?
checkRd: (-1) GDPsatis.Rd:24: Lost braces in \itemize; meant \describe ?
checkRd: (-1) GDPsatis.Rd:25: Lost braces in \itemize; meant \describe ?
checkRd: (-1) GDPsatis.Rd:26: Lost braces in \itemize; meant \describe ?
checkRd: (-1) GDPsatis.Rd:27: Lost braces in \itemize; meant \describe ?
checkRd: (-1) GDPsatis.Rd:28: Lost braces in \itemize; meant \describe ?
checkRd: (-1) aDist.Rd:19: Lost braces
19 | sets, or a distance matrix in case code{y} is not supplied.
| ^
checkRd: (-1) ageCatWorld.Rd:18: Lost braces in \itemize; meant \describe ?
checkRd: (-1) ageCatWorld.Rd:19: Lost braces in \itemize; meant \describe ?
checkRd: (-1) ageCatWorld.Rd:20: Lost braces in \itemize; meant \describe ?
checkRd: (-1) ageCatWorld.Rd:21: Lost braces in \itemize; meant \describe ?
checkRd: (-1) alcohol.Rd:18: Lost braces in \itemize; meant \describe ?
checkRd: (-1) alcohol.Rd:19: Lost braces in \itemize; meant \describe ?
checkRd: (-1) alcohol.Rd:20: Lost braces in \itemize; meant \describe ?
checkRd: (-1) alcohol.Rd:21: Lost braces in \itemize; meant \describe ?
checkRd: (-1) alcohol.Rd:22: Lost braces in \itemize; meant \describe ?
checkRd: (-1) alcohol.Rd:23: Lost braces in \itemize; meant \describe ?
checkRd: (-1) alcoholreg.Rd:18: Lost braces in \itemize; meant \describe ?
checkRd: (-1) alcoholreg.Rd:19: Lost braces in \itemize; meant \describe ?
checkRd: (-1) alcoholreg.Rd:20: Lost braces in \itemize; meant \describe ?
checkRd: (-1) alcoholreg.Rd:21: Lost braces in \itemize; meant \describe ?
checkRd: (-1) arcticLake.Rd:19: Lost braces in \itemize; meant \describe ?
checkRd: (-1) arcticLake.Rd:20: Lost braces in \itemize; meant \describe ?
checkRd: (-1) arcticLake.Rd:21: Lost braces in \itemize; meant \describe ?
checkRd: (-1) cancer.Rd:18: Lost braces in \itemize; meant \describe ?
checkRd: (-1) cancer.Rd:19: Lost braces in \itemize; meant \describe ?
checkRd: (-1) cancer.Rd:20: Lost braces in \itemize; meant \describe ?
checkRd: (-1) cancer.Rd:21: Lost braces in \itemize; meant \describe ?
checkRd: (-1) cancer.Rd:22: Lost braces in \itemize; meant \describe ?
checkRd: (-1) cancer.Rd:23: Lost braces in \itemize; meant \describe ?
checkRd: (-1) cancerMN.Rd:19: Lost braces in \itemize; meant \describe ?
checkRd: (-1) cancerMN.Rd:20: Lost braces in \itemize; meant \describe ?
checkRd: (-1) cancerMN.Rd:21: Lost braces in \itemize; meant \describe ?
checkRd: (-1) cancerMN.Rd:22: Lost braces in \itemize; meant \describe ?
checkRd: (-1) cancerMN.Rd:23: Lost braces in \itemize; meant \describe ?
checkRd: (-1) coffee.Rd:18: Lost braces in \itemize; meant \describe ?
checkRd: (-1) coffee.Rd:19: Lost braces in \itemize; meant \describe ?
checkRd: (-1) coffee.Rd:20: Lost braces in \itemize; meant \describe ?
checkRd: (-1) coffee.Rd:21: Lost braces in \itemize; meant \describe ?
checkRd: (-1) coffee.Rd:22: Lost braces in \itemize; meant \describe ?
checkRd: (-1) coffee.Rd:23: Lost braces in \itemize; meant \describe ?
checkRd: (-1) coffee.Rd:24: Lost braces in \itemize; meant \describe ?
checkRd: (-1) economy.Rd:19: Lost braces in \itemize; meant \describe ?
checkRd: (-1) economy.Rd:20: Lost braces in \itemize; meant \describe ?
checkRd: (-1) economy.Rd:21: Lost braces in \itemize; meant \describe ?
checkRd: (-1) economy.Rd:22: Lost braces in \itemize; meant \describe ?
checkRd: (-1) economy.Rd:23: Lost braces in \itemize; meant \describe ?
checkRd: (-1) economy.Rd:24: Lost braces in \itemize; meant \describe ?
checkRd: (-1) economy.Rd:25: Lost braces in \itemize; meant \describe ?
checkRd: (-1) educFM.Rd:22: Lost braces in \itemize; meant \describe ?
checkRd: (-1) educFM.Rd:23: Lost braces in \itemize; meant \describe ?
checkRd: (-1) educFM.Rd:24: Lost braces in \itemize; meant \describe ?
checkRd: (-1) educFM.Rd:25: Lost braces in \itemize; meant \describe ?
checkRd: (-1) educFM.Rd:26: Lost braces in \itemize; meant \describe ?
checkRd: (-1) educFM.Rd:27: Lost braces in \itemize; meant \describe ?
checkRd: (-1) educFM.Rd:28: Lost braces in \itemize; meant \describe ?
checkRd: (-1) efsa.Rd:10: Lost braces in \itemize; meant \describe ?
checkRd: (-1) efsa.Rd:11: Lost braces in \itemize; meant \describe ?
checkRd: (-1) efsa.Rd:12: Lost braces in \itemize; meant \describe ?
checkRd: (-1) efsa.Rd:13: Lost braces in \itemize; meant \describe ?
checkRd: (-1) efsa.Rd:14: Lost braces in \itemize; meant \describe ?
checkRd: (-1) efsa.Rd:15: Lost braces in \itemize; meant \describe ?
checkRd: (-1) efsa.Rd:16: Lost braces in \itemize; meant \describe ?
checkRd: (-1) efsa.Rd:17: Lost braces in \itemize; meant \describe ?
checkRd: (-1) efsa.Rd:18: Lost braces in \itemize; meant \describe ?
checkRd: (-1) efsa.Rd:19: Lost braces in \itemize; meant \describe ?
checkRd: (-1) efsa.Rd:20: Lost braces in \itemize; meant \describe ?
checkRd: (-1) efsa.Rd:21: Lost braces in \itemize; meant \describe ?
checkRd: (-1) efsa.Rd:22: Lost braces in \itemize; meant \describe ?
checkRd: (-1) efsa.Rd:23: Lost braces in \itemize; meant \describe ?
checkRd: (-1) efsa.Rd:24: Lost braces in \itemize; meant \describe ?
checkRd: (-1) efsa.Rd:25: Lost braces in \itemize; meant \describe ?
checkRd: (-1) efsa.Rd:26: Lost braces in \itemize; meant \describe ?
checkRd: (-1) efsa.Rd:27: Lost braces in \itemize; meant \describe ?
checkRd: (-1) efsa.Rd:28: Lost braces in \itemize; meant \describe ?
checkRd: (-1) efsa.Rd:29: Lost braces in \itemize; meant \describe ?
checkRd: (-1) efsa.Rd:30: Lost braces in \itemize; meant \describe ?
checkRd: (-1) efsa.Rd:31: Lost braces in \itemize; meant \describe ?
checkRd: (-1) election.Rd:31-32: Lost braces in \itemize; meant \describe ?
checkRd: (-1) election.Rd:33: Lost braces in \itemize; meant \describe ?
checkRd: (-1) election.Rd:34: Lost braces in \itemize; meant \describe ?
checkRd: (-1) election.Rd:35: Lost braces in \itemize; meant \describe ?
checkRd: (-1) election.Rd:36: Lost braces in \itemize; meant \describe ?
checkRd: (-1) election.Rd:37-38: Lost braces in \itemize; meant \describe ?
checkRd: (-1) election.Rd:39: Lost braces in \itemize; meant \describe ?
checkRd: (-1) election.Rd:40: Lost braces in \itemize; meant \describe ?
checkRd: (-1) electionATbp.Rd:23: Lost braces in \itemize; meant \describe ?
checkRd: (-1) electionATbp.Rd:24: Lost braces in \itemize; meant \describe ?
checkRd: (-1) electionATbp.Rd:25: Lost braces in \itemize; meant \describe ?
checkRd: (-1) electionATbp.Rd:26: Lost braces in \itemize; meant \describe ?
checkRd: (-1) electionATbp.Rd:27: Lost braces in \itemize; meant \describe ?
checkRd: (-1) electionATbp.Rd:28: Lost braces in \itemize; meant \describe ?
checkRd: (-1) electionATbp.Rd:29: Lost braces in \itemize; meant \describe ?
checkRd: (-1) electionATbp.Rd:30: Lost braces in \itemize; meant \describe ?
checkRd: (-1) electionATbp.Rd:31: Lost braces in \itemize; meant \describe ?
checkRd: (-1) electionATbp.Rd:32: Lost braces in \itemize; meant \describe ?
checkRd: (-1) employment2.Rd:31: Lost braces in \itemize; meant \describe ?
checkRd: (-1) employment2.Rd:32: Lost braces in \itemize; meant \describe ?
checkRd: (-1) employment2.Rd:33-34: Lost braces in \itemize; meant \describe ?
checkRd: (-1) employment2.Rd:35: Lost braces in \itemize; meant \describe ?
checkRd: (-1) employment2.Rd:36: Lost braces in \itemize; meant \describe ?
checkRd: (-1) employment_df.Rd:15: Lost braces in \itemize; meant \describe ?
checkRd: (-1) employment_df.Rd:16: Lost braces in \itemize; meant \describe ?
checkRd: (-1) employment_df.Rd:17: Lost braces in \itemize; meant \describe ?
checkRd: (-1) employment_df.Rd:18: Lost braces in \itemize; meant \describe ?
checkRd: (-1) expenditures.Rd:18: Lost braces in \itemize; meant \describe ?
checkRd: (-1) expenditures.Rd:19: Lost braces in \itemize; meant \describe ?
checkRd: (-1) expenditures.Rd:20: Lost braces in \itemize; meant \describe ?
checkRd: (-1) expenditures.Rd:21: Lost braces in \itemize; meant \describe ?
checkRd: (-1) expenditures.Rd:22: Lost braces in \itemize; meant \describe ?
checkRd: (-1) expendituresEU.Rd:10: Lost braces in \itemize; meant \describe ?
checkRd: (-1) expendituresEU.Rd:11: Lost braces in \itemize; meant \describe ?
checkRd: (-1) expendituresEU.Rd:12: Lost braces in \itemize; meant \describe ?
checkRd: (-1) expendituresEU.Rd:13: Lost braces in \itemize; meant \describe ?
checkRd: (-1) expendituresEU.Rd:14: Lost braces in \itemize; meant \describe ?
checkRd: (-1) expendituresEU.Rd:15: Lost braces in \itemize; meant \describe ?
checkRd: (-1) expendituresEU.Rd:16: Lost braces in \itemize; meant \describe ?
checkRd: (-1) expendituresEU.Rd:17: Lost braces in \itemize; meant \describe ?
checkRd: (-1) expendituresEU.Rd:18: Lost braces in \itemize; meant \describe ?
checkRd: (-1) expendituresEU.Rd:19: Lost braces in \itemize; meant \describe ?
checkRd: (-1) expendituresEU.Rd:20: Lost braces in \itemize; meant \describe ?
checkRd: (-1) expendituresEU.Rd:21: Lost braces in \itemize; meant \describe ?
checkRd: (-1) foodbalance.Rd:10: Lost braces in \itemize; meant \describe ?
checkRd: (-1) foodbalance.Rd:11: Lost braces in \itemize; meant \describe ?
checkRd: (-1) foodbalance.Rd:12: Lost braces in \itemize; meant \describe ?
checkRd: (-1) foodbalance.Rd:13: Lost braces in \itemize; meant \describe ?
checkRd: (-1) gemas.Rd:18: Lost braces in \itemize; meant \describe ?
checkRd: (-1) gemas.Rd:19: Lost braces in \itemize; meant \describe ?
checkRd: (-1) gemas.Rd:20: Lost braces in \itemize; meant \describe ?
checkRd: (-1) gemas.Rd:21: Lost braces in \itemize; meant \describe ?
checkRd: (-1) gemas.Rd:22: Lost braces in \itemize; meant \describe ?
checkRd: (-1) gemas.Rd:23: Lost braces in \itemize; meant \describe ?
checkRd: (-1) gemas.Rd:24: Lost braces in \itemize; meant \describe ?
checkRd: (-1) gemas.Rd:25: Lost braces in \itemize; meant \describe ?
checkRd: (-1) gemas.Rd:26: Lost braces in \itemize; meant \describe ?
checkRd: (-1) gemas.Rd:27: Lost braces in \itemize; meant \describe ?
checkRd: (-1) gemas.Rd:28: Lost braces in \itemize; meant \describe ?
checkRd: (-1) gemas.Rd:29: Lost braces in \itemize; meant \describe ?
checkRd: (-1) gemas.Rd:30: Lost braces in \itemize; meant \describe ?
checkRd: (-1) gemas.Rd:31: Lost braces in \itemize; meant \describe ?
checkRd: (-1) gemas.Rd:32: Lost braces in \itemize; meant \describe ?
checkRd: (-1) gemas.Rd:33: Lost braces in \itemize; meant \describe ?
checkRd: (-1) gemas.Rd:34: Lost braces in \itemize; meant \describe ?
checkRd: (-1) gemas.Rd:35: Lost braces in \itemize; meant \describe ?
checkRd: (-1) gemas.Rd:36: Lost braces in \itemize; meant \describe ?
checkRd: (-1) gemas.Rd:37: Lost braces in \itemize; meant \describe ?
checkRd: (-1) gemas.Rd:38: Lost braces in \itemize; meant \describe ?
checkRd: (-1) gemas.Rd:39: Lost braces in \itemize; meant \describe ?
checkRd: (-1) gemas.Rd:40: Lost braces in \itemize; meant \describe ?
checkRd: (-1) gemas.Rd:41: Lost braces in \itemize; meant \describe ?
checkRd: (-1) gemas.Rd:42: Lost braces in \itemize; meant \describe ?
checkRd: (-1) gemas.Rd:43: Lost braces in \itemize; meant \describe ?
checkRd: (-1) gemas.Rd:44: Lost braces in \itemize; meant \describe ?
checkRd: (-1) gemas.Rd:45: Lost braces in \itemize; meant \describe ?
checkRd: (-1) gemas.Rd:46: Lost braces in \itemize; meant \describe ?
checkRd: (-1) gemas.Rd:47: Lost braces in \itemize; meant \describe ?
checkRd: (-1) gemas.Rd:48: Lost braces in \itemize; meant \describe ?
checkRd: (-1) gjovik.Rd:10: Lost braces in \itemize; meant \describe ?
checkRd: (-1) gjovik.Rd:11: Lost braces in \itemize; meant \describe ?
checkRd: (-1) gjovik.Rd:12: Lost braces in \itemize; meant \describe ?
checkRd: (-1) gjovik.Rd:13: Lost braces in \itemize; meant \describe ?
checkRd: (-1) gjovik.Rd:14: Lost braces in \itemize; meant \describe ?
checkRd: (-1) gjovik.Rd:15: Lost braces in \itemize; meant \describe ?
checkRd: (-1) gjovik.Rd:16: Lost braces in \itemize; meant \describe ?
checkRd: (-1) gjovik.Rd:17: Lost braces in \itemize; meant \describe ?
checkRd: (-1) gjovik.Rd:18: Lost braces in \itemize; meant \describe ?
checkRd: (-1) gjovik.Rd:19: Lost braces in \itemize; meant \describe ?
checkRd: (-1) gjovik.Rd:20: Lost braces in \itemize; meant \describe ?
checkRd: (-1) gjovik.Rd:21: Lost braces in \itemize; meant \describe ?
checkRd: (-1) gjovik.Rd:22: Lost braces in \itemize; meant \describe ?
checkRd: (-1) gjovik.Rd:23: Lost braces in \itemize; meant \describe ?
checkRd: (-1) gjovik.Rd:24: Lost braces in \itemize; meant \describe ?
checkRd: (-1) gjovik.Rd:25: Lost braces in \itemize; meant \describe ?
checkRd: (-1) gjovik.Rd:26: Lost braces in \itemize; meant \describe ?
checkRd: (-1) gjovik.Rd:27: Lost braces in \itemize; meant \describe ?
checkRd: (-1) gjovik.Rd:28: Lost braces in \itemize; meant \describe ?
checkRd: (-1) gjovik.Rd:29: Lost braces in \itemize; meant \describe ?
checkRd: (-1) gjovik.Rd:30: Lost braces in \itemize; meant \describe ?
checkRd: (-1) gjovik.Rd:31: Lost braces in \itemize; meant \describe ?
checkRd: (-1) gjovik.Rd:32: Lost braces in \itemize; meant \describe ?
checkRd: (-1) gjovik.Rd:33: Lost braces in \itemize; meant \describe ?
checkRd: (-1) gjovik.Rd:34: Lost braces in \itemize; meant \describe ?
checkRd: (-1) gjovik.Rd:35: Lost braces in \itemize; meant \describe ?
checkRd: (-1) gjovik.Rd:36: Lost braces in \itemize; meant \describe ?
checkRd: (-1) gjovik.Rd:37: Lost braces in \itemize; meant \describe ?
checkRd: (-1) gjovik.Rd:38: Lost braces in \itemize; meant \describe ?
checkRd: (-1) gjovik.Rd:39: Lost braces in \itemize; meant \describe ?
checkRd: (-1) gjovik.Rd:40: Lost braces in \itemize; meant \describe ?
checkRd: (-1) gjovik.Rd:41: Lost braces in \itemize; meant \describe ?
checkRd: (-1) gjovik.Rd:42: Lost braces in \itemize; meant \describe ?
checkRd: (-1) gjovik.Rd:43: Lost braces in \itemize; meant \describe ?
checkRd: (-1) gjovik.Rd:44: Lost braces in \itemize; meant \describe ?
checkRd: (-1) gjovik.Rd:45: Lost braces in \itemize; meant \describe ?
checkRd: (-1) gjovik.Rd:46: Lost braces in \itemize; meant \describe ?
checkRd: (-1) gjovik.Rd:47: Lost braces in \itemize; meant \describe ?
checkRd: (-1) gjovik.Rd:48: Lost braces in \itemize; meant \describe ?
checkRd: (-1) gjovik.Rd:49: Lost braces in \itemize; meant \describe ?
checkRd: (-1) gjovik.Rd:50: Lost braces in \itemize; meant \describe ?
checkRd: (-1) gjovik.Rd:51: Lost braces in \itemize; meant \describe ?
checkRd: (-1) gjovik.Rd:52: Lost braces in \itemize; meant \describe ?
checkRd: (-1) gjovik.Rd:53: Lost braces in \itemize; meant \describe ?
checkRd: (-1) gjovik.Rd:54: Lost braces in \itemize; meant \describe ?
checkRd: (-1) gjovik.Rd:55: Lost braces in \itemize; meant \describe ?
checkRd: (-1) gjovik.Rd:56: Lost braces in \itemize; meant \describe ?
checkRd: (-1) gjovik.Rd:57: Lost braces in \itemize; meant \describe ?
checkRd: (-1) gjovik.Rd:58: Lost braces in \itemize; meant \describe ?
checkRd: (-1) gjovik.Rd:59: Lost braces in \itemize; meant \describe ?
checkRd: (-1) gjovik.Rd:60: Lost braces in \itemize; meant \describe ?
checkRd: (-1) gjovik.Rd:61: Lost braces in \itemize; meant \describe ?
checkRd: (-1) gjovik.Rd:62: Lost braces in \itemize; meant \describe ?
checkRd: (-1) gjovik.Rd:63: Lost braces in \itemize; meant \describe ?
checkRd: (-1) gjovik.Rd:64: Lost braces in \itemize; meant \describe ?
checkRd: (-1) gjovik.Rd:65: Lost braces in \itemize; meant \describe ?
checkRd: (-1) gjovik.Rd:66: Lost braces in \itemize; meant \describe ?
checkRd: (-1) gjovik.Rd:67: Lost braces in \itemize; meant \describe ?
checkRd: (-1) gjovik.Rd:68: Lost braces in \itemize; meant \describe ?
checkRd: (-1) gjovik.Rd:69: Lost braces in \itemize; meant \describe ?
checkRd: (-1) gjovik.Rd:70: Lost braces in \itemize; meant \describe ?
checkRd: (-1) gjovik.Rd:71: Lost braces in \itemize; meant \describe ?
checkRd: (-1) gjovik.Rd:72: Lost braces in \itemize; meant \describe ?
checkRd: (-1) govexp.Rd:10: Lost braces in \itemize; meant \describe ?
checkRd: (-1) govexp.Rd:11-16: Lost braces in \itemize; meant \describe ?
checkRd: (-1) govexp.Rd:17: Lost braces in \itemize; meant \describe ?
checkRd: (-1) govexp.Rd:18: Lost braces in \itemize; meant \describe ?
checkRd: (-1) haplogroups.Rd:10: Lost braces in \itemize; meant \describe ?
checkRd: (-1) haplogroups.Rd:11: Lost braces in \itemize; meant \describe ?
checkRd: (-1) haplogroups.Rd:12: Lost braces in \itemize; meant \describe ?
checkRd: (-1) haplogroups.Rd:13: Lost braces in \itemize; meant \describe ?
checkRd: (-1) haplogroups.Rd:14: Lost braces in \itemize; meant \describe ?
checkRd: (-1) haplogroups.Rd:15: Lost braces in \itemize; meant \describe ?
checkRd: (-1) haplogroups.Rd:16: Lost braces in \itemize; meant \describe ?
checkRd: (-1) haplogroups.Rd:17: Lost braces in \itemize; meant \describe ?
checkRd: (-1) haplogroups.Rd:18: Lost braces in \itemize; meant \describe ?
checkRd: (-1) haplogroups.Rd:19: Lost braces in \itemize; meant \describe ?
checkRd: (-1) haplogroups.Rd:20: Lost braces in \itemize; meant \describe ?
checkRd: (-1) haplogroups.Rd:21: Lost braces in \itemize; meant \describe ?
checkRd: (-1) honey.Rd:10: Lost braces in \itemize; meant \describe ?
checkRd: (-1) honey.Rd:11: Lost braces in \itemize; meant \describe ?
checkRd: (-1) honey.Rd:12: Lost braces in \itemize; meant \describe ?
checkRd: (-1) honey.Rd:13: Lost braces in \itemize; meant \describe ?
checkRd: (-1) honey.Rd:14: Lost braces in \itemize; meant \describe ?
checkRd: (-1) honey.Rd:15: Lost braces in \itemize; meant \describe ?
checkRd: (-1) honey.Rd:16: Lost braces in \itemize; meant \describe ?
checkRd: (-1) honey.Rd:17: Lost braces in \itemize; meant \describe ?
checkRd: (-1) honey.Rd:18: Lost braces in \itemize; meant \describe ?
checkRd: (-1) honey.Rd:19: Lost braces in \itemize; meant \describe ?
checkRd: (-1) honey.Rd:20: Lost braces in \itemize; meant \describe ?
checkRd: (-1) honey.Rd:21: Lost braces in \itemize; meant \describe ?
checkRd: (-1) honey.Rd:22: Lost braces in \itemize; meant \describe ?
checkRd: (-1) honey.Rd:23: Lost braces in \itemize; meant \describe ?
checkRd: (-1) honey.Rd:24: Lost braces in \itemize; meant \describe ?
checkRd: (-1) honey.Rd:25: Lost braces in \itemize; meant \describe ?
checkRd: (-1) honey.Rd:26: Lost braces in \itemize; meant \describe ?
checkRd: (-1) instw.Rd:15: Lost braces in \itemize; meant \describe ?
checkRd: (-1) instw.Rd:16: Lost braces in \itemize; meant \describe ?
checkRd: (-1) instw.Rd:17: Lost braces in \itemize; meant \describe ?
checkRd: (-1) instw.Rd:18: Lost braces in \itemize; meant \describe ?
checkRd: (-1) instw.Rd:19: Lost braces in \itemize; meant \describe ?
checkRd: (-1) instw.Rd:20: Lost braces in \itemize; meant \describe ?
checkRd: (-1) instw.Rd:21: Lost braces in \itemize; meant \describe ?
checkRd: (-1) intTab.Rd:18: Lost braces in \itemize; \value handles \item{}{} directly
checkRd: (-1) intTab.Rd:19-20: Lost braces in \itemize; \value handles \item{}{} directly
checkRd: (-1) isic32.Rd:15: Lost braces in \itemize; meant \describe ?
checkRd: (-1) isic32.Rd:16: Lost braces in \itemize; meant \describe ?
checkRd: (-1) laborForce.Rd:18: Lost braces in \itemize; meant \describe ?
checkRd: (-1) laborForce.Rd:19: Lost braces in \itemize; meant \describe ?
checkRd: (-1) laborForce.Rd:20: Lost braces in \itemize; meant \describe ?
checkRd: (-1) laborForce.Rd:21: Lost braces in \itemize; meant \describe ?
checkRd: (-1) laborForce.Rd:22: Lost braces in \itemize; meant \describe ?
checkRd: (-1) laborForce.Rd:23: Lost braces in \itemize; meant \describe ?
checkRd: (-1) laborForce.Rd:24: Lost braces in \itemize; meant \describe ?
checkRd: (-1) laborForce.Rd:25: Lost braces in \itemize; meant \describe ?
checkRd: (-1) laborForce.Rd:26: Lost braces in \itemize; meant \describe ?
checkRd: (-1) landcover.Rd:18: Lost braces in \itemize; meant \describe ?
checkRd: (-1) landcover.Rd:19: Lost braces in \itemize; meant \describe ?
checkRd: (-1) landcover.Rd:20: Lost braces in \itemize; meant \describe ?
checkRd: (-1) landcover.Rd:21: Lost braces in \itemize; meant \describe ?
checkRd: (-1) landcover.Rd:22: Lost braces in \itemize; meant \describe ?
checkRd: (-1) landcover.Rd:23: Lost braces in \itemize; meant \describe ?
checkRd: (-1) landcover.Rd:24: Lost braces in \itemize; meant \describe ?
checkRd: (-1) lifeExpGdp.Rd:18: Lost braces in \itemize; meant \describe ?
checkRd: (-1) lifeExpGdp.Rd:19: Lost braces in \itemize; meant \describe ?
checkRd: (-1) lifeExpGdp.Rd:20: Lost braces in \itemize; meant \describe ?
checkRd: (-1) lifeExpGdp.Rd:21: Lost braces in \itemize; meant \describe ?
checkRd: (-1) lifeExpGdp.Rd:22: Lost braces in \itemize; meant \describe ?
checkRd: (-1) lifeExpGdp.Rd:23: Lost braces in \itemize; meant \describe ?
checkRd: (-1) lifeExpGdp.Rd:24: Lost braces in \itemize; meant \describe ?
checkRd: (-1) lifeExpGdp.Rd:25: Lost braces in \itemize; meant \describe ?
checkRd: (-1) lifeExpGdp.Rd:26: Lost braces in \itemize; meant \describe ?
checkRd: (-1) machineOperators.Rd:18: Lost braces in \itemize; meant \describe ?
checkRd: (-1) machineOperators.Rd:19: Lost braces in \itemize; meant \describe ?
checkRd: (-1) machineOperators.Rd:20: Lost braces in \itemize; meant \describe ?
checkRd: (-1) machineOperators.Rd:21: Lost braces in \itemize; meant \describe ?
checkRd: (-1) manu_abs.Rd:27: Lost braces in \itemize; meant \describe ?
checkRd: (-1) manu_abs.Rd:28-33: Lost braces in \itemize; meant \describe ?
checkRd: (-1) manu_abs.Rd:34: Lost braces in \itemize; meant \describe ?
checkRd: (-1) manu_abs.Rd:35: Lost braces in \itemize; meant \describe ?
checkRd: (-1) mcad.Rd:22: Lost braces in \itemize; meant \describe ?
checkRd: (-1) mcad.Rd:23: Lost braces in \itemize; meant \describe ?
checkRd: (-1) mortality.Rd:15: Lost braces in \itemize; meant \describe ?
checkRd: (-1) mortality.Rd:16: Lost braces in \itemize; meant \describe ?
checkRd: (-1) mortality.Rd:17: Lost braces in \itemize; meant \describe ?
checkRd: (-1) mortality.Rd:18: Lost braces in \itemize; meant \describe ?
checkRd: (-1) mortality.Rd:19: Lost braces in \itemize; meant \describe ?
checkRd: (-1) mortality.Rd:20: Lost braces in \itemize; meant \describe ?
checkRd: (-1) mortality.Rd:21: Lost braces in \itemize; meant \describe ?
checkRd: (-1) mortality.Rd:22: Lost braces in \itemize; meant \describe ?
checkRd: (-1) mortality.Rd:23: Lost braces in \itemize; meant \describe ?
checkRd: (-1) mortality.Rd:24: Lost braces in \itemize; meant \describe ?
checkRd: (-1) mortality.Rd:25: Lost braces in \itemize; meant \describe ?
checkRd: (-1) mortality.Rd:26: Lost braces in \itemize; meant \describe ?
checkRd: (-1) mortality_tab.Rd:18: Lost braces in \itemize; meant \describe ?
checkRd: (-1) mortality_tab.Rd:19: Lost braces in \itemize; meant \describe ?
checkRd: (-1) nutrients.Rd:21: Lost braces in \itemize; meant \describe ?
checkRd: (-1) nutrients.Rd:22: Lost braces in \itemize; meant \describe ?
checkRd: (-1) nutrients.Rd:23: Lost braces in \itemize; meant \describe ?
checkRd: (-1) nutrients.Rd:24: Lost braces in \itemize; meant \describe ?
checkRd: (-1) nutrients.Rd:25: Lost braces in \itemize; meant \describe ?
checkRd: (-1) nutrients.Rd:26: Lost braces in \itemize; meant \describe ?
checkRd: (-1) nutrients.Rd:27: Lost braces in \itemize; meant \describe ?
checkRd: (-1) nutrients.Rd:28: Lost braces in \itemize; meant \describe ?
checkRd: (-1) nutrients.Rd:29: Lost braces in \itemize; meant \describe ?
checkRd: (-1) nutrients.Rd:30: Lost braces in \itemize; meant \describe ?
checkRd: (-1) nutrients.Rd:31: Lost braces in \itemize; meant \describe ?
checkRd: (-1) nutrients.Rd:32: Lost braces in \itemize; meant \describe ?
checkRd: (-1) nutrients.Rd:33: Lost braces in \itemize; meant \describe ?
checkRd: (-1) nutrients.Rd:34: Lost braces in \itemize; meant \describe ?
checkRd: (-1) nutrients.Rd:35: Lost braces in \itemize; meant \describe ?
checkRd: (-1) nutrients.Rd:36: Lost braces in \itemize; meant \describe ?
checkRd: (-1) nutrients.Rd:37: Lost braces in \itemize; meant \describe ?
checkRd: (-1) nutrients.Rd:38: Lost braces in \itemize; meant \describe ?
checkRd: (-1) nutrients.Rd:39: Lost braces in \itemize; meant \describe ?
checkRd: (-1) nutrients.Rd:40: Lost braces in \itemize; meant \describe ?
checkRd: (-1) nutrients.Rd:41: Lost braces in \itemize; meant \describe ?
checkRd: (-1) nutrients.Rd:42: Lost braces in \itemize; meant \describe ?
checkRd: (-1) nutrients.Rd:43: Lost braces in \itemize; meant \describe ?
checkRd: (-1) nutrients.Rd:44: Lost braces in \itemize; meant \describe ?
checkRd: (-1) nutrients.Rd:45: Lost braces in \itemize; meant \describe ?
checkRd: (-1) nutrients.Rd:46: Lost braces in \itemize; meant \describe ?
checkRd: (-1) nutrients.Rd:47: Lost braces in \itemize; meant \describe ?
checkRd: (-1) nutrients.Rd:48: Lost braces in \itemize; meant \describe ?
checkRd: (-1) nutrients.Rd:49: Lost braces in \itemize; meant \describe ?
checkRd: (-1) nutrients.Rd:50: Lost braces in \itemize; meant \describe ?
checkRd: (-1) nutrients.Rd:51: Lost braces in \itemize; meant \describe ?
checkRd: (-1) nutrients.Rd:52: Lost braces in \itemize; meant \describe ?
checkRd: (-1) nutrients.Rd:53: Lost braces in \itemize; meant \describe ?
checkRd: (-1) nutrients.Rd:54: Lost braces in \itemize; meant \describe ?
checkRd: (-1) nutrients.Rd:55: Lost braces in \itemize; meant \describe ?
checkRd: (-1) nutrients.Rd:56: Lost braces in \itemize; meant \describe ?
checkRd: (-1) nutrients.Rd:57: Lost braces in \itemize; meant \describe ?
checkRd: (-1) nutrients.Rd:58: Lost braces in \itemize; meant \describe ?
checkRd: (-1) nutrients.Rd:59: Lost braces in \itemize; meant \describe ?
checkRd: (-1) nutrients.Rd:60: Lost braces in \itemize; meant \describe ?
checkRd: (-1) nutrients.Rd:61: Lost braces in \itemize; meant \describe ?
checkRd: (-1) nutrients.Rd:62: Lost braces in \itemize; meant \describe ?
checkRd: (-1) nutrients.Rd:63: Lost braces in \itemize; meant \describe ?
checkRd: (-1) nutrients.Rd:64: Lost braces in \itemize; meant \describe ?
checkRd: (-1) nutrients.Rd:65: Lost braces in \itemize; meant \describe ?
checkRd: (-1) nutrients.Rd:66: Lost braces in \itemize; meant \describe ?
checkRd: (-1) nutrients.Rd:67: Lost braces in \itemize; meant \describe ?
checkRd: (-1) nutrients.Rd:68: Lost braces in \itemize; meant \describe ?
checkRd: (-1) nutrients.Rd:69: Lost braces in \itemize; meant \describe ?
checkRd: (-1) nutrients.Rd:70: Lost braces in \itemize; meant \describe ?
checkRd: (-1) nutrients_branded.Rd:21: Lost braces in \itemize; meant \describe ?
checkRd: (-1) nutrients_branded.Rd:22: Lost braces in \itemize; meant \describe ?
checkRd: (-1) nutrients_branded.Rd:23: Lost braces in \itemize; meant \describe ?
checkRd: (-1) nutrients_branded.Rd:24: Lost braces in \itemize; meant \describe ?
checkRd: (-1) nutrients_branded.Rd:25: Lost braces in \itemize; meant \describe ?
checkRd: (-1) nutrients_branded.Rd:26: Lost braces in \itemize; meant \describe ?
checkRd: (-1) nutrients_branded.Rd:27: Lost braces in \itemize; meant \describe ?
checkRd: (-1) nutrients_branded.Rd:28: Lost braces in \itemize; meant \describe ?
checkRd: (-1) nutrients_branded.Rd:29: Lost braces in \itemize; meant \describe ?
checkRd: (-1) nutrients_branded.Rd:30: Lost braces in \itemize; meant \describe ?
checkRd: (-1) nutrients_branded.Rd:31: Lost braces in \itemize; meant \describe ?
checkRd: (-1) nutrients_branded.Rd:32: Lost braces in \itemize; meant \describe ?
checkRd: (-1) nutrients_branded.Rd:33: Lost braces in \itemize; meant \describe ?
checkRd: (-1) nutrients_branded.Rd:34: Lost braces in \itemize; meant \describe ?
checkRd: (-1) nutrients_branded.Rd:35: Lost braces in \itemize; meant \describe ?
checkRd: (-1) nutrients_branded.Rd:36: Lost braces in \itemize; meant \describe ?
checkRd: (-1) nutrients_branded.Rd:37: Lost braces in \itemize; meant \describe ?
checkRd: (-1) nutrients_branded.Rd:38: Lost braces in \itemize; meant \describe ?
checkRd: (-1) payments.Rd:31: Lost braces in \itemize; meant \describe ?
checkRd: (-1) payments.Rd:32: Lost braces in \itemize; meant \describe ?
checkRd: (-1) payments.Rd:33: Lost braces in \itemize; meant \describe ?
checkRd: (-1) payments.Rd:34: Lost braces in \itemize; meant \describe ?
checkRd: (-1) payments.Rd:35: Lost braces in \itemize; meant \describe ?
checkRd: (-1) payments.Rd:36: Lost braces in \itemize; meant \describe ?
checkRd: (-1) payments.Rd:37: Lost braces in \itemize; meant \describe ?
checkRd: (-1) payments.Rd:38: Lost braces in \itemize; meant \describe ?
checkRd: (-1) payments.Rd:39: Lost braces in \itemize; meant \describe ?
checkRd: (-1) payments.Rd:40: Lost braces in \itemize; meant \describe ?
checkRd: (-1) payments.Rd:41: Lost braces in \itemize; meant \describe ?
checkRd: (-1) phd.Rd:21: Lost braces in \itemize; meant \describe ?
checkRd: (-1) phd.Rd:22: Lost braces in \itemize; meant \describe ?
checkRd: (-1) phd.Rd:23: Lost braces in \itemize; meant \describe ?
checkRd: (-1) phd.Rd:24: Lost braces in \itemize; meant \describe ?
checkRd: (-1) phd.Rd:25: Lost braces in \itemize; meant \describe ?
checkRd: (-1) phd.Rd:26: Lost braces in \itemize; meant \describe ?
checkRd: (-1) phd.Rd:27: Lost braces in \itemize; meant \describe ?
checkRd: (-1) phd.Rd:28: Lost braces in \itemize; meant \describe ?
checkRd: (-1) phd.Rd:29: Lost braces in \itemize; meant \describe ?
checkRd: (-1) phd.Rd:30: Lost braces in \itemize; meant \describe ?
checkRd: (-1) phd.Rd:31: Lost braces in \itemize; meant \describe ?
checkRd: (-1) phd_totals.Rd:18: Lost braces in \itemize; meant \describe ?
checkRd: (-1) phd_totals.Rd:19: Lost braces in \itemize; meant \describe ?
checkRd: (-1) phd_totals.Rd:20: Lost braces in \itemize; meant \describe ?
checkRd: (-1) phd_totals.Rd:21: Lost braces in \itemize; meant \describe ?
checkRd: (-1) phd_totals.Rd:22: Lost braces in \itemize; meant \describe ?
checkRd: (-1) precipitation.Rd:18: Lost braces in \itemize; meant \describe ?
checkRd: (-1) precipitation.Rd:19: Lost braces in \itemize; meant \describe ?
checkRd: (-1) precipitation.Rd:20: Lost braces in \itemize; meant \describe ?
checkRd: (-1) precipitation.Rd:21: Lost braces in \itemize; meant \describe ?
checkRd: (-1) production.Rd:28: Lost braces in \itemize; meant \describe ?
checkRd: (-1) production.Rd:29: Lost braces in \itemize; meant \describe ?
checkRd: (-1) production.Rd:30: Lost braces in \itemize; meant \describe ?
checkRd: (-1) production.Rd:31: Lost braces in \itemize; meant \describe ?
checkRd: (-1) production.Rd:32: Lost braces in \itemize; meant \describe ?
checkRd: (-1) production.Rd:33: Lost braces in \itemize; meant \describe ?
checkRd: (-1) production.Rd:34: Lost braces in \itemize; meant \describe ?
checkRd: (-1) production.Rd:35: Lost braces in \itemize; meant \describe ?
checkRd: (-1) production.Rd:36: Lost braces in \itemize; meant \describe ?
checkRd: (-1) rSDev.test.Rd:19: Lost braces in \itemize; \value handles \item{}{} directly
checkRd: (-1) rSDev.test.Rd:20: Lost braces in \itemize; \value handles \item{}{} directly
checkRd: (-1) rSDev.test.Rd:21: Lost braces in \itemize; \value handles \item{}{} directly
checkRd: (-1) rcodes.Rd:15: Lost braces in \itemize; meant \describe ?
checkRd: (-1) rcodes.Rd:16: Lost braces in \itemize; meant \describe ?
checkRd: (-1) rcodes.Rd:17: Lost braces in \itemize; meant \describe ?
checkRd: (-1) rcodes.Rd:18: Lost braces in \itemize; meant \describe ?
checkRd: (-1) rcodes.Rd:19: Lost braces in \itemize; meant \describe ?
checkRd: (-1) rcodes.Rd:20: Lost braces in \itemize; meant \describe ?
checkRd: (-1) saffron.Rd:10: Lost braces in \itemize; meant \describe ?
checkRd: (-1) saffron.Rd:11: Lost braces in \itemize; meant \describe ?
checkRd: (-1) saffron.Rd:12: Lost braces in \itemize; meant \describe ?
checkRd: (-1) saffron.Rd:13: Lost braces in \itemize; meant \describe ?
checkRd: (-1) saffron.Rd:14: Lost braces in \itemize; meant \describe ?
checkRd: (-1) saffron.Rd:15: Lost braces in \itemize; meant \describe ?
checkRd: (-1) saffron.Rd:16: Lost braces in \itemize; meant \describe ?
checkRd: (-1) saffron.Rd:17: Lost braces in \itemize; meant \describe ?
checkRd: (-1) saffron.Rd:18: Lost braces in \itemize; meant \describe ?
checkRd: (-1) saffron.Rd:19: Lost braces in \itemize; meant \describe ?
checkRd: (-1) saffron.Rd:20: Lost braces in \itemize; meant \describe ?
checkRd: (-1) saffron.Rd:21: Lost braces in \itemize; meant \describe ?
checkRd: (-1) saffron.Rd:22: Lost braces in \itemize; meant \describe ?
checkRd: (-1) saffron.Rd:23: Lost braces in \itemize; meant \describe ?
checkRd: (-1) saffron.Rd:24: Lost braces in \itemize; meant \describe ?
checkRd: (-1) saffron.Rd:25: Lost braces in \itemize; meant \describe ?
checkRd: (-1) saffron.Rd:26: Lost braces in \itemize; meant \describe ?
checkRd: (-1) saffron.Rd:27: Lost braces in \itemize; meant \describe ?
checkRd: (-1) saffron.Rd:28: Lost braces in \itemize; meant \describe ?
checkRd: (-1) saffron.Rd:29: Lost braces in \itemize; meant \describe ?
checkRd: (-1) saffron.Rd:30: Lost braces in \itemize; meant \describe ?
checkRd: (-1) saffron.Rd:31: Lost braces in \itemize; meant \describe ?
checkRd: (-1) saffron.Rd:32: Lost braces in \itemize; meant \describe ?
checkRd: (-1) saffron.Rd:33: Lost braces in \itemize; meant \describe ?
checkRd: (-1) saffron.Rd:34: Lost braces in \itemize; meant \describe ?
checkRd: (-1) saffron.Rd:35: Lost braces in \itemize; meant \describe ?
checkRd: (-1) saffron.Rd:36: Lost braces in \itemize; meant \describe ?
checkRd: (-1) saffron.Rd:37: Lost braces in \itemize; meant \describe ?
checkRd: (-1) saffron.Rd:38: Lost braces in \itemize; meant \describe ?
checkRd: (-1) saffron.Rd:39: Lost braces in \itemize; meant \describe ?
checkRd: (-1) saffron.Rd:40: Lost braces in \itemize; meant \describe ?
checkRd: (-1) saffron.Rd:41: Lost braces in \itemize; meant \describe ?
checkRd: (-1) saffron.Rd:42: Lost braces in \itemize; meant \describe ?
checkRd: (-1) saffron.Rd:43: Lost braces in \itemize; meant \describe ?
checkRd: (-1) saffron.Rd:44: Lost braces in \itemize; meant \describe ?
checkRd: (-1) saffron.Rd:45: Lost braces in \itemize; meant \describe ?
checkRd: (-1) skyeLavas.Rd:18: Lost braces in \itemize; meant \describe ?
checkRd: (-1) skyeLavas.Rd:19: Lost braces in \itemize; meant \describe ?
checkRd: (-1) skyeLavas.Rd:20: Lost braces in \itemize; meant \describe ?
checkRd: (-1) socExp.Rd:21: Lost braces in \itemize; meant \describe ?
checkRd: (-1) socExp.Rd:22: Lost braces in \itemize; meant \describe ?
checkRd: (-1) socExp.Rd:23: Lost braces in \itemize; meant \describe ?
checkRd: (-1) socExp.Rd:24: Lost braces in \itemize; meant \describe ?
checkRd: (-1) socExp.Rd:25: Lost braces in \itemize; meant \describe ?
checkRd: (-1) socExp.Rd:26: Lost braces in \itemize; meant \describe ?
checkRd: (-1) socExp.Rd:27: Lost braces in \itemize; meant \describe ?
checkRd: (-1) socExp.Rd:28: Lost braces in \itemize; meant \describe ?
checkRd: (-1) teachingStuff.Rd:10: Lost braces in \itemize; meant \describe ?
checkRd: (-1) teachingStuff.Rd:11: Lost braces in \itemize; meant \describe ?
checkRd: (-1) teachingStuff.Rd:12: Lost braces in \itemize; meant \describe ?
checkRd: (-1) teachingStuff.Rd:13: Lost braces in \itemize; meant \describe ?
checkRd: (-1) trondelagC.Rd:18: Lost braces in \itemize; meant \describe ?
checkRd: (-1) trondelagC.Rd:19: Lost braces in \itemize; meant \describe ?
checkRd: (-1) trondelagC.Rd:20: Lost braces in \itemize; meant \describe ?
checkRd: (-1) trondelagC.Rd:21: Lost braces in \itemize; meant \describe ?
checkRd: (-1) trondelagC.Rd:22: Lost braces in \itemize; meant \describe ?
checkRd: (-1) trondelagC.Rd:23: Lost braces in \itemize; meant \describe ?
checkRd: (-1) trondelagC.Rd:25: Lost braces in \itemize; meant \describe ?
checkRd: (-1) trondelagC.Rd:26: Lost braces in \itemize; meant \describe ?
checkRd: (-1) trondelagC.Rd:27: Lost braces in \itemize; meant \describe ?
checkRd: (-1) trondelagC.Rd:28: Lost braces in \itemize; meant \describe ?
checkRd: (-1) trondelagC.Rd:29: Lost braces in \itemize; meant \describe ?
checkRd: (-1) trondelagC.Rd:30: Lost braces in \itemize; meant \describe ?
checkRd: (-1) trondelagC.Rd:31: Lost braces in \itemize; meant \describe ?
checkRd: (-1) trondelagC.Rd:32: Lost braces in \itemize; meant \describe ?
checkRd: (-1) trondelagC.Rd:33: Lost braces in \itemize; meant \describe ?
checkRd: (-1) trondelagC.Rd:34: Lost braces in \itemize; meant \describe ?
checkRd: (-1) trondelagC.Rd:35: Lost braces in \itemize; meant \describe ?
checkRd: (-1) trondelagC.Rd:36: Lost braces in \itemize; meant \describe ?
checkRd: (-1) trondelagC.Rd:37: Lost braces in \itemize; meant \describe ?
checkRd: (-1) trondelagC.Rd:38: Lost braces in \itemize; meant \describe ?
checkRd: (-1) trondelagC.Rd:39: Lost braces in \itemize; meant \describe ?
checkRd: (-1) trondelagC.Rd:40: Lost braces in \itemize; meant \describe ?
checkRd: (-1) trondelagC.Rd:41: Lost braces in \itemize; meant \describe ?
checkRd: (-1) trondelagC.Rd:42: Lost braces in \itemize; meant \describe ?
checkRd: (-1) trondelagC.Rd:43: Lost braces in \itemize; meant \describe ?
checkRd: (-1) trondelagC.Rd:44: Lost braces in \itemize; meant \describe ?
checkRd: (-1) trondelagC.Rd:45: Lost braces in \itemize; meant \describe ?
checkRd: (-1) trondelagC.Rd:46: Lost braces in \itemize; meant \describe ?
checkRd: (-1) trondelagC.Rd:47: Lost braces in \itemize; meant \describe ?
checkRd: (-1) trondelagC.Rd:48: Lost braces in \itemize; meant \describe ?
checkRd: (-1) trondelagC.Rd:49: Lost braces in \itemize; meant \describe ?
checkRd: (-1) trondelagC.Rd:50: Lost braces in \itemize; meant \describe ?
checkRd: (-1) trondelagC.Rd:51: Lost braces in \itemize; meant \describe ?
checkRd: (-1) trondelagC.Rd:52: Lost braces in \itemize; meant \describe ?
checkRd: (-1) trondelagC.Rd:53: Lost braces in \itemize; meant \describe ?
checkRd: (-1) trondelagC.Rd:54: Lost braces in \itemize; meant \describe ?
checkRd: (-1) trondelagC.Rd:55: Lost braces in \itemize; meant \describe ?
checkRd: (-1) trondelagC.Rd:56: Lost braces in \itemize; meant \describe ?
checkRd: (-1) trondelagC.Rd:57: Lost braces in \itemize; meant \describe ?
checkRd: (-1) trondelagC.Rd:58: Lost braces in \itemize; meant \describe ?
checkRd: (-1) trondelagC.Rd:59: Lost braces in \itemize; meant \describe ?
checkRd: (-1) trondelagC.Rd:60: Lost braces in \itemize; meant \describe ?
checkRd: (-1) trondelagC.Rd:61: Lost braces in \itemize; meant \describe ?
checkRd: (-1) trondelagC.Rd:62: Lost braces in \itemize; meant \describe ?
checkRd: (-1) trondelagC.Rd:63: Lost braces in \itemize; meant \describe ?
checkRd: (-1) trondelagC.Rd:64: Lost braces in \itemize; meant \describe ?
checkRd: (-1) trondelagC.Rd:65: Lost braces in \itemize; meant \describe ?
checkRd: (-1) trondelagC.Rd:66: Lost braces in \itemize; meant \describe ?
checkRd: (-1) trondelagC.Rd:67: Lost braces in \itemize; meant \describe ?
checkRd: (-1) trondelagC.Rd:68: Lost braces in \itemize; meant \describe ?
checkRd: (-1) trondelagC.Rd:69: Lost braces in \itemize; meant \describe ?
checkRd: (-1) trondelagC.Rd:70: Lost braces in \itemize; meant \describe ?
checkRd: (-1) trondelagC.Rd:71: Lost braces in \itemize; meant \describe ?
checkRd: (-1) trondelagC.Rd:72: Lost braces in \itemize; meant \describe ?
checkRd: (-1) trondelagC.Rd:73: Lost braces in \itemize; meant \describe ?
checkRd: (-1) trondelagC.Rd:74: Lost braces in \itemize; meant \describe ?
checkRd: (-1) trondelagC.Rd:75: Lost braces in \itemize; meant \describe ?
checkRd: (-1) trondelagC.Rd:76: Lost braces in \itemize; meant \describe ?
checkRd: (-1) trondelagC.Rd:77: Lost braces in \itemize; meant \describe ?
checkRd: (-1) trondelagC.Rd:78: Lost braces in \itemize; meant \describe ?
checkRd: (-1) trondelagC.Rd:79: Lost braces in \itemize; meant \describe ?
checkRd: (-1) trondelagC.Rd:80: Lost braces in \itemize; meant \describe ?
checkRd: (-1) trondelagC.Rd:81: Lost braces in \itemize; meant \describe ?
checkRd: (-1) trondelagC.Rd:82: Lost braces in \itemize; meant \describe ?
checkRd: (-1) trondelagC.Rd:83: Lost braces in \itemize; meant \describe ?
checkRd: (-1) trondelagC.Rd:84: Lost braces in \itemize; meant \describe ?
checkRd: (-1) trondelagC.Rd:85: Lost braces in \itemize; meant \describe ?
checkRd: (-1) trondelagC.Rd:86: Lost braces in \itemize; meant \describe ?
checkRd: (-1) trondelagO.Rd:18: Lost braces in \itemize; meant \describe ?
checkRd: (-1) trondelagO.Rd:19: Lost braces in \itemize; meant \describe ?
checkRd: (-1) trondelagO.Rd:20: Lost braces in \itemize; meant \describe ?
checkRd: (-1) trondelagO.Rd:21: Lost braces in \itemize; meant \describe ?
checkRd: (-1) trondelagO.Rd:22: Lost braces in \itemize; meant \describe ?
checkRd: (-1) trondelagO.Rd:23: Lost braces in \itemize; meant \describe ?
checkRd: (-1) trondelagO.Rd:24: Lost braces in \itemize; meant \describe ?
checkRd: (-1) trondelagO.Rd:25: Lost braces in \itemize; meant \describe ?
checkRd: (-1) trondelagO.Rd:26: Lost braces in \itemize; meant \describe ?
checkRd: (-1) trondelagO.Rd:27: Lost braces in \itemize; meant \describe ?
checkRd: (-1) trondelagO.Rd:28: Lost braces in \itemize; meant \describe ?
checkRd: (-1) trondelagO.Rd:29: Lost braces in \itemize; meant \describe ?
checkRd: (-1) trondelagO.Rd:30: Lost braces in \itemize; meant \describe ?
checkRd: (-1) trondelagO.Rd:31: Lost braces in \itemize; meant \describe ?
checkRd: (-1) trondelagO.Rd:32: Lost braces in \itemize; meant \describe ?
checkRd: (-1) trondelagO.Rd:33: Lost braces in \itemize; meant \describe ?
checkRd: (-1) trondelagO.Rd:34: Lost braces in \itemize; meant \describe ?
checkRd: (-1) trondelagO.Rd:35: Lost braces in \itemize; meant \describe ?
checkRd: (-1) trondelagO.Rd:36: Lost braces in \itemize; meant \describe ?
checkRd: (-1) trondelagO.Rd:37: Lost braces in \itemize; meant \describe ?
checkRd: (-1) trondelagO.Rd:38: Lost braces in \itemize; meant \describe ?
checkRd: (-1) trondelagO.Rd:39: Lost braces in \itemize; meant \describe ?
checkRd: (-1) trondelagO.Rd:40: Lost braces in \itemize; meant \describe ?
checkRd: (-1) trondelagO.Rd:41: Lost braces in \itemize; meant \describe ?
checkRd: (-1) trondelagO.Rd:42: Lost braces in \itemize; meant \describe ?
checkRd: (-1) trondelagO.Rd:43: Lost braces in \itemize; meant \describe ?
checkRd: (-1) trondelagO.Rd:44: Lost braces in \itemize; meant \describe ?
checkRd: (-1) trondelagO.Rd:45: Lost braces in \itemize; meant \describe ?
checkRd: (-1) trondelagO.Rd:46: Lost braces in \itemize; meant \describe ?
checkRd: (-1) trondelagO.Rd:47: Lost braces in \itemize; meant \describe ?
checkRd: (-1) trondelagO.Rd:48: Lost braces in \itemize; meant \describe ?
checkRd: (-1) trondelagO.Rd:49: Lost braces in \itemize; meant \describe ?
checkRd: (-1) trondelagO.Rd:50: Lost braces in \itemize; meant \describe ?
checkRd: (-1) trondelagO.Rd:51: Lost braces in \itemize; meant \describe ?
checkRd: (-1) trondelagO.Rd:52: Lost braces in \itemize; meant \describe ?
checkRd: (-1) trondelagO.Rd:53: Lost braces in \itemize; meant \describe ?
checkRd: (-1) trondelagO.Rd:54: Lost braces in \itemize; meant \describe ?
checkRd: (-1) trondelagO.Rd:55: Lost braces in \itemize; meant \describe ?
checkRd: (-1) trondelagO.Rd:56: Lost braces in \itemize; meant \describe ?
checkRd: (-1) trondelagO.Rd:57: Lost braces in \itemize; meant \describe ?
checkRd: (-1) trondelagO.Rd:58: Lost braces in \itemize; meant \describe ?
checkRd: (-1) trondelagO.Rd:59: Lost braces in \itemize; meant \describe ?
checkRd: (-1) trondelagO.Rd:60: Lost braces in \itemize; meant \describe ?
checkRd: (-1) trondelagO.Rd:61: Lost braces in \itemize; meant \describe ?
checkRd: (-1) trondelagO.Rd:62: Lost braces in \itemize; meant \describe ?
checkRd: (-1) trondelagO.Rd:63: Lost braces in \itemize; meant \describe ?
checkRd: (-1) trondelagO.Rd:64: Lost braces in \itemize; meant \describe ?
checkRd: (-1) trondelagO.Rd:65: Lost braces in \itemize; meant \describe ?
checkRd: (-1) trondelagO.Rd:66: Lost braces in \itemize; meant \describe ?
checkRd: (-1) trondelagO.Rd:67: Lost braces in \itemize; meant \describe ?
checkRd: (-1) trondelagO.Rd:68: Lost braces in \itemize; meant \describe ?
checkRd: (-1) trondelagO.Rd:69: Lost braces in \itemize; meant \describe ?
checkRd: (-1) trondelagO.Rd:70: Lost braces in \itemize; meant \describe ?
checkRd: (-1) trondelagO.Rd:71: Lost braces in \itemize; meant \describe ?
checkRd: (-1) trondelagO.Rd:72: Lost braces in \itemize; meant \describe ?
checkRd: (-1) trondelagO.Rd:73: Lost braces in \itemize; meant \describe ?
checkRd: (-1) trondelagO.Rd:74: Lost braces in \itemize; meant \describe ?
checkRd: (-1) trondelagO.Rd:75: Lost braces in \itemize; meant \describe ?
checkRd: (-1) trondelagO.Rd:76: Lost braces in \itemize; meant \describe ?
checkRd: (-1) trondelagO.Rd:77: Lost braces in \itemize; meant \describe ?
checkRd: (-1) trondelagO.Rd:78: Lost braces in \itemize; meant \describe ?
checkRd: (-1) trondelagO.Rd:79: Lost braces in \itemize; meant \describe ?
checkRd: (-1) trondelagO.Rd:80: Lost braces in \itemize; meant \describe ?
checkRd: (-1) trondelagO.Rd:81: Lost braces in \itemize; meant \describe ?
checkRd: (-1) trondelagO.Rd:82: Lost braces in \itemize; meant \describe ?
checkRd: (-1) trondelagO.Rd:83: Lost braces in \itemize; meant \describe ?
checkRd: (-1) trondelagO.Rd:84: Lost braces in \itemize; meant \describe ?
checkRd: (-1) trondelagO.Rd:85: Lost braces in \itemize; meant \describe ?
checkRd: (-1) trondelagO.Rd:86: Lost braces in \itemize; meant \describe ?
checkRd: (-1) trondelagO.Rd:87: Lost braces in \itemize; meant \describe ?
checkRd: (-1) trondelagO.Rd:88: Lost braces in \itemize; meant \describe ?
checkRd: (-1) trondelagO.Rd:89: Lost braces in \itemize; meant \describe ?
checkRd: (-1) unemployed.Rd:10: Lost braces in \itemize; meant \describe ?
checkRd: (-1) unemployed.Rd:11: Lost braces in \itemize; meant \describe ?
checkRd: (-1) unemployed.Rd:12: Lost braces in \itemize; meant \describe ?
checkRd: (-1) unemployed.Rd:13: Lost braces in \itemize; meant \describe ?
checkRd: (-1) weightedPivotCoord.Rd:23: Lost braces; missing escapes or markup?
23 | `(1/t_{1j})^pow`, if `option = "cor"`, weights are based on correlations between variable specified in yvar and logratios and its distribution:
| ^
checkRd: (-1) weightedPivotCoord.Rd:24: Lost braces; missing escapes or markup?
24 | `|integral_{0}^{r_{j}} f(x) dx|`, `f(x)...` Kernel density estimator for `s_{j}; s_{j}=0 if |r_{j}|<cut` otherwise `s_{j}=r_{j}`,
| ^
checkRd: (-1) weightedPivotCoord.Rd:24: Lost braces
24 | `|integral_{0}^{r_{j}} f(x) dx|`, `f(x)...` Kernel density estimator for `s_{j}; s_{j}=0 if |r_{j}|<cut` otherwise `s_{j}=r_{j}`,
| ^
checkRd: (-1) weightedPivotCoord.Rd:24: Lost braces; missing escapes or markup?
24 | `|integral_{0}^{r_{j}} f(x) dx|`, `f(x)...` Kernel density estimator for `s_{j}; s_{j}=0 if |r_{j}|<cut` otherwise `s_{j}=r_{j}`,
| ^
checkRd: (-1) weightedPivotCoord.Rd:24: Lost braces; missing escapes or markup?
24 | `|integral_{0}^{r_{j}} f(x) dx|`, `f(x)...` Kernel density estimator for `s_{j}; s_{j}=0 if |r_{j}|<cut` otherwise `s_{j}=r_{j}`,
| ^
checkRd: (-1) weightedPivotCoord.Rd:24: Lost braces; missing escapes or markup?
24 | `|integral_{0}^{r_{j}} f(x) dx|`, `f(x)...` Kernel density estimator for `s_{j}; s_{j}=0 if |r_{j}|<cut` otherwise `s_{j}=r_{j}`,
| ^
checkRd: (-1) weightedPivotCoord.Rd:24: Lost braces; missing escapes or markup?
24 | `|integral_{0}^{r_{j}} f(x) dx|`, `f(x)...` Kernel density estimator for `s_{j}; s_{j}=0 if |r_{j}|<cut` otherwise `s_{j}=r_{j}`,
| ^
checkRd: (-1) weightedPivotCoord.Rd:24: Lost braces; missing escapes or markup?
24 | `|integral_{0}^{r_{j}} f(x) dx|`, `f(x)...` Kernel density estimator for `s_{j}; s_{j}=0 if |r_{j}|<cut` otherwise `s_{j}=r_{j}`,
| ^
checkRd: (-1) weightedPivotCoord.Rd:24: Lost braces; missing escapes or markup?
24 | `|integral_{0}^{r_{j}} f(x) dx|`, `f(x)...` Kernel density estimator for `s_{j}; s_{j}=0 if |r_{j}|<cut` otherwise `s_{j}=r_{j}`,
| ^
checkRd: (-1) weightedPivotCoord.Rd:25: Lost braces; missing escapes or markup?
25 | `cut = min(#r_{j}=>0/#r_{j}, #r_{j}<0/#r_{j}`, with Gaussian Kernel function and bandwidth `h=0.05`.}
| ^
checkRd: (-1) weightedPivotCoord.Rd:25: Lost braces; missing escapes or markup?
25 | `cut = min(#r_{j}=>0/#r_{j}, #r_{j}<0/#r_{j}`, with Gaussian Kernel function and bandwidth `h=0.05`.}
| ^
checkRd: (-1) weightedPivotCoord.Rd:25: Lost braces; missing escapes or markup?
25 | `cut = min(#r_{j}=>0/#r_{j}, #r_{j}<0/#r_{j}`, with Gaussian Kernel function and bandwidth `h=0.05`.}
| ^
checkRd: (-1) weightedPivotCoord.Rd:25: Lost braces; missing escapes or markup?
25 | `cut = min(#r_{j}=>0/#r_{j}, #r_{j}<0/#r_{j}`, with Gaussian Kernel function and bandwidth `h=0.05`.}
| ^
Flavors: r-devel-windows-x86_64, r-release-windows-x86_64
Version: 2.4.1
Check: installed package size
Result: NOTE
installed size is 20.9Mb
sub-directories of 1Mb or more:
data 1.4Mb
libs 18.3Mb
Flavors: r-release-macos-arm64, r-release-macos-x86_64, r-oldrel-macos-arm64, r-oldrel-macos-x86_64
These binaries (installable software) and packages are in development.
They may not be fully stable and should be used with caution. We make no claims about them.
Health stats visible at Monitor.