Last updated on 2024-05-02 00:58:53 CEST.
Flavor | Version | Tinstall | Tcheck | Ttotal | Status | Flags |
---|---|---|---|---|---|---|
r-devel-linux-x86_64-debian-clang | 1.0.1 | 27.44 | 264.55 | 291.99 | NOTE | |
r-devel-linux-x86_64-debian-gcc | 1.0.1 | 20.68 | 186.95 | 207.63 | NOTE | |
r-devel-linux-x86_64-fedora-clang | 1.0.1 | 355.54 | NOTE | |||
r-devel-linux-x86_64-fedora-gcc | 1.0.1 | 351.01 | NOTE | |||
r-devel-windows-x86_64 | 1.0.1 | 20.00 | 167.00 | 187.00 | NOTE | |
r-patched-linux-x86_64 | 1.0.1 | 24.09 | 251.35 | 275.44 | NOTE | |
r-release-linux-x86_64 | 1.0.1 | 22.23 | 248.62 | 270.85 | NOTE | |
r-release-macos-arm64 | 1.0.1 | 91.00 | NOTE | |||
r-release-windows-x86_64 | 1.0.1 | 21.00 | 163.00 | 184.00 | NOTE | |
r-oldrel-macos-arm64 | 1.0.1 | 96.00 | NOTE | |||
r-oldrel-macos-x86_64 | 1.0.1 | 193.00 | NOTE | |||
r-oldrel-windows-x86_64 | 1.0.1 | 27.00 | 213.00 | 240.00 | NOTE |
Version: 1.0.1
Check: package dependencies
Result: NOTE
Package suggested but not available for checking: ‘rnaturalearthhires’
Flavors: r-devel-linux-x86_64-debian-clang, r-devel-linux-x86_64-debian-gcc, r-devel-linux-x86_64-fedora-clang, r-devel-linux-x86_64-fedora-gcc, r-devel-windows-x86_64, r-patched-linux-x86_64, r-release-linux-x86_64, r-release-macos-arm64, r-release-windows-x86_64, r-oldrel-macos-arm64, r-oldrel-macos-x86_64, r-oldrel-windows-x86_64
Version: 1.0.1
Check: Rd cross-references
Result: NOTE
Undeclared package ‘raster’ in Rd xrefs
Flavor: r-devel-linux-x86_64-fedora-clang
Version: 1.0.1
Check: data for non-ASCII characters
Result: NOTE
Note: found 2800 marked UTF-8 strings
Flavors: r-devel-linux-x86_64-fedora-clang, r-devel-linux-x86_64-fedora-gcc
These binaries (installable software) and packages are in development.
They may not be fully stable and should be used with caution. We make no claims about them.
Health stats visible at Monitor.