CRAN Package Check Results for Package rminizinc

Last updated on 2025-05-15 07:49:50 CEST.

Flavor Version Tinstall Tcheck Ttotal Status Flags
r-devel-linux-x86_64-debian-clang 0.0.8 41.26 64.09 105.35 NOTE
r-devel-linux-x86_64-debian-gcc 0.0.8 32.40 47.71 80.11 NOTE
r-devel-linux-x86_64-fedora-clang 0.0.8 187.83 NOTE
r-devel-linux-x86_64-fedora-gcc 0.0.8 190.54 NOTE
r-devel-windows-x86_64 0.0.8 82.00 113.00 195.00 NOTE
r-patched-linux-x86_64 0.0.8 43.69 60.30 103.99 NOTE
r-release-linux-x86_64 0.0.8 40.51 60.63 101.14 NOTE
r-release-macos-arm64 0.0.8 NOTE
r-release-macos-x86_64 0.0.8 156.00 NOTE
r-release-windows-x86_64 0.0.8 79.00 113.00 192.00 NOTE
r-oldrel-macos-arm64 0.0.8 68.00 NOTE
r-oldrel-macos-x86_64 0.0.8 111.00 NOTE
r-oldrel-windows-x86_64 0.0.8 83.00 133.00 216.00 NOTE

Check Details

Version: 0.0.8
Check: CRAN incoming feasibility
Result: NOTE Maintainer: ‘Akshit Achara <acharaakshit@gmail.com>’ No Authors@R field in DESCRIPTION. Please add one, modifying Authors@R: c(person(given = "Akshit", family = "Achara", role = c("aut", "cre"), email = "acharaakshit@gmail.com"), person(given = "Lars", family = "Kotthoff", role = "aut"), person(given = c("Hans", "W."), family = "Borchers", role = "aut"), person(given = "Guido", family = "Tack", role = "aut")) as necessary. Flavors: r-devel-linux-x86_64-debian-clang, r-devel-linux-x86_64-debian-gcc

Version: 0.0.8
Check: C++ specification
Result: NOTE Specified C++11: please drop specification unless essential Flavors: r-devel-linux-x86_64-debian-clang, r-devel-linux-x86_64-debian-gcc, r-devel-linux-x86_64-fedora-clang, r-devel-linux-x86_64-fedora-gcc, r-devel-windows-x86_64, r-patched-linux-x86_64, r-release-linux-x86_64, r-release-macos-arm64, r-release-macos-x86_64, r-release-windows-x86_64, r-oldrel-macos-arm64, r-oldrel-macos-x86_64, r-oldrel-windows-x86_64

Version: 0.0.8
Check: installed package size
Result: NOTE installed size is 6.8Mb sub-directories of 1Mb or more: R 1.0Mb libs 1.1Mb minizinc 3.3Mb Flavors: r-oldrel-macos-arm64, r-oldrel-macos-x86_64, r-oldrel-windows-x86_64

These binaries (installable software) and packages are in development.
They may not be fully stable and should be used with caution. We make no claims about them.
Health stats visible at Monitor.