Last updated on 2024-05-02 09:51:56 CEST.
Flavor | Version | Tinstall | Tcheck | Ttotal | Status | Flags |
---|---|---|---|---|---|---|
r-devel-linux-x86_64-debian-clang | 1.4.6 | 43.95 | 228.07 | 272.02 | NOTE | |
r-devel-linux-x86_64-debian-gcc | 1.4.6 | 29.36 | 167.74 | 197.10 | NOTE | |
r-devel-linux-x86_64-fedora-clang | 1.4.6 | 355.53 | NOTE | |||
r-devel-linux-x86_64-fedora-gcc | 1.4.6 | 333.10 | NOTE | |||
r-devel-windows-x86_64 | 1.4.6 | 31.00 | 166.00 | 197.00 | NOTE | |
r-patched-linux-x86_64 | 1.4.6 | 32.12 | 212.59 | 244.71 | NOTE | |
r-release-linux-x86_64 | 1.4.6 | 24.93 | 219.31 | 244.24 | NOTE | |
r-release-macos-arm64 | 1.4.6 | 82.00 | NOTE | |||
r-release-windows-x86_64 | 1.4.6 | 31.00 | 163.00 | 194.00 | NOTE | |
r-oldrel-macos-arm64 | 1.4.6 | 83.00 | OK | |||
r-oldrel-macos-x86_64 | 1.4.6 | 146.00 | OK | |||
r-oldrel-windows-x86_64 | 1.4.6 | 41.00 | 209.00 | 250.00 | OK |
Version: 1.4.6
Check: Rd files
Result: NOTE
checkRd: (-1) mgraph.Rd:62: Lost braces
62 | \item{TC}{target class (for multi-class classification class) within {1,...,\emph{Nc}}, where \emph{Nc} is the number of classes. If multi-class and TC==-1 then TC is set to
| ^
checkRd: (-1) mmetric.Rd:112: Lost braces
112 | \item{TC}{target class index or vector of indexes (for multi-class classification class) within {1,...,\emph{Nc}}, where \emph{Nc} is the number of classes:<cr>
| ^
checkRd: (-1) mparheuristic.Rd:27: Lost braces
27 | except for SVM several \code{rbfdot} kernel based models (\code{"ksvm"},\code{"rsvm"},\code{"lssvm"}, which can assume \code{2^}{search-range}; please check the result of this function to confirm if the search is linear or \code{2^}{search-range}).
| ^
checkRd: (-1) mparheuristic.Rd:27: Lost braces
27 | except for SVM several \code{rbfdot} kernel based models (\code{"ksvm"},\code{"rsvm"},\code{"lssvm"}, which can assume \code{2^}{search-range}; please check the result of this function to confirm if the search is linear or \code{2^}{search-range}).
| ^
Flavors: r-devel-linux-x86_64-debian-clang, r-devel-linux-x86_64-debian-gcc, r-devel-linux-x86_64-fedora-clang, r-devel-linux-x86_64-fedora-gcc, r-devel-windows-x86_64, r-patched-linux-x86_64, r-release-linux-x86_64, r-release-macos-arm64, r-release-windows-x86_64
These binaries (installable software) and packages are in development.
They may not be fully stable and should be used with caution. We make no claims about them.
Health stats visible at Monitor.