Last updated on 2024-05-02 11:51:33 CEST.
Flavor | Version | Tinstall | Tcheck | Ttotal | Status | Flags |
---|---|---|---|---|---|---|
r-devel-linux-x86_64-debian-clang | 1.3-9 | 171.80 | 298.49 | 470.29 | NOTE | |
r-devel-linux-x86_64-debian-gcc | 1.3-9 | 139.17 | 203.40 | 342.57 | NOTE | |
r-devel-linux-x86_64-fedora-clang | 1.3-9 | 597.06 | NOTE | |||
r-devel-linux-x86_64-fedora-gcc | 1.3-9 | 585.29 | NOTE | |||
r-devel-windows-x86_64 | 1.3-9 | 117.00 | 230.00 | 347.00 | NOTE | |
r-patched-linux-x86_64 | 1.3-9 | 113.70 | 272.51 | 386.21 | NOTE | |
r-release-linux-x86_64 | 1.3-9 | 112.16 | 270.17 | 382.33 | NOTE | |
r-release-macos-arm64 | 1.3-9 | 136.00 | NOTE | |||
r-release-windows-x86_64 | 1.3-9 | 125.00 | 230.00 | 355.00 | NOTE | |
r-oldrel-macos-arm64 | 1.3-9 | 139.00 | NOTE | |||
r-oldrel-macos-x86_64 | 1.3-9 | 239.00 | NOTE | |||
r-oldrel-windows-x86_64 | 1.3-9 | 162.00 | 289.00 | 451.00 | NOTE |
Version: 1.3-9
Check: Rd files
Result: NOTE
checkRd: (-1) cGARCHfilter-class.Rd:57: Escaped LaTeX specials: \&
checkRd: (-1) cGARCHfit-class.Rd:59: Escaped LaTeX specials: \&
checkRd: (-1) cGARCHsim-class.Rd:52: Escaped LaTeX specials: \&
checkRd: (-1) cGARCHspec-class.Rd:36: Escaped LaTeX specials: \&
checkRd: (-1) cgarchsim-methods.Rd:78: Escaped LaTeX specials: \&
checkRd: (-1) goGARCHfft-class.Rd:65: Lost braces
65 | code{dfft(object, index=0)} on an object created from a forecast with
| ^
checkRd: (-1) goGARCHfilter-class.Rd:155: Escaped LaTeX specials: \&
checkRd: (-1) goGARCHfit-class.Rd:166: Escaped LaTeX specials: \&
checkRd: (-1) rmgarch-package.Rd:73: Escaped LaTeX specials: \&
Flavors: r-devel-linux-x86_64-debian-clang, r-devel-linux-x86_64-debian-gcc, r-devel-linux-x86_64-fedora-clang, r-devel-linux-x86_64-fedora-gcc, r-devel-windows-x86_64, r-patched-linux-x86_64, r-release-linux-x86_64, r-release-macos-arm64, r-release-windows-x86_64
Version: 1.3-9
Check: installed package size
Result: NOTE
installed size is 9.7Mb
sub-directories of 1Mb or more:
R 3.0Mb
libs 5.7Mb
Flavors: r-release-macos-arm64, r-oldrel-macos-arm64, r-oldrel-macos-x86_64
Version: 1.3-9
Check: Rd files
Result: NOTE
checkRd: (-1) cGARCHfilter-class.Rd:57: Escaped LaTeX specials: \&
checkRd: (-1) cGARCHfit-class.Rd:59: Escaped LaTeX specials: \&
checkRd: (-1) cGARCHsim-class.Rd:52: Escaped LaTeX specials: \&
checkRd: (-1) cGARCHspec-class.Rd:36: Escaped LaTeX specials: \&
checkRd: (-1) cgarchsim-methods.Rd:78: Escaped LaTeX specials: \&
checkRd: (-1) goGARCHfilter-class.Rd:155: Escaped LaTeX specials: \&
checkRd: (-1) goGARCHfit-class.Rd:166: Escaped LaTeX specials: \&
checkRd: (-1) rmgarch-package.Rd:73: Escaped LaTeX specials: \&
Flavors: r-oldrel-macos-arm64, r-oldrel-macos-x86_64, r-oldrel-windows-x86_64
These binaries (installable software) and packages are in development.
They may not be fully stable and should be used with caution. We make no claims about them.
Health stats visible at Monitor.