Last updated on 2025-02-23 19:51:18 CET.
Flavor | Version | Tinstall | Tcheck | Ttotal | Status | Flags |
---|---|---|---|---|---|---|
r-devel-linux-x86_64-debian-clang | 1.0.4 | 3.51 | 28.19 | 31.70 | OK | |
r-devel-linux-x86_64-debian-gcc | 1.0.4 | 2.63 | 21.49 | 24.12 | OK | |
r-devel-linux-x86_64-fedora-clang | 1.0.4 | 47.86 | OK | |||
r-devel-linux-x86_64-fedora-gcc | 1.0.4 | 46.00 | OK | |||
r-devel-macos-arm64 | 1.0.4 | 19.00 | OK | |||
r-devel-macos-x86_64 | 1.0.4 | 30.00 | ERROR | |||
r-devel-windows-x86_64 | 1.0.4 | 7.00 | 48.00 | 55.00 | OK | |
r-patched-linux-x86_64 | 1.0.4 | 3.45 | 26.54 | 29.99 | OK | |
r-release-linux-x86_64 | 1.0.4 | 3.43 | 26.75 | 30.18 | OK | |
r-release-macos-arm64 | 1.0.4 | 19.00 | OK | |||
r-release-macos-x86_64 | 1.0.4 | 28.00 | OK | |||
r-release-windows-x86_64 | 1.0.4 | 6.00 | 49.00 | 55.00 | OK | |
r-oldrel-macos-arm64 | 1.0.4 | 20.00 | OK | |||
r-oldrel-macos-x86_64 | 1.0.4 | 27.00 | OK | |||
r-oldrel-windows-x86_64 | 1.0.4 | 6.00 | 54.00 | 60.00 | OK |
Version: 1.0.4
Check: examples
Result: ERROR
Running examples in ‘rmdformats-Ex.R’ failed
The error most likely occurred in:
> ### Name: pilltabs
> ### Title: Given a cross-table, outputs HTML code to display several views
> ### of with a tabbed interface
> ### Aliases: pilltabs
>
> ### ** Examples
>
>
> data(airquality)
> tab <- table(airquality$Month, airquality$Ozone > 25)
> pilltabs(tab)
Error: the questionr package is needed for the pilltabs() function to work. Please install it.
Execution halted
Flavor: r-devel-macos-x86_64
These binaries (installable software) and packages are in development.
They may not be fully stable and should be used with caution. We make no claims about them.
Health stats visible at Monitor.