Last updated on 2025-05-17 09:49:21 CEST.
Flavor | Version | Tinstall | Tcheck | Ttotal | Status | Flags |
---|---|---|---|---|---|---|
r-devel-linux-x86_64-debian-clang | 2.29 | 10.79 | 70.69 | 81.48 | NOTE | |
r-devel-linux-x86_64-debian-gcc | 2.29 | 8.93 | 49.74 | 58.67 | NOTE | |
r-devel-linux-x86_64-fedora-clang | 2.29 | 131.73 | OK | |||
r-devel-linux-x86_64-fedora-gcc | 2.29 | 140.32 | OK | |||
r-devel-windows-x86_64 | 2.29 | 16.00 | 94.00 | 110.00 | OK | |
r-patched-linux-x86_64 | 2.29 | 13.53 | 64.05 | 77.58 | OK | |
r-release-linux-x86_64 | 2.29 | 10.60 | 64.32 | 74.92 | OK | |
r-release-macos-arm64 | 2.29 | 58.00 | OK | |||
r-release-macos-x86_64 | 2.29 | 95.00 | OK | |||
r-release-windows-x86_64 | 2.29 | 15.00 | 91.00 | 106.00 | OK | |
r-oldrel-macos-arm64 | 2.29 | 44.00 | NOTE | |||
r-oldrel-macos-x86_64 | 2.29 | 75.00 | NOTE | |||
r-oldrel-windows-x86_64 | 2.29 | 18.00 | 109.00 | 127.00 | NOTE |
Version: 2.29
Check: DESCRIPTION meta-information
Result: NOTE
Author field differs from that derived from Authors@R
Author: ‘JJ Allaire [aut], Yihui Xie [aut, cre] (<https://orcid.org/0000-0003-0645-5666>), Christophe Dervieux [aut] (<https://orcid.org/0000-0003-4474-2498>), Jonathan McPherson [aut], Javier Luraschi [aut], Kevin Ushey [aut], Aron Atkins [aut], Hadley Wickham [aut], Joe Cheng [aut], Winston Chang [aut], Richard Iannone [aut] (<https://orcid.org/0000-0003-3925-190X>), Andrew Dunning [ctb] (<https://orcid.org/0000-0003-0464-5036>), Atsushi Yasumoto [ctb, cph] (<https://orcid.org/0000-0002-8335-495X>, Number sections Lua filter), Barret Schloerke [ctb], Carson Sievert [ctb] (<https://orcid.org/0000-0002-4958-2844>), Devon Ryan [ctb] (<https://orcid.org/0000-0002-8549-0971>), Frederik Aust [ctb] (<https://orcid.org/0000-0003-4900-788X>), Jeff Allen [ctb], JooYoung Seo [ctb] (<https://orcid.org/0000-0002-4064-6012>), Malcolm Barrett [ctb], Rob Hyndman [ctb], Romain Lesur [ctb], Roy Storey [ctb], Ruben Arslan [ctb], Sergio Oller [ctb], Posit Software, PBC [cph, fnd], jQuery UI contributors [ctb, cph] (jQuery UI library; authors listed in inst/rmd/h/jqueryui/AUTHORS.txt), Mark Otto [ctb] (Bootstrap library), Jacob Thornton [ctb] (Bootstrap library), Bootstrap contributors [ctb] (Bootstrap library), Twitter, Inc [cph] (Bootstrap library), Alexander Farkas [ctb, cph] (html5shiv library), Scott Jehl [ctb, cph] (Respond.js library), Ivan Sagalaev [ctb, cph] (highlight.js library), Greg Franko [ctb, cph] (tocify library), John MacFarlane [ctb, cph] (Pandoc templates), Google, Inc. [ctb, cph] (ioslides library), Dave Raggett [ctb] (slidy library), W3C [cph] (slidy library), Dave Gandy [ctb, cph] (Font-Awesome), Ben Sperry [ctb] (Ionicons), Drifty [cph] (Ionicons), Aidan Lister [ctb, cph] (jQuery StickyTabs), Benct Philip Jonsson [ctb, cph] (pagebreak Lua filter), Albert Krewinkel [ctb, cph] (pagebreak Lua filter)’
Authors@R: ‘JJ Allaire [aut], Yihui Xie [aut, cre] (ORCID: <https://orcid.org/0000-0003-0645-5666>), Christophe Dervieux [aut] (ORCID: <https://orcid.org/0000-0003-4474-2498>), Jonathan McPherson [aut], Javier Luraschi [aut], Kevin Ushey [aut], Aron Atkins [aut], Hadley Wickham [aut], Joe Cheng [aut], Winston Chang [aut], Richard Iannone [aut] (ORCID: <https://orcid.org/0000-0003-3925-190X>), Andrew Dunning [ctb] (ORCID: <https://orcid.org/0000-0003-0464-5036>), Atsushi Yasumoto [ctb, cph] (ORCID: <https://orcid.org/0000-0002-8335-495X>, cph: Number sections Lua filter), Barret Schloerke [ctb], Carson Sievert [ctb] (ORCID: <https://orcid.org/0000-0002-4958-2844>), Devon Ryan [ctb] (ORCID: <https://orcid.org/0000-0002-8549-0971>), Frederik Aust [ctb] (ORCID: <https://orcid.org/0000-0003-4900-788X>), Jeff Allen [ctb], JooYoung Seo [ctb] (ORCID: <https://orcid.org/0000-0002-4064-6012>), Malcolm Barrett [ctb], Rob Hyndman [ctb], Romain Lesur [ctb], Roy Storey [ctb], Ruben Arslan [ctb], Sergio Oller [ctb], Posit Software, PBC [cph, fnd], jQuery UI contributors [ctb, cph] (jQuery UI library; authors listed in inst/rmd/h/jqueryui/AUTHORS.txt), Mark Otto [ctb] (Bootstrap library), Jacob Thornton [ctb] (Bootstrap library), Bootstrap contributors [ctb] (Bootstrap library), Twitter, Inc [cph] (Bootstrap library), Alexander Farkas [ctb, cph] (html5shiv library), Scott Jehl [ctb, cph] (Respond.js library), Ivan Sagalaev [ctb, cph] (highlight.js library), Greg Franko [ctb, cph] (tocify library), John MacFarlane [ctb, cph] (Pandoc templates), Google, Inc. [ctb, cph] (ioslides library), Dave Raggett [ctb] (slidy library), W3C [cph] (slidy library), Dave Gandy [ctb, cph] (Font-Awesome), Ben Sperry [ctb] (Ionicons), Drifty [cph] (Ionicons), Aidan Lister [ctb, cph] (jQuery StickyTabs), Benct Philip Jonsson [ctb, cph] (pagebreak Lua filter), Albert Krewinkel [ctb, cph] (pagebreak Lua filter)’
Flavors: r-devel-linux-x86_64-debian-clang, r-devel-linux-x86_64-debian-gcc
Version: 2.29
Check: installed package size
Result: NOTE
installed size is 7.1Mb
sub-directories of 1Mb or more:
rmd 6.0Mb
Flavors: r-oldrel-macos-arm64, r-oldrel-macos-x86_64, r-oldrel-windows-x86_64
These binaries (installable software) and packages are in development.
They may not be fully stable and should be used with caution. We make no claims about them.
Health stats visible at Monitor.