Last updated on 2025-10-30 19:53:34 CET.
| Flavor | Version | Tinstall | Tcheck | Ttotal | Status | Flags | 
|---|---|---|---|---|---|---|
| r-devel-linux-x86_64-debian-clang | 1.1.2 | 13.74 | 80.76 | 94.50 | NOTE | |
| r-devel-linux-x86_64-debian-gcc | 1.1.2 | 9.84 | 57.72 | 67.56 | NOTE | |
| r-devel-linux-x86_64-fedora-clang | 1.1.2 | 34.00 | 113.96 | 147.96 | OK | |
| r-devel-linux-x86_64-fedora-gcc | 1.1.2 | 59.00 | 97.00 | 156.00 | OK | |
| r-devel-windows-x86_64 | 1.1.2 | 20.00 | 115.00 | 135.00 | OK | |
| r-patched-linux-x86_64 | 1.1.2 | 14.01 | 76.06 | 90.07 | OK | |
| r-release-linux-x86_64 | 1.1.2 | 11.68 | 74.77 | 86.45 | OK | |
| r-release-macos-arm64 | 1.1.2 | 7.00 | 35.00 | 42.00 | OK | |
| r-release-macos-x86_64 | 1.1.2 | 11.00 | 62.00 | 73.00 | OK | |
| r-release-windows-x86_64 | 1.1.2 | 21.00 | 116.00 | 137.00 | OK | |
| r-oldrel-macos-arm64 | 1.1.2 | 8.00 | 32.00 | 40.00 | OK | |
| r-oldrel-macos-x86_64 | 1.1.2 | 13.00 | 54.00 | 67.00 | OK | |
| r-oldrel-windows-x86_64 | 1.1.2 | 24.00 | 143.00 | 167.00 | OK | 
Version: 1.1.2
Check: CRAN incoming feasibility
Result: NOTE
  Maintainer: ‘Dmitry Otryakhin <d.otryakhin.acad@protonmail.ch>’
  
  Package CITATION file contains call(s) to old-style citEntry().  Please
  use bibentry() instead.
  
  The Description field contains
    Otryakhin and Podolskij (2018) <arXiv:1802.06373>, and also different
  Please refer to arXiv e-prints via their arXiv DOI <doi:10.48550/arXiv.YYMM.NNNNN>.
Flavors: r-devel-linux-x86_64-debian-clang, r-devel-linux-x86_64-debian-gcc
These binaries (installable software) and packages are in development.
They may not be fully stable and should be used with caution. We make no claims about them.
Health stats visible at Monitor.