Last updated on 2025-05-15 11:50:13 CEST.
Flavor | Version | Tinstall | Tcheck | Ttotal | Status | Flags |
---|---|---|---|---|---|---|
r-devel-linux-x86_64-debian-clang | 2.0.0 | 4.14 | 74.18 | 78.32 | OK | |
r-devel-linux-x86_64-debian-gcc | 2.0.0 | 4.13 | 48.92 | 53.05 | OK | |
r-devel-linux-x86_64-fedora-clang | 2.0.0 | 121.28 | OK | |||
r-devel-linux-x86_64-fedora-gcc | 2.0.0 | 133.65 | OK | |||
r-devel-windows-x86_64 | 2.0.0 | 8.00 | 248.00 | 256.00 | OK | |
r-patched-linux-x86_64 | 2.0.0 | 5.10 | 65.51 | 70.61 | ERROR | |
r-release-linux-x86_64 | 2.0.0 | 4.06 | 68.33 | 72.39 | OK | |
r-release-macos-arm64 | 2.0.0 | 185.00 | OK | |||
r-release-macos-x86_64 | 2.0.0 | 253.00 | OK | |||
r-release-windows-x86_64 | 2.0.0 | 7.00 | 225.00 | 232.00 | OK | |
r-oldrel-macos-arm64 | 2.0.0 | 220.00 | OK | |||
r-oldrel-macos-x86_64 | 2.0.0 | 271.00 | OK | |||
r-oldrel-windows-x86_64 | 2.0.0 | 9.00 | 265.00 | 274.00 | OK |
Version: 2.0.0
Check: tests
Result: ERROR
Running ‘testthat.R’ [15s/102s]
Running the tests in ‘tests/testthat.R’ failed.
Complete output:
> # This file is part of the standard setup for testthat.
> # It is recommended that you do not modify it.
> #
> # Where should you do additional test configuration?
> # Learn more about the roles of various files in:
> # * https://r-pkgs.org/tests.html
> # * https://testthat.r-lib.org/reference/test_package.html#special-files
>
> library(testthat)
> library(rlandfire)
<1b>[38;5;208m
_ _ ___ _
___| |___ ___ _| | _|_|___ ___
| _| | .'| | . | _| | _| -_|
|_| |_|__,|_|_|___|_| |_|_| |___|
<1b>[0mversion:2.0.0<1b>[38;5;160m
NOTICE:<1b>[0m
The LFPS API has been updated (LFPSv1 -> LFPSv2) and has new requirements.
To review the required parameters and syntax for LFPSv2 view `?rlandfire::landfireAPIv2`
Product names and availability may have changed, check `viewProducts()`
<1b>[38;5;160mWorkflows built before May 2025 or with `rlandfire` versions < 2.0.0 will need to be updated.<1b>[0m
>
> test_check("rlandfire")
<0c>Job Status: Removed
Job ID: be7fab41-867e-41a5-b594-c469f118bc49
Queue Position: -1
Job Messages:
esriJobMessageTypeError: The requested job is too old to get status messages for.
-------------------
Elapsed time: 0.1 s (Max time: 10 s)
-------------------
Job 6f5ba39c-09f7-4f6d-97fa-543af185eb1b has been canceled
<0c>Job Status: Pending
Job ID: 04b5fc7e-a47e-4da7-a7fc-b5109e32febc
Queue Position: 1
Job Messages:
-------------------
Elapsed time: 0.1 s (Max time: 10000 s)
-------------------
<0c>Job Status: Pending
Job ID: 04b5fc7e-a47e-4da7-a7fc-b5109e32febc
Queue Position: 1
Job Messages:
-------------------
Elapsed time: 0.2 s (Max time: 10000 s)
-------------------
<0c>Job Status: Pending
Job ID: 04b5fc7e-a47e-4da7-a7fc-b5109e32febc
Queue Position: 1
Job Messages:
-------------------
Elapsed time: 0.3 s (Max time: 10000 s)
-------------------
<0c>Job Status: Pending
Job ID: 04b5fc7e-a47e-4da7-a7fc-b5109e32febc
Queue Position: 1
Job Messages:
-------------------
Elapsed time: 0.4 s (Max time: 10000 s)
-------------------
<0c>Job Status: Pending
Job ID: 04b5fc7e-a47e-4da7-a7fc-b5109e32febc
Queue Position: 1
Job Messages:
-------------------
Elapsed time: 0.5 s (Max time: 10000 s)
-------------------
<0c>Job Status: Pending
Job ID: 04b5fc7e-a47e-4da7-a7fc-b5109e32febc
Queue Position: 1
Job Messages:
-------------------
Elapsed time: 0.6 s (Max time: 10000 s)
-------------------
<0c>Job Status: Pending
Job ID: 04b5fc7e-a47e-4da7-a7fc-b5109e32febc
Queue Position: 1
Job Messages:
-------------------
Elapsed time: 0.7 s (Max time: 10000 s)
-------------------
<0c>Job Status: Pending
Job ID: 04b5fc7e-a47e-4da7-a7fc-b5109e32febc
Queue Position: 1
Job Messages:
-------------------
Elapsed time: 0.8 s (Max time: 10000 s)
-------------------
<0c>Job Status: Pending
Job ID: 04b5fc7e-a47e-4da7-a7fc-b5109e32febc
Queue Position: 1
Job Messages:
-------------------
Elapsed time: 0.9 s (Max time: 10000 s)
-------------------
<0c>Job Status: Pending
Job ID: 04b5fc7e-a47e-4da7-a7fc-b5109e32febc
Queue Position: 1
Job Messages:
-------------------
Elapsed time: 1.0 s (Max time: 10000 s)
-------------------
<0c>Job Status: Pending
Job ID: 04b5fc7e-a47e-4da7-a7fc-b5109e32febc
Queue Position: 1
Job Messages:
-------------------
Elapsed time: 1.1 s (Max time: 10000 s)
-------------------
<0c>Job Status: Pending
Job ID: 04b5fc7e-a47e-4da7-a7fc-b5109e32febc
Queue Position: 1
Job Messages:
-------------------
Elapsed time: 1.2 s (Max time: 10000 s)
-------------------
<0c>Job Status: Pending
Job ID: 04b5fc7e-a47e-4da7-a7fc-b5109e32febc
Queue Position: 1
Job Messages:
-------------------
Elapsed time: 1.3 s (Max time: 10000 s)
-------------------
<0c>Job Status: Pending
Job ID: 04b5fc7e-a47e-4da7-a7fc-b5109e32febc
Queue Position: 1
Job Messages:
-------------------
Elapsed time: 1.4 s (Max time: 10000 s)
-------------------
<0c>Job Status: Pending
Job ID: 04b5fc7e-a47e-4da7-a7fc-b5109e32febc
Queue Position: 1
Job Messages:
-------------------
Elapsed time: 1.5 s (Max time: 10000 s)
-------------------
<0c>Job Status: Pending
Job ID: 04b5fc7e-a47e-4da7-a7fc-b5109e32febc
Queue Position: 1
Job Messages:
-------------------
Elapsed time: 1.6 s (Max time: 10000 s)
-------------------
<0c>Job Status: Pending
Job ID: 04b5fc7e-a47e-4da7-a7fc-b5109e32febc
Queue Position: 1
Job Messages:
-------------------
Elapsed time: 1.7 s (Max time: 10000 s)
-------------------
<0c>Job Status: Pending
Job ID: 04b5fc7e-a47e-4da7-a7fc-b5109e32febc
Queue Position: 1
Job Messages:
-------------------
Elapsed time: 1.8 s (Max time: 10000 s)
-------------------
<0c>Job Status: Executing
Job ID: 04b5fc7e-a47e-4da7-a7fc-b5109e32febc
Queue Position: -1
Job Messages:
esriJobMessageTypeInformative: Submitted.
esriJobMessageTypeInformative: Executing...
-------------------
Elapsed time: 1.9 s (Max time: 10000 s)
-------------------
<0c>Job Status: Executing
Job ID: 04b5fc7e-a47e-4da7-a7fc-b5109e32febc
Queue Position: -1
Job Messages:
esriJobMessageTypeInformative: Submitted.
esriJobMessageTypeInformative: Executing...
esriJobMessageTypeInformative: Start Time: Tuesday, May 13, 2025 10:24:32 PM
esriJobMessageTypeInformative: AOI: -113.79 42.148 -113.56 42.29
esriJobMessageTypeInformative: Entering ValidateCoordinates()
esriJobMessageTypeInformative: Entering DetermineRegion()
esriJobMessageTypeError: ERROR: Failure determining region from outline map service.
-------------------
Elapsed time: 2.0 s (Max time: 10000 s)
-------------------
<0c>Job Status: Executing
Job ID: 04b5fc7e-a47e-4da7-a7fc-b5109e32febc
Queue Position: -1
Job Messages:
esriJobMessageTypeInformative: Submitted.
esriJobMessageTypeInformative: Executing...
esriJobMessageTypeInformative: Start Time: Tuesday, May 13, 2025 10:24:32 PM
esriJobMessageTypeInformative: AOI: -113.79 42.148 -113.56 42.29
esriJobMessageTypeInformative: Entering ValidateCoordinates()
esriJobMessageTypeInformative: Entering DetermineRegion()
esriJobMessageTypeError: ERROR: Failure determining region from outline map service.
esriJobMessageTypeInformative: Failed script LandfireProductService...
esriJobMessageTypeError: Failed to execute (LandfireProductService).
esriJobMessageTypeInformative: Failed at Tuesday, May 13, 2025 10:24:33 PM (Elapsed Time: 1.22 seconds)
-------------------
Elapsed time: 2.1 s (Max time: 10000 s)
-------------------
<0c>Job Status: Failed
Job ID: 04b5fc7e-a47e-4da7-a7fc-b5109e32febc
Queue Position: -1
Job Messages:
esriJobMessageTypeInformative: Submitted.
esriJobMessageTypeInformative: Executing...
esriJobMessageTypeInformative: Start Time: Tuesday, May 13, 2025 10:24:32 PM
esriJobMessageTypeInformative: AOI: -113.79 42.148 -113.56 42.29
esriJobMessageTypeInformative: Entering ValidateCoordinates()
esriJobMessageTypeInformative: Entering DetermineRegion()
esriJobMessageTypeError: ERROR: Failure determining region from outline map service.
esriJobMessageTypeInformative: Failed script LandfireProductService...
esriJobMessageTypeError: Failed to execute (LandfireProductService).
esriJobMessageTypeInformative: Failed at Tuesday, May 13, 2025 10:24:33 PM (Elapsed Time: 1.22 seconds)
esriJobMessageTypeError: Failed.
-------------------
Elapsed time: 2.2 s (Max time: 10000 s)
-------------------
<0c>Job Status: Pending
Job ID: fcd54192-4ffc-4240-8d4a-c20db43b5466
Queue Position: 1
Job Messages:
-------------------
Elapsed time: 0.1 s (Max time: 10000 s)
-------------------
<0c>Job Status: Pending
Job ID: fcd54192-4ffc-4240-8d4a-c20db43b5466
Queue Position: 1
Job Messages:
-------------------
Elapsed time: 0.2 s (Max time: 10000 s)
-------------------
<0c>Job Status: Pending
Job ID: fcd54192-4ffc-4240-8d4a-c20db43b5466
Queue Position: 1
Job Messages:
-------------------
Elapsed time: 0.3 s (Max time: 10000 s)
-------------------
<0c>Job Status: Pending
Job ID: fcd54192-4ffc-4240-8d4a-c20db43b5466
Queue Position: 1
Job Messages:
-------------------
Elapsed time: 0.4 s (Max time: 10000 s)
-------------------
<0c>Job Status: Pending
Job ID: fcd54192-4ffc-4240-8d4a-c20db43b5466
Queue Position: 1
Job Messages:
-------------------
Elapsed time: 0.5 s (Max time: 10000 s)
-------------------
<0c>Job Status: Pending
Job ID: fcd54192-4ffc-4240-8d4a-c20db43b5466
Queue Position: 1
Job Messages:
-------------------
Elapsed time: 0.6 s (Max time: 10000 s)
-------------------
<0c>Job Status: Pending
Job ID: fcd54192-4ffc-4240-8d4a-c20db43b5466
Queue Position: -1
Job Messages:
-------------------
Elapsed time: 0.7 s (Max time: 10000 s)
-------------------
<0c>Job Status: Executing
Job ID: fcd54192-4ffc-4240-8d4a-c20db43b5466
Queue Position: -1
Job Messages:
esriJobMessageTypeInformative: Submitted.
esriJobMessageTypeInformative: Executing...
esriJobMessageTypeInformative: Start Time: Tuesday, May 13, 2025 10:24:42 PM
esriJobMessageTypeInformative: AOI: -113.79 42.148 -113.56 42.29
esriJobMessageTypeInformative: Entering ValidateCoordinates()
esriJobMessageTypeInformative: Entering DetermineRegion()
esriJobMessageTypeError: ERROR: Failure determining region from outline map service.
-------------------
Elapsed time: 0.8 s (Max time: 10000 s)
-------------------
<0c>Job Status: Executing
Job ID: fcd54192-4ffc-4240-8d4a-c20db43b5466
Queue Position: -1
Job Messages:
esriJobMessageTypeInformative: Submitted.
esriJobMessageTypeInformative: Executing...
esriJobMessageTypeInformative: Start Time: Tuesday, May 13, 2025 10:24:42 PM
esriJobMessageTypeInformative: AOI: -113.79 42.148 -113.56 42.29
esriJobMessageTypeInformative: Entering ValidateCoordinates()
esriJobMessageTypeInformative: Entering DetermineRegion()
esriJobMessageTypeError: ERROR: Failure determining region from outline map service.
esriJobMessageTypeInformative: Failed script LandfireProductService...
esriJobMessageTypeError: Failed to execute (LandfireProductService).
esriJobMessageTypeInformative: Failed at Tuesday, May 13, 2025 10:24:43 PM (Elapsed Time: 1.12 seconds)
-------------------
Elapsed time: 0.9 s (Max time: 10000 s)
-------------------
<0c>Job Status: Failed
Job ID: fcd54192-4ffc-4240-8d4a-c20db43b5466
Queue Position: -1
Job Messages:
esriJobMessageTypeInformative: Submitted.
esriJobMessageTypeInformative: Executing...
esriJobMessageTypeInformative: Start Time: Tuesday, May 13, 2025 10:24:42 PM
esriJobMessageTypeInformative: AOI: -113.79 42.148 -113.56 42.29
esriJobMessageTypeInformative: Entering ValidateCoordinates()
esriJobMessageTypeInformative: Entering DetermineRegion()
esriJobMessageTypeError: ERROR: Failure determining region from outline map service.
esriJobMessageTypeInformative: Failed script LandfireProductService...
esriJobMessageTypeError: Failed to execute (LandfireProductService).
esriJobMessageTypeInformative: Failed at Tuesday, May 13, 2025 10:24:43 PM (Elapsed Time: 1.12 seconds)
esriJobMessageTypeError: Failed.
-------------------
Elapsed time: 1.0 s (Max time: 10000 s)
-------------------
<0c>Job Status: Pending
Job ID: f20a6399-7b2a-43b6-84bb-a4c1eaaa9417
Queue Position: 1
Job Messages:
-------------------
Elapsed time: 0.1 s (Max time: 10000 s)
-------------------
<0c>Job Status: Pending
Job ID: c99005f9-d01a-42d4-9e27-fa904a7fdcb6
Queue Position: 2
Job Messages:
-------------------
Elapsed time: 0.1 s (Max time: 0 s)
-------------------
<0c>Job Status: Pending
Job ID: 5c805363-5cac-4fd0-b8f2-8f020acdf351
Queue Position: 3
Job Messages:
-------------------
Elapsed time: 0.1 s (Max time: 10000 s)
-------------------
<0c>Job Status: Pending
Job ID: 5c805363-5cac-4fd0-b8f2-8f020acdf351
Queue Position: 3
Job Messages:
-------------------
Elapsed time: 0.2 s (Max time: 10000 s)
-------------------
<0c>Job Status: Pending
Job ID: 5c805363-5cac-4fd0-b8f2-8f020acdf351
Queue Position: 3
Job Messages:
-------------------
Elapsed time: 0.3 s (Max time: 10000 s)
-------------------
<0c>Job Status: Pending
Job ID: 5c805363-5cac-4fd0-b8f2-8f020acdf351
Queue Position: 3
Job Messages:
-------------------
Elapsed time: 0.4 s (Max time: 10000 s)
-------------------
<0c>Job Status: Pending
Job ID: 5c805363-5cac-4fd0-b8f2-8f020acdf351
Queue Position: 3
Job Messages:
-------------------
Elapsed time: 0.5 s (Max time: 10000 s)
-------------------
<0c>Job Status: Pending
Job ID: 5c805363-5cac-4fd0-b8f2-8f020acdf351
Queue Position: 3
Job Messages:
-------------------
Elapsed time: 0.6 s (Max time: 10000 s)
-------------------
<0c>Job Status: Pending
Job ID: 5c805363-5cac-4fd0-b8f2-8f020acdf351
Queue Position: 3
Job Messages:
-------------------
Elapsed time: 0.7 s (Max time: 10000 s)
-------------------
<0c>Job Status: Pending
Job ID: 5c805363-5cac-4fd0-b8f2-8f020acdf351
Queue Position: 3
Job Messages:
-------------------
Elapsed time: 0.8 s (Max time: 10000 s)
-------------------
<0c>Job Status: Pending
Job ID: 5c805363-5cac-4fd0-b8f2-8f020acdf351
Queue Position: 3
Job Messages:
-------------------
Elapsed time: 0.9 s (Max time: 10000 s)
-------------------
<0c>Job Status: Pending
Job ID: 5c805363-5cac-4fd0-b8f2-8f020acdf351
Queue Position: 3
Job Messages:
-------------------
Elapsed time: 1.0 s (Max time: 10000 s)
-------------------
<0c>Job Status: Pending
Job ID: 5c805363-5cac-4fd0-b8f2-8f020acdf351
Queue Position: 3
Job Messages:
-------------------
Elapsed time: 1.1 s (Max time: 10000 s)
-------------------
<0c>Job Status: Pending
Job ID: 5c805363-5cac-4fd0-b8f2-8f020acdf351
Queue Position: 3
Job Messages:
-------------------
Elapsed time: 1.2 s (Max time: 10000 s)
-------------------
<0c>Job Status: Pending
Job ID: 5c805363-5cac-4fd0-b8f2-8f020acdf351
Queue Position: 3
Job Messages:
-------------------
Elapsed time: 1.3 s (Max time: 10000 s)
-------------------
<0c>Job Status: Pending
Job ID: 5c805363-5cac-4fd0-b8f2-8f020acdf351
Queue Position: 3
Job Messages:
-------------------
Elapsed time: 1.4 s (Max time: 10000 s)
-------------------
<0c>Job Status: Pending
Job ID: 5c805363-5cac-4fd0-b8f2-8f020acdf351
Queue Position: 3
Job Messages:
-------------------
Elapsed time: 1.5 s (Max time: 10000 s)
-------------------
<0c>Job Status: Pending
Job ID: 5c805363-5cac-4fd0-b8f2-8f020acdf351
Queue Position: 1
Job Messages:
-------------------
Elapsed time: 1.6 s (Max time: 10000 s)
-------------------
<0c>Job Status: Executing
Job ID: 5c805363-5cac-4fd0-b8f2-8f020acdf351
Queue Position: -1
Job Messages:
esriJobMessageTypeInformative: Submitted.
esriJobMessageTypeInformative: Executing...
esriJobMessageTypeInformative: Start Time: Tuesday, May 13, 2025 10:24:59 PM
esriJobMessageTypeInformative: AOI: -123.7835 41.7534 -123.6352 41.8042
esriJobMessageTypeInformative: Entering ValidateCoordinates()
esriJobMessageTypeInformative: Entering DetermineRegion()
esriJobMessageTypeError: ERROR: Failure determining region from outline map service.
-------------------
Elapsed time: 1.7 s (Max time: 10000 s)
-------------------
<0c>Job Status: Executing
Job ID: 5c805363-5cac-4fd0-b8f2-8f020acdf351
Queue Position: -1
Job Messages:
esriJobMessageTypeInformative: Submitted.
esriJobMessageTypeInformative: Executing...
esriJobMessageTypeInformative: Start Time: Tuesday, May 13, 2025 10:24:59 PM
esriJobMessageTypeInformative: AOI: -123.7835 41.7534 -123.6352 41.8042
esriJobMessageTypeInformative: Entering ValidateCoordinates()
esriJobMessageTypeInformative: Entering DetermineRegion()
esriJobMessageTypeError: ERROR: Failure determining region from outline map service.
esriJobMessageTypeInformative: Failed script LandfireProductService...
esriJobMessageTypeError: Failed to execute (LandfireProductService).
-------------------
Elapsed time: 1.8 s (Max time: 10000 s)
-------------------
<0c>Job Status: Failed
Job ID: 5c805363-5cac-4fd0-b8f2-8f020acdf351
Queue Position: -1
Job Messages:
esriJobMessageTypeInformative: Submitted.
esriJobMessageTypeInformative: Executing...
esriJobMessageTypeInformative: Start Time: Tuesday, May 13, 2025 10:24:59 PM
esriJobMessageTypeInformative: AOI: -123.7835 41.7534 -123.6352 41.8042
esriJobMessageTypeInformative: Entering ValidateCoordinates()
esriJobMessageTypeInformative: Entering DetermineRegion()
esriJobMessageTypeError: ERROR: Failure determining region from outline map service.
esriJobMessageTypeInformative: Failed script LandfireProductService...
esriJobMessageTypeError: Failed to execute (LandfireProductService).
esriJobMessageTypeInformative: Failed at Tuesday, May 13, 2025 10:25:01 PM (Elapsed Time: 1.36 seconds)
esriJobMessageTypeError: Failed.
-------------------
Elapsed time: 1.9 s (Max time: 10000 s)
-------------------
<0c>Job Status: Pending
Job ID: 0d7f3b7f-8e65-49c2-8272-25ee1dad04ac
Queue Position: 1
Job Messages:
-------------------
Elapsed time: 0.1 s (Max time: 10000 s)
-------------------
<0c>Job Status: Pending
Job ID: 0d7f3b7f-8e65-49c2-8272-25ee1dad04ac
Queue Position: 1
Job Messages:
-------------------
Elapsed time: 0.2 s (Max time: 10000 s)
-------------------
<0c>Job Status: Pending
Job ID: 0d7f3b7f-8e65-49c2-8272-25ee1dad04ac
Queue Position: 1
Job Messages:
-------------------
Elapsed time: 0.3 s (Max time: 10000 s)
-------------------
<0c>Job Status: Pending
Job ID: 0d7f3b7f-8e65-49c2-8272-25ee1dad04ac
Queue Position: 1
Job Messages:
-------------------
Elapsed time: 0.4 s (Max time: 10000 s)
-------------------
<0c>Job Status: Pending
Job ID: 0d7f3b7f-8e65-49c2-8272-25ee1dad04ac
Queue Position: 1
Job Messages:
-------------------
Elapsed time: 0.5 s (Max time: 10000 s)
-------------------
<0c>Job Status: Pending
Job ID: 0d7f3b7f-8e65-49c2-8272-25ee1dad04ac
Queue Position: 1
Job Messages:
-------------------
Elapsed time: 0.6 s (Max time: 10000 s)
-------------------
<0c>Job Status: Pending
Job ID: 0d7f3b7f-8e65-49c2-8272-25ee1dad04ac
Queue Position: 1
Job Messages:
-------------------
Elapsed time: 0.7 s (Max time: 10000 s)
-------------------
<0c>Job Status: Pending
Job ID: 0d7f3b7f-8e65-49c2-8272-25ee1dad04ac
Queue Position: 1
Job Messages:
-------------------
Elapsed time: 0.8 s (Max time: 10000 s)
-------------------
<0c>Job Status: Pending
Job ID: 0d7f3b7f-8e65-49c2-8272-25ee1dad04ac
Queue Position: 1
Job Messages:
-------------------
Elapsed time: 0.9 s (Max time: 10000 s)
-------------------
<0c>Job Status: Pending
Job ID: 0d7f3b7f-8e65-49c2-8272-25ee1dad04ac
Queue Position: 1
Job Messages:
-------------------
Elapsed time: 1.0 s (Max time: 10000 s)
-------------------
<0c>Job Status: Pending
Job ID: 0d7f3b7f-8e65-49c2-8272-25ee1dad04ac
Queue Position: 1
Job Messages:
-------------------
Elapsed time: 1.1 s (Max time: 10000 s)
-------------------
<0c>Job Status: Pending
Job ID: 0d7f3b7f-8e65-49c2-8272-25ee1dad04ac
Queue Position: 1
Job Messages:
-------------------
Elapsed time: 1.2 s (Max time: 10000 s)
-------------------
<0c>Job Status: Pending
Job ID: 0d7f3b7f-8e65-49c2-8272-25ee1dad04ac
Queue Position: 1
Job Messages:
-------------------
Elapsed time: 1.3 s (Max time: 10000 s)
-------------------
<0c>Job Status: Pending
Job ID: 0d7f3b7f-8e65-49c2-8272-25ee1dad04ac
Queue Position: 1
Job Messages:
-------------------
Elapsed time: 1.4 s (Max time: 10000 s)
-------------------
<0c>Job Status: Pending
Job ID: 0d7f3b7f-8e65-49c2-8272-25ee1dad04ac
Queue Position: 1
Job Messages:
-------------------
Elapsed time: 1.5 s (Max time: 10000 s)
-------------------
<0c>Job Status: Pending
Job ID: 0d7f3b7f-8e65-49c2-8272-25ee1dad04ac
Queue Position: 1
Job Messages:
-------------------
Elapsed time: 1.6 s (Max time: 10000 s)
-------------------
<0c>Job Status: Pending
Job ID: 0d7f3b7f-8e65-49c2-8272-25ee1dad04ac
Queue Position: 1
Job Messages:
-------------------
Elapsed time: 1.7 s (Max time: 10000 s)
-------------------
<0c>Job Status: Executing
Job ID: 0d7f3b7f-8e65-49c2-8272-25ee1dad04ac
Queue Position: -1
Job Messages:
esriJobMessageTypeInformative: Submitted.
esriJobMessageTypeInformative: Executing...
esriJobMessageTypeInformative: Start Time: Tuesday, May 13, 2025 10:25:15 PM
esriJobMessageTypeInformative: AOI: -123.65 41.75 -123.63 41.83
esriJobMessageTypeInformative: Entering ValidateCoordinates()
esriJobMessageTypeInformative: Entering DetermineRegion()
esriJobMessageTypeError: ERROR: Failure determining region from outline map service.
-------------------
Elapsed time: 1.8 s (Max time: 10000 s)
-------------------
<0c>Job Status: Failed
Job ID: 0d7f3b7f-8e65-49c2-8272-25ee1dad04ac
Queue Position: -1
Job Messages:
esriJobMessageTypeInformative: Submitted.
esriJobMessageTypeInformative: Executing...
esriJobMessageTypeInformative: Start Time: Tuesday, May 13, 2025 10:25:15 PM
esriJobMessageTypeInformative: AOI: -123.65 41.75 -123.63 41.83
esriJobMessageTypeInformative: Entering ValidateCoordinates()
esriJobMessageTypeInformative: Entering DetermineRegion()
esriJobMessageTypeError: ERROR: Failure determining region from outline map service.
esriJobMessageTypeInformative: Failed script LandfireProductService...
esriJobMessageTypeError: Failed to execute (LandfireProductService).
esriJobMessageTypeInformative: Failed at Tuesday, May 13, 2025 10:25:16 PM (Elapsed Time: 1.18 seconds)
esriJobMessageTypeError: Failed.
-------------------
Elapsed time: 1.9 s (Max time: 10000 s)
-------------------
<0c>Job Status: Pending
Job ID: 0f2aca21-5066-4637-a6ee-da0a0442c11c
Queue Position: 1
Job Messages:
-------------------
Elapsed time: 0.1 s (Max time: 10000 s)
-------------------
<0c>Job Status: Pending
Job ID: 0f2aca21-5066-4637-a6ee-da0a0442c11c
Queue Position: 1
Job Messages:
-------------------
Elapsed time: 0.2 s (Max time: 10000 s)
-------------------
<0c>Job Status: Pending
Job ID: 0f2aca21-5066-4637-a6ee-da0a0442c11c
Queue Position: 1
Job Messages:
-------------------
Elapsed time: 0.3 s (Max time: 10000 s)
-------------------
<0c>Job Status: Pending
Job ID: 0f2aca21-5066-4637-a6ee-da0a0442c11c
Queue Position: 1
Job Messages:
-------------------
Elapsed time: 0.4 s (Max time: 10000 s)
-------------------
<0c>Job Status: Pending
Job ID: 0f2aca21-5066-4637-a6ee-da0a0442c11c
Queue Position: 1
Job Messages:
-------------------
Elapsed time: 0.5 s (Max time: 10000 s)
-------------------
<0c>Job Status: Pending
Job ID: 0f2aca21-5066-4637-a6ee-da0a0442c11c
Queue Position: 1
Job Messages:
-------------------
Elapsed time: 0.6 s (Max time: 10000 s)
-------------------
<0c>Job Status: Pending
Job ID: 0f2aca21-5066-4637-a6ee-da0a0442c11c
Queue Position: 1
Job Messages:
-------------------
Elapsed time: 0.7 s (Max time: 10000 s)
-------------------
<0c>Job Status: Pending
Job ID: 0f2aca21-5066-4637-a6ee-da0a0442c11c
Queue Position: 1
Job Messages:
-------------------
Elapsed time: 0.8 s (Max time: 10000 s)
-------------------
<0c>Job Status: Pending
Job ID: 0f2aca21-5066-4637-a6ee-da0a0442c11c
Queue Position: 1
Job Messages:
-------------------
Elapsed time: 0.9 s (Max time: 10000 s)
-------------------
<0c>Job Status: Pending
Job ID: 0f2aca21-5066-4637-a6ee-da0a0442c11c
Queue Position: 1
Job Messages:
-------------------
Elapsed time: 1.0 s (Max time: 10000 s)
-------------------
<0c>Job Status: Pending
Job ID: 0f2aca21-5066-4637-a6ee-da0a0442c11c
Queue Position: 1
Job Messages:
-------------------
Elapsed time: 1.1 s (Max time: 10000 s)
-------------------
<0c>Job Status: Pending
Job ID: 0f2aca21-5066-4637-a6ee-da0a0442c11c
Queue Position: 1
Job Messages:
-------------------
Elapsed time: 1.2 s (Max time: 10000 s)
-------------------
<0c>Job Status: Pending
Job ID: 0f2aca21-5066-4637-a6ee-da0a0442c11c
Queue Position: 1
Job Messages:
-------------------
Elapsed time: 1.3 s (Max time: 10000 s)
-------------------
<0c>Job Status: Pending
Job ID: 0f2aca21-5066-4637-a6ee-da0a0442c11c
Queue Position: 1
Job Messages:
-------------------
Elapsed time: 1.4 s (Max time: 10000 s)
-------------------
<0c>Job Status: Pending
Job ID: 0f2aca21-5066-4637-a6ee-da0a0442c11c
Queue Position: 1
Job Messages:
-------------------
Elapsed time: 1.5 s (Max time: 10000 s)
-------------------
<0c>Job Status: Pending
Job ID: 0f2aca21-5066-4637-a6ee-da0a0442c11c
Queue Position: 1
Job Messages:
-------------------
Elapsed time: 1.6 s (Max time: 10000 s)
-------------------
<0c>Job Status: Pending
Job ID: 0f2aca21-5066-4637-a6ee-da0a0442c11c
Queue Position: 1
Job Messages:
-------------------
Elapsed time: 1.7 s (Max time: 10000 s)
-------------------
<0c>Job Status: Pending
Job ID: 0f2aca21-5066-4637-a6ee-da0a0442c11c
Queue Position: 1
Job Messages:
-------------------
Elapsed time: 1.8 s (Max time: 10000 s)
-------------------
<0c>Job Status: Pending
Job ID: 0f2aca21-5066-4637-a6ee-da0a0442c11c
Queue Position: 1
Job Messages:
-------------------
Elapsed time: 1.9 s (Max time: 10000 s)
-------------------
<0c>Job Status: Pending
Job ID: 0f2aca21-5066-4637-a6ee-da0a0442c11c
Queue Position: 1
Job Messages:
-------------------
Elapsed time: 2.0 s (Max time: 10000 s)
-------------------
<0c>Job Status: Pending
Job ID: 0f2aca21-5066-4637-a6ee-da0a0442c11c
Queue Position: 1
Job Messages:
-------------------
Elapsed time: 2.1 s (Max time: 10000 s)
-------------------
<0c>Job Status: Pending
Job ID: 0f2aca21-5066-4637-a6ee-da0a0442c11c
Queue Position: 1
Job Messages:
-------------------
Elapsed time: 2.2 s (Max time: 10000 s)
-------------------
<0c>Job Status: Executing
Job ID: 0f2aca21-5066-4637-a6ee-da0a0442c11c
Queue Position: -1
Job Messages:
esriJobMessageTypeInformative: Submitted.
esriJobMessageTypeInformative: Executing...
-------------------
Elapsed time: 2.3 s (Max time: 10000 s)
-------------------
<0c>Job Status: Executing
Job ID: 0f2aca21-5066-4637-a6ee-da0a0442c11c
Queue Position: -1
Job Messages:
esriJobMessageTypeInformative: Submitted.
esriJobMessageTypeInformative: Executing...
esriJobMessageTypeInformative: Start Time: Tuesday, May 13, 2025 10:25:33 PM
esriJobMessageTypeInformative: AOI: -123.803 41.723 -123.616 41.834
esriJobMessageTypeInformative: Entering ValidateCoordinates()
esriJobMessageTypeInformative: Entering DetermineRegion()
esriJobMessageTypeError: ERROR: Failure determining region from outline map service.
esriJobMessageTypeInformative: Failed script LandfireProductService...
-------------------
Elapsed time: 2.4 s (Max time: 10000 s)
-------------------
<0c>Job Status: Executing
Job ID: 0f2aca21-5066-4637-a6ee-da0a0442c11c
Queue Position: -1
Job Messages:
esriJobMessageTypeInformative: Submitted.
esriJobMessageTypeInformative: Executing...
esriJobMessageTypeInformative: Start Time: Tuesday, May 13, 2025 10:25:33 PM
esriJobMessageTypeInformative: AOI: -123.803 41.723 -123.616 41.834
esriJobMessageTypeInformative: Entering ValidateCoordinates()
esriJobMessageTypeInformative: Entering DetermineRegion()
esriJobMessageTypeError: ERROR: Failure determining region from outline map service.
esriJobMessageTypeInformative: Failed script LandfireProductService...
esriJobMessageTypeError: Failed to execute (LandfireProductService).
esriJobMessageTypeInformative: Failed at Tuesday, May 13, 2025 10:25:34 PM (Elapsed Time: 1.23 seconds)
-------------------
Elapsed time: 2.5 s (Max time: 10000 s)
-------------------
<0c>Job Status: Failed
Job ID: 0f2aca21-5066-4637-a6ee-da0a0442c11c
Queue Position: -1
Job Messages:
esriJobMessageTypeInformative: Submitted.
esriJobMessageTypeInformative: Executing...
esriJobMessageTypeInformative: Start Time: Tuesday, May 13, 2025 10:25:33 PM
esriJobMessageTypeInformative: AOI: -123.803 41.723 -123.616 41.834
esriJobMessageTypeInformative: Entering ValidateCoordinates()
esriJobMessageTypeInformative: Entering DetermineRegion()
esriJobMessageTypeError: ERROR: Failure determining region from outline map service.
esriJobMessageTypeInformative: Failed script LandfireProductService...
esriJobMessageTypeError: Failed to execute (LandfireProductService).
esriJobMessageTypeInformative: Failed at Tuesday, May 13, 2025 10:25:34 PM (Elapsed Time: 1.23 seconds)
esriJobMessageTypeError: Failed.
-------------------
Elapsed time: 2.6 s (Max time: 10000 s)
-------------------
[ FAIL 1 | WARN 4 | SKIP 2 | PASS 78 ]
══ Skipped tests (2) ═══════════════════════════════════════════════════════════
• On CRAN (2): 'test-landfireAPI.R:245:3', 'test-utils.R:27:5'
══ Failed tests ════════════════════════════════════════════════════════════════
── Error ('test-landfireAPI.R:206:5'): `landfireAPIv2()` works with `getZone()` ──
Error in `landfireAPIv2(products = products, aoi = zone, email = email,
resolution = resolution, path = path)`: API request failed with status code: 500
LFPS Error message: Internal Server Error
Backtrace:
▆
1. └─rlandfire::landfireAPIv2(...) at test-landfireAPI.R:206:5
[ FAIL 1 | WARN 4 | SKIP 2 | PASS 78 ]
Error: Test failures
Execution halted
Flavor: r-patched-linux-x86_64
These binaries (installable software) and packages are in development.
They may not be fully stable and should be used with caution. We make no claims about them.
Health stats visible at Monitor.