Last updated on 2025-07-17 17:50:25 CEST.
Flavor | Version | Tinstall | Tcheck | Ttotal | Status | Flags |
---|---|---|---|---|---|---|
r-devel-linux-x86_64-debian-clang | 1.0.18 | 5.54 | 57.84 | 63.38 | OK | |
r-devel-linux-x86_64-debian-gcc | 1.0.18 | 3.94 | 45.08 | 49.02 | OK | |
r-devel-linux-x86_64-fedora-clang | 1.0.18 | 98.03 | OK | |||
r-devel-linux-x86_64-fedora-gcc | 1.0.18 | 108.49 | OK | |||
r-devel-windows-x86_64 | 1.0.18 | 9.00 | 71.00 | 80.00 | OK | |
r-patched-linux-x86_64 | 1.0.18 | 5.71 | 52.74 | 58.45 | ERROR | |
r-release-linux-x86_64 | 1.0.18 | 5.69 | 53.74 | 59.43 | OK | |
r-release-macos-arm64 | 1.0.18 | 66.00 | OK | |||
r-release-macos-x86_64 | 1.0.18 | 126.00 | OK | |||
r-release-windows-x86_64 | 1.0.18 | 8.00 | 73.00 | 81.00 | OK | |
r-oldrel-macos-arm64 | 1.0.18 | 54.00 | OK | |||
r-oldrel-macos-x86_64 | 1.0.18 | 104.00 | OK | |||
r-oldrel-windows-x86_64 | 1.0.18 | 10.00 | 85.00 | 95.00 | OK |
Version: 1.0.18
Check: tests
Result: ERROR
Running ‘testthat.R’ [4s/8s]
Running the tests in ‘tests/testthat.R’ failed.
Complete output:
> library(testthat)
> library(rjtools)
>
> test_check("rjtools")
v SUCCESS: File and directory names are compliant.
v SUCCESS: File and directory names are compliant.
v SUCCESS: Article title formatted in title case.
x ERROR: Article title not in title case! Suggest title: ToOoOlTiPs: An R Package for Customizable Tooltips in Interactive Graphics.
v SUCCESS: Section titles formatted in sentence case.
v SUCCESS: Possible motivation letter found: motivation-letter
i NOTE: Motivation letter is not detected, if applicable
v SUCCESS: No problematic file found
x ERROR: Submission contains unnecessary files: RJtemplate.tex
v SUCCESS: CRAN activities have been detected for package ggplot2
i NOTE: No CRAN activities detected for package nonexistent
Vim: Warning: Output is not to a terminal
Vim: Warning: Input is not from a terminal
<1b>[m<1b>[m<1b>[0m<1b>[H<1b>[2J<1b>[24;1H</scratch/RtmpzHFXSt/file19492a16104d/testdoc.Rmd"
<tmpzHFXSt/file19492a16104d/testdoc.Rmd" 95L, 5248B<1b>[1;1H<1b>[35m---<1b>[0m
<1b>[36mtitle<1b>[0m<1b>[35m:<1b>[0m <1b>[31m"ToOoOlTiPs: An R Package for Customizable Tooltips in Interactive Graphii<1b>[3;1Hcs"<1b>[0m
<1b>[36mdate<1b>[0m<1b>[35m:<1b>[0m <1b>[31m"2022-11-09"<1b>[0m
<1b>[36mabstract<1b>[0m<1b>[35m:<1b>[0m <1b>[35m><1b>[0m
An abstract of less than 150 words.
<1b>[36mdraft<1b>[0m<1b>[35m:<1b>[0m <1b>[31mtrue<1b>[0m
<1b>[36mauthor<1b>[0m<1b>[35m:<1b>[0m
<1b>[33m-<1b>[0m <1b>[36mname<1b>[0m<1b>[35m:<1b>[0m Quietest Quokka
<1b>[36maffiliation<1b>[0m<1b>[35m:<1b>[0m University of Little Mates
<1b>[36maddress<1b>[0m<1b>[35m:<1b>[0m
<1b>[33m-<1b>[0m Department of Letter Q
<1b>[33m-<1b>[0m Somewhere, Australia
<1b>[36murl<1b>[0m<1b>[35m:<1b>[0m https://www.britannica.com/animal/quokka
<1b>[36morcid<1b>[0m<1b>[35m:<1b>[0m 0000-1721-1511-1101
<1b>[36memail<1b>[0m<1b>[35m:<1b>[0m qquo@ulm.edu
<1b>[33m-<1b>[0m <1b>[36mname<1b>[0m<1b>[35m:<1b>[0m Bounciest Bilby
<1b>[36maffiliation<1b>[0m<1b>[35m:<1b>[0m
<1b>[33m-<1b>[0m University of Little Mates
<1b>[33m-<1b>[0m University of Aussie Animals
<1b>[36maddress<1b>[0m<1b>[35m:<1b>[0m
<1b>[33m-<1b>[0m Department of Letter Q, Somewhere, Australia
<1b>[33m-<1b>[0m Department of Marsupials, Somewhere, Australia<1b>[24;63H1,1<1b>[11CTop<1b>[1;1H<1b>[24;1HVim: Error reading input, exiting...
Vim: Finished.
<1b>[24;1H
i Please use the folder 'data/', 'figures/', 'scripts/' and
'motivation-letter/' to organise additional data, figures, scripts,
and motivation letter.
! Please maintain the default file/folder structure as it will be checked
upon submission.
i [Action required] Please align the file name between 'test.Rmd' and
'RJreferences.bib'.
Success: your paper is ready to edit!
[ FAIL 1 | WARN 0 | SKIP 0 | PASS 29 ]
══ Failed tests ════════════════════════════════════════════════════════════════
── Error ('test-check.R:126:5'): available packages check works ────────────────
Error in `readRDS(con)`: error reading from connection
Backtrace:
▆
1. ├─rjtools (local) expect_SUCCESS(check_packages_available(article_path, ignore = "ToOoOlTiPs")) at test-check.R:126:5
2. │ └─testthat::expect_equal(c(expr), "SUCCESS") at test-check.R:68:19
3. │ └─testthat::quasi_label(enquo(object), label, arg = "object")
4. │ └─rlang::eval_bare(expr, quo_get_env(quo))
5. └─rjtools::check_packages_available(article_path, ignore = "ToOoOlTiPs")
6. └─rjtools:::allCRANpkgs()
7. └─tools::CRAN_package_db()
8. ├─base::as.data.frame(...)
9. └─tools:::read_CRAN_object(CRAN_baseurl_for_web_area(), "web/packages/packages.rds")
10. └─base::readRDS(con)
[ FAIL 1 | WARN 0 | SKIP 0 | PASS 29 ]
Error: Test failures
Execution halted
Flavor: r-patched-linux-x86_64
These binaries (installable software) and packages are in development.
They may not be fully stable and should be used with caution. We make no claims about them.
Health stats visible at Monitor.