CRAN Package Check Results for Package riskParityPortfolio

Last updated on 2025-05-17 13:49:49 CEST.

Flavor Version Tinstall Tcheck Ttotal Status Flags
r-devel-linux-x86_64-debian-clang 0.2.2 63.78 47.76 111.54 NOTE
r-devel-linux-x86_64-debian-gcc 0.2.2 45.98 43.24 89.22 NOTE
r-devel-linux-x86_64-fedora-clang 0.2.2 191.72 NOTE
r-devel-linux-x86_64-fedora-gcc 0.2.2 235.29 NOTE
r-devel-windows-x86_64 0.2.2 67.00 88.00 155.00 NOTE
r-patched-linux-x86_64 0.2.2 66.51 51.99 118.50 NOTE
r-release-linux-x86_64 0.2.2 69.04 52.66 121.70 NOTE
r-release-macos-arm64 0.2.2 72.00 NOTE
r-release-macos-x86_64 0.2.2 104.00 NOTE
r-release-windows-x86_64 0.2.2 67.00 90.00 157.00 NOTE
r-oldrel-macos-arm64 0.2.2 57.00 NOTE
r-oldrel-macos-x86_64 0.2.2 74.00 NOTE
r-oldrel-windows-x86_64 0.2.2 81.00 100.00 181.00 NOTE

Check Details

Version: 0.2.2
Check: CRAN incoming feasibility
Result: NOTE Maintainer: ‘Daniel P. Palomar <daniel.p.palomar@gmail.com>’ Package CITATION file contains call(s) to old-style personList() or as.personList(). Please use c() on person objects instead. Package CITATION file contains call(s) to old-style citEntry(). Please use bibentry() instead. The Description field contains parity portfolios. <arXiv:1311.4057>. Please refer to arXiv e-prints via their arXiv DOI <doi:10.48550/arXiv.YYMM.NNNNN>. Flavors: r-devel-linux-x86_64-debian-clang, r-devel-linux-x86_64-debian-gcc

Version: 0.2.2
Check: Rd files
Result: NOTE checkRd: (-1) riskParityPortfolio.Rd:163: Lost braces in \itemize; meant \describe ? checkRd: (-1) riskParityPortfolio.Rd:164: Lost braces in \itemize; meant \describe ? checkRd: (-1) riskParityPortfolio.Rd:165: Lost braces in \itemize; meant \describe ? checkRd: (-1) riskParityPortfolio.Rd:166: Lost braces in \itemize; meant \describe ? checkRd: (-1) riskParityPortfolio.Rd:167: Lost braces in \itemize; meant \describe ? checkRd: (-1) riskParityPortfolio.Rd:168: Lost braces in \itemize; meant \describe ? checkRd: (-1) riskParityPortfolio.Rd:169: Lost braces in \itemize; meant \describe ? checkRd: (-1) riskParityPortfolio.Rd:170: Lost braces in \itemize; meant \describe ? Flavors: r-devel-linux-x86_64-debian-clang, r-devel-linux-x86_64-debian-gcc, r-devel-linux-x86_64-fedora-clang, r-devel-linux-x86_64-fedora-gcc, r-devel-windows-x86_64, r-patched-linux-x86_64, r-release-linux-x86_64, r-release-macos-arm64, r-release-macos-x86_64, r-release-windows-x86_64, r-oldrel-macos-arm64, r-oldrel-macos-x86_64, r-oldrel-windows-x86_64

Version: 0.2.2
Check: installed package size
Result: NOTE installed size is 25.2Mb sub-directories of 1Mb or more: doc 1.4Mb libs 23.7Mb Flavors: r-oldrel-macos-arm64, r-oldrel-macos-x86_64

These binaries (installable software) and packages are in development.
They may not be fully stable and should be used with caution. We make no claims about them.
Health stats visible at Monitor.