Last updated on 2025-02-23 15:49:56 CET.
Flavor | Version | Tinstall | Tcheck | Ttotal | Status | Flags |
---|---|---|---|---|---|---|
r-devel-linux-x86_64-debian-clang | 3.3 | 10.10 | 36.79 | 46.89 | OK | |
r-devel-linux-x86_64-debian-gcc | 3.3 | 7.75 | 30.56 | 38.31 | OK | |
r-devel-linux-x86_64-fedora-clang | 3.3 | 75.35 | OK | |||
r-devel-linux-x86_64-fedora-gcc | 3.3 | 78.29 | OK | |||
r-devel-macos-arm64 | 3.3 | 34.00 | OK | |||
r-devel-macos-x86_64 | 3.3 | 58.00 | OK | |||
r-devel-windows-x86_64 | 3.3 | 15.00 | 77.00 | 92.00 | OK | |
r-patched-linux-x86_64 | 3.3 | 9.33 | 39.76 | 49.09 | OK | |
r-release-linux-x86_64 | 3.3 | 9.05 | 39.92 | 48.97 | OK | |
r-release-macos-arm64 | 3.3 | 33.00 | OK | |||
r-release-macos-x86_64 | 3.3 | 46.00 | OK | |||
r-release-windows-x86_64 | 3.3 | 13.00 | 69.00 | 82.00 | OK | |
r-oldrel-macos-arm64 | 3.3 | 36.00 | OK | |||
r-oldrel-macos-x86_64 | 3.3 | 44.00 | ERROR | |||
r-oldrel-windows-x86_64 | 3.3 | 15.00 | 81.00 | 96.00 | OK |
Version: 3.3
Check: examples
Result: ERROR
Running examples in ‘ridge-Ex.R’ failed
The error most likely occurred in:
> ### Name: pvals
> ### Title: Compute p-values for ridgeLinear and ridgeLogistic models
> ### Aliases: pvals pvals.ridgeLinear pvals.ridgeLogistic
> ### plot.pvalsRidgeLinear plot.pvalsRidgeLogistic print.pvalsRidgeLinear
> ### print.pvalsRidgeLogistic
>
> ### ** Examples
>
> data(GenBin)
> mod <- logisticRidge(Phenotypes ~ ., data = as.data.frame(GenBin))
Execution halted
Flavor: r-oldrel-macos-x86_64
These binaries (installable software) and packages are in development.
They may not be fully stable and should be used with caution. We make no claims about them.
Health stats visible at Monitor.