CRAN Package Check Results for Package rhub

Last updated on 2025-02-23 19:51:18 CET.

Flavor Version Tinstall Tcheck Ttotal Status Flags
r-devel-linux-x86_64-debian-clang 2.0.0 11.07 45.52 56.59 OK
r-devel-linux-x86_64-debian-gcc 2.0.0 7.38 32.39 39.77 ERROR
r-devel-linux-x86_64-fedora-clang 2.0.0 89.16 ERROR
r-devel-linux-x86_64-fedora-gcc 2.0.0 84.94 ERROR
r-devel-macos-arm64 2.0.0 31.00 OK
r-devel-macos-x86_64 2.0.0 56.00 OK
r-devel-windows-x86_64 2.0.0 13.00 65.00 78.00 OK
r-patched-linux-x86_64 2.0.0 9.68 42.96 52.64 OK
r-release-linux-x86_64 2.0.0 10.46 42.85 53.31 OK
r-release-macos-arm64 2.0.0 32.00 OK
r-release-macos-x86_64 2.0.0 43.00 OK
r-release-windows-x86_64 2.0.0 15.00 64.00 79.00 OK
r-oldrel-macos-arm64 2.0.0 38.00 OK
r-oldrel-macos-x86_64 2.0.0 60.00 OK
r-oldrel-windows-x86_64 2.0.0 15.00 71.00 86.00 OK

Check Details

Version: 2.0.0
Check: tests
Result: ERROR Running ‘testthat.R’ [6s/9s] Running the tests in ‘tests/testthat.R’ failed. Complete output: > # This file is part of the standard setup for testthat. > # It is recommended that you do not modify it. > # > # Where should you do additional test configuration? > # Learn more about the roles of various files in: > # * https://r-pkgs.org/testing-design.html#sec-tests-files-overview > # * https://testthat.r-lib.org/articles/special-files.html > > library(testthat) > library(rhub) > > test_check("rhub") [ FAIL 1 | WARN 1 | SKIP 53 | PASS 68 ] ══ Skipped tests (53) ══════════════════════════════════════════════════════════ • On CRAN (53): 'test-api.R:3:3', 'test-api.R:10:3', 'test-api.R:24:3', 'test-api.R:31:3', 'test-api.R:40:3', 'test-assertions.R:2:3', 'test-assertions.R:21:3', 'test-assertions.R:39:3', 'test-assertions.R:62:3', 'test-assertions.R:84:3', 'test-cli.R:3:3', 'test-doctor.R:24:3', 'test-doctor.R:48:3', 'test-doctor.R:77:3', 'test-doctor.R:121:3', 'test-doctor.R:137:3', 'test-doctor.R:159:3', 'test-doctor.R:194:3', 'test-doctor.R:206:3', 'test-gh.R:2:3', 'test-gh.R:11:3', 'test-gh.R:18:3', 'test-gh.R:46:3', 'test-gh.R:79:3', 'test-gh.R:111:3', 'test-platforms.R:13:3', 'test-platforms.R:28:3', 'test-platforms.R:59:3', 'test-platforms.R:73:3', 'test-platforms.R:88:3', 'test-rc.R:4:3', 'test-rc.R:46:3', 'test-rc.R:54:3', 'test-rc.R:129:3', 'test-rc.R:149:3', 'test-rc.R:173:3', 'test-rc.R:205:3', 'test-rc.R:221:3', 'test-rc.R:232:3', 'test-rc.R:250:3', 'test-setup.R:3:3', 'test-setup.R:35:3', 'test-setup.R:79:3', 'test-setup.R:105:3', 'test-utils.R:13:3', 'test-utils.R:28:3', 'test-utils.R:36:3', 'test-utils.R:40:3', 'test-utils.R:46:3', 'test-utils.R:85:3', 'test-utils.R:111:3', 'test-utils.R:141:3', 'test-utils.R:141:3' ══ Failed tests ════════════════════════════════════════════════════════════════ ── Error ('test-check.R:14:3'): rhub_check ───────────────────────────────────── Error in `unlist(plat$name, plat$aliases)`: 'recursive' must be of length 1 Backtrace: ▆ 1. └─testthat::expect_snapshot(...) at test-check.R:14:3 2. └─rlang::cnd_signal(state$error) [ FAIL 1 | WARN 1 | SKIP 53 | PASS 68 ] Error: Test failures Execution halted Flavor: r-devel-linux-x86_64-debian-gcc

Version: 2.0.0
Check: tests
Result: ERROR Running ‘testthat.R’ [13s/21s] Running the tests in ‘tests/testthat.R’ failed. Complete output: > # This file is part of the standard setup for testthat. > # It is recommended that you do not modify it. > # > # Where should you do additional test configuration? > # Learn more about the roles of various files in: > # * https://r-pkgs.org/testing-design.html#sec-tests-files-overview > # * https://testthat.r-lib.org/articles/special-files.html > > library(testthat) > library(rhub) > > test_check("rhub") [ FAIL 1 | WARN 1 | SKIP 53 | PASS 68 ] ══ Skipped tests (53) ══════════════════════════════════════════════════════════ • On CRAN (53): 'test-api.R:3:3', 'test-api.R:10:3', 'test-api.R:24:3', 'test-api.R:31:3', 'test-api.R:40:3', 'test-assertions.R:2:3', 'test-assertions.R:21:3', 'test-assertions.R:39:3', 'test-assertions.R:62:3', 'test-assertions.R:84:3', 'test-cli.R:3:3', 'test-doctor.R:24:3', 'test-doctor.R:48:3', 'test-doctor.R:77:3', 'test-doctor.R:121:3', 'test-doctor.R:137:3', 'test-doctor.R:159:3', 'test-doctor.R:194:3', 'test-doctor.R:206:3', 'test-gh.R:2:3', 'test-gh.R:11:3', 'test-gh.R:18:3', 'test-gh.R:46:3', 'test-gh.R:79:3', 'test-gh.R:111:3', 'test-platforms.R:13:3', 'test-platforms.R:28:3', 'test-platforms.R:59:3', 'test-platforms.R:73:3', 'test-platforms.R:88:3', 'test-rc.R:4:3', 'test-rc.R:46:3', 'test-rc.R:54:3', 'test-rc.R:129:3', 'test-rc.R:149:3', 'test-rc.R:173:3', 'test-rc.R:205:3', 'test-rc.R:221:3', 'test-rc.R:232:3', 'test-rc.R:250:3', 'test-setup.R:3:3', 'test-setup.R:35:3', 'test-setup.R:79:3', 'test-setup.R:105:3', 'test-utils.R:13:3', 'test-utils.R:28:3', 'test-utils.R:36:3', 'test-utils.R:40:3', 'test-utils.R:46:3', 'test-utils.R:85:3', 'test-utils.R:111:3', 'test-utils.R:141:3', 'test-utils.R:141:3' ══ Failed tests ════════════════════════════════════════════════════════════════ ── Error ('test-check.R:14:3'): rhub_check ───────────────────────────────────── Error in `unlist(plat$name, plat$aliases)`: 'recursive' must be of length 1 Backtrace: ▆ 1. └─testthat::expect_snapshot(...) at test-check.R:14:3 2. └─rlang::cnd_signal(state$error) [ FAIL 1 | WARN 1 | SKIP 53 | PASS 68 ] Error: Test failures Execution halted Flavor: r-devel-linux-x86_64-fedora-clang

Version: 2.0.0
Check: tests
Result: ERROR Running ‘testthat.R’ [12s/17s] Running the tests in ‘tests/testthat.R’ failed. Complete output: > # This file is part of the standard setup for testthat. > # It is recommended that you do not modify it. > # > # Where should you do additional test configuration? > # Learn more about the roles of various files in: > # * https://r-pkgs.org/testing-design.html#sec-tests-files-overview > # * https://testthat.r-lib.org/articles/special-files.html > > library(testthat) > library(rhub) > > test_check("rhub") [ FAIL 1 | WARN 1 | SKIP 53 | PASS 68 ] ══ Skipped tests (53) ══════════════════════════════════════════════════════════ • On CRAN (53): 'test-api.R:3:3', 'test-api.R:10:3', 'test-api.R:24:3', 'test-api.R:31:3', 'test-api.R:40:3', 'test-assertions.R:2:3', 'test-assertions.R:21:3', 'test-assertions.R:39:3', 'test-assertions.R:62:3', 'test-assertions.R:84:3', 'test-cli.R:3:3', 'test-doctor.R:24:3', 'test-doctor.R:48:3', 'test-doctor.R:77:3', 'test-doctor.R:121:3', 'test-doctor.R:137:3', 'test-doctor.R:159:3', 'test-doctor.R:194:3', 'test-doctor.R:206:3', 'test-gh.R:2:3', 'test-gh.R:11:3', 'test-gh.R:18:3', 'test-gh.R:46:3', 'test-gh.R:79:3', 'test-gh.R:111:3', 'test-platforms.R:13:3', 'test-platforms.R:28:3', 'test-platforms.R:59:3', 'test-platforms.R:73:3', 'test-platforms.R:88:3', 'test-rc.R:4:3', 'test-rc.R:46:3', 'test-rc.R:54:3', 'test-rc.R:129:3', 'test-rc.R:149:3', 'test-rc.R:173:3', 'test-rc.R:205:3', 'test-rc.R:221:3', 'test-rc.R:232:3', 'test-rc.R:250:3', 'test-setup.R:3:3', 'test-setup.R:35:3', 'test-setup.R:79:3', 'test-setup.R:105:3', 'test-utils.R:13:3', 'test-utils.R:28:3', 'test-utils.R:36:3', 'test-utils.R:40:3', 'test-utils.R:46:3', 'test-utils.R:85:3', 'test-utils.R:111:3', 'test-utils.R:141:3', 'test-utils.R:141:3' ══ Failed tests ════════════════════════════════════════════════════════════════ ── Error ('test-check.R:14:3'): rhub_check ───────────────────────────────────── Error in `unlist(plat$name, plat$aliases)`: 'recursive' must be of length 1 Backtrace: ▆ 1. └─testthat::expect_snapshot(...) at test-check.R:14:3 2. └─rlang::cnd_signal(state$error) [ FAIL 1 | WARN 1 | SKIP 53 | PASS 68 ] Error: Test failures Execution halted Flavor: r-devel-linux-x86_64-fedora-gcc

These binaries (installable software) and packages are in development.
They may not be fully stable and should be used with caution. We make no claims about them.
Health stats visible at Monitor.