Last updated on 2025-02-08 19:49:29 CET.
Flavor | Version | Tinstall | Tcheck | Ttotal | Status | Flags |
---|---|---|---|---|---|---|
r-devel-linux-x86_64-debian-clang | 0.3.8 | 3.73 | 62.08 | 65.81 | NOTE | |
r-devel-linux-x86_64-debian-gcc | 0.3.8 | 2.88 | 47.69 | 50.57 | NOTE | |
r-devel-linux-x86_64-fedora-clang | 0.3.8 | 105.93 | NOTE | |||
r-devel-linux-x86_64-fedora-gcc | 0.3.8 | 114.22 | NOTE | |||
r-devel-windows-x86_64 | 0.3.8 | 10.00 | 80.00 | 90.00 | NOTE | |
r-patched-linux-x86_64 | 0.3.8 | 4.42 | 61.18 | 65.60 | NOTE | |
r-release-linux-x86_64 | 0.3.8 | 3.82 | 58.47 | 62.29 | NOTE | |
r-release-macos-arm64 | 0.3.8 | 45.00 | NOTE | |||
r-release-macos-x86_64 | 0.3.8 | 61.00 | NOTE | |||
r-release-windows-x86_64 | 0.3.8 | 10.00 | 81.00 | 91.00 | NOTE | |
r-oldrel-macos-arm64 | 0.3.8 | 47.00 | NOTE | |||
r-oldrel-macos-x86_64 | 0.3.8 | 62.00 | NOTE | |||
r-oldrel-windows-x86_64 | 0.3.8 | 10.00 | 98.00 | 108.00 | NOTE |
Version: 0.3.8
Check: Rd files
Result: NOTE
checkRd: (-1) rhandsontable-package.Rd:8: Lost braces
8 | R interface for creating tables using Handsontable, url{https://handsontable.com/}
| ^
Flavors: r-devel-linux-x86_64-debian-clang, r-devel-linux-x86_64-debian-gcc, r-devel-linux-x86_64-fedora-clang, r-devel-linux-x86_64-fedora-gcc, r-devel-windows-x86_64, r-patched-linux-x86_64, r-release-linux-x86_64, r-release-macos-arm64, r-release-macos-x86_64, r-release-windows-x86_64
Version: 0.3.8
Check: installed package size
Result: NOTE
installed size is 11.7Mb
sub-directories of 1Mb or more:
doc 10.3Mb
htmlwidgets 1.2Mb
Flavors: r-release-macos-arm64, r-release-macos-x86_64, r-release-windows-x86_64, r-oldrel-macos-arm64, r-oldrel-macos-x86_64, r-oldrel-windows-x86_64
These binaries (installable software) and packages are in development.
They may not be fully stable and should be used with caution. We make no claims about them.
Health stats visible at Monitor.