CRAN Package Check Results for Package rgraph6

Last updated on 2025-05-15 11:50:12 CEST.

Flavor Version Tinstall Tcheck Ttotal Status Flags
r-devel-linux-x86_64-debian-clang 2.0-5 11.81 47.55 59.36 NOTE
r-devel-linux-x86_64-debian-gcc 2.0-5 7.92 37.31 45.23 NOTE
r-devel-linux-x86_64-fedora-clang 2.0-5 97.75 OK
r-devel-linux-x86_64-fedora-gcc 2.0-5 106.76 OK
r-devel-windows-x86_64 2.0-5 14.00 87.00 101.00 OK
r-patched-linux-x86_64 2.0-5 10.87 44.33 55.20 OK
r-release-linux-x86_64 2.0-5 10.90 44.62 55.52 OK
r-release-macos-arm64 2.0-5 48.00 OK
r-release-macos-x86_64 2.0-5 62.00 OK
r-release-windows-x86_64 2.0-5 15.00 87.00 102.00 OK
r-oldrel-macos-arm64 2.0-5 48.00 OK
r-oldrel-macos-x86_64 2.0-5 81.00 OK
r-oldrel-windows-x86_64 2.0-5 14.00 99.00 113.00 OK

Check Details

Version: 2.0-5
Check: DESCRIPTION meta-information
Result: NOTE Author field differs from that derived from Authors@R Author: ‘Michal Bojanowski [aut, cre] (<https://orcid.org/0000-0001-7503-852X>, Kozminski University), David Schoch [aut] (<https://orcid.org/0000-0003-2952-4812>)’ Authors@R: ‘Michal Bojanowski [aut, cre] (ORCID: <https://orcid.org/0000-0001-7503-852X>, affil: Kozminski University), David Schoch [aut] (ORCID: <https://orcid.org/0000-0003-2952-4812>)’ Flavors: r-devel-linux-x86_64-debian-clang, r-devel-linux-x86_64-debian-gcc

These binaries (installable software) and packages are in development.
They may not be fully stable and should be used with caution. We make no claims about them.
Health stats visible at Monitor.