Last updated on 2025-05-15 09:52:39 CEST.
Flavor | Version | Tinstall | Tcheck | Ttotal | Status | Flags |
---|---|---|---|---|---|---|
r-devel-linux-x86_64-debian-clang | 1.0.4 | 18.11 | 56.19 | 74.30 | NOTE | |
r-devel-linux-x86_64-debian-gcc | 1.0.4 | 12.23 | 39.66 | 51.89 | NOTE | |
r-devel-linux-x86_64-fedora-clang | 1.0.4 | 123.13 | OK | |||
r-devel-linux-x86_64-fedora-gcc | 1.0.4 | 129.39 | OK | |||
r-devel-windows-x86_64 | 1.0.4 | 25.00 | 84.00 | 109.00 | OK | |
r-patched-linux-x86_64 | 1.0.4 | 16.39 | 50.87 | 67.26 | OK | |
r-release-linux-x86_64 | 1.0.4 | 16.79 | 50.61 | 67.40 | OK | |
r-release-macos-arm64 | 1.0.4 | 37.00 | OK | |||
r-release-macos-x86_64 | 1.0.4 | 71.00 | OK | |||
r-release-windows-x86_64 | 1.0.4 | 23.00 | 86.00 | 109.00 | OK | |
r-oldrel-macos-arm64 | 1.0.4 | 38.00 | OK | |||
r-oldrel-macos-x86_64 | 1.0.4 | 66.00 | OK | |||
r-oldrel-windows-x86_64 | 1.0.4 | 27.00 | 101.00 | 128.00 | OK |
Version: 1.0.4
Check: CRAN incoming feasibility
Result: NOTE
Maintainer: ‘Francisco Richter <richtf@usi.ch>’
The Description field contains
Environments." <arXiv:2304.01956>.
Please refer to arXiv e-prints via their arXiv DOI <doi:10.48550/arXiv.YYMM.NNNNN>.
Flavors: r-devel-linux-x86_64-debian-clang, r-devel-linux-x86_64-debian-gcc
These binaries (installable software) and packages are in development.
They may not be fully stable and should be used with caution. We make no claims about them.
Health stats visible at Monitor.