Last updated on 2025-02-23 19:51:18 CET.
Flavor | Version | Tinstall | Tcheck | Ttotal | Status | Flags |
---|---|---|---|---|---|---|
r-devel-linux-x86_64-debian-clang | 1.3.17 | 127.99 | 207.68 | 335.67 | OK | |
r-devel-linux-x86_64-debian-gcc | 1.3.17 | 87.60 | 153.29 | 240.89 | OK | |
r-devel-linux-x86_64-fedora-clang | 1.3.17 | 699.76 | OK | |||
r-devel-linux-x86_64-fedora-gcc | 1.3.17 | 559.52 | OK | |||
r-devel-macos-arm64 | 1.3.17 | 177.00 | OK | |||
r-devel-macos-x86_64 | 1.3.17 | 267.00 | OK | |||
r-devel-windows-x86_64 | 1.3.17 | 199.00 | 248.00 | 447.00 | OK | |
r-patched-linux-x86_64 | 1.3.17 | 122.48 | 198.81 | 321.29 | OK | |
r-release-linux-x86_64 | 1.3.17 | 116.77 | 195.93 | 312.70 | OK | |
r-release-macos-arm64 | 1.3.17 | 160.00 | NOTE | |||
r-release-macos-x86_64 | 1.3.17 | 260.00 | NOTE | |||
r-release-windows-x86_64 | 1.3.17 | 216.00 | 243.00 | 459.00 | NOTE | |
r-oldrel-macos-arm64 | 1.3.16 | 161.00 | NOTE | |||
r-oldrel-macos-x86_64 | 1.3.17 | 244.00 | NOTE | |||
r-oldrel-windows-x86_64 | 1.3.17 | 233.00 | 287.00 | 520.00 | NOTE |
Version: 1.3.17
Check: installed package size
Result: NOTE
installed size is 36.4Mb
sub-directories of 1Mb or more:
doc 7.1Mb
fonts 1.5Mb
libs 24.5Mb
Flavors: r-release-macos-arm64, r-release-macos-x86_64, r-release-windows-x86_64, r-oldrel-macos-x86_64, r-oldrel-windows-x86_64
Version: 1.3.16
Check: installed package size
Result: NOTE
installed size is 35.7Mb
sub-directories of 1Mb or more:
doc 7.1Mb
fonts 1.5Mb
libs 23.8Mb
Flavor: r-oldrel-macos-arm64
These binaries (installable software) and packages are in development.
They may not be fully stable and should be used with caution. We make no claims about them.
Health stats visible at Monitor.