Last updated on 2025-05-03 22:50:06 CEST.
Flavor | Version | Tinstall | Tcheck | Ttotal | Status | Flags |
---|---|---|---|---|---|---|
r-devel-linux-x86_64-debian-clang | 0.16.3 | 6.06 | 56.70 | 62.76 | NOTE | |
r-devel-linux-x86_64-debian-gcc | 0.16.3 | 4.56 | 42.91 | 47.47 | NOTE | |
r-devel-linux-x86_64-fedora-clang | 0.16.3 | 97.04 | OK | |||
r-devel-linux-x86_64-fedora-gcc | 0.16.3 | 104.19 | OK | |||
r-devel-windows-x86_64 | 0.16.3 | 7.00 | 73.00 | 80.00 | OK | |
r-patched-linux-x86_64 | 0.16.3 | 5.57 | 52.50 | 58.07 | OK | |
r-release-linux-x86_64 | OK | |||||
r-release-macos-arm64 | 0.16.3 | 62.00 | OK | |||
r-release-macos-x86_64 | 0.16.3 | 132.00 | OK | |||
r-release-windows-x86_64 | 0.16.3 | 8.00 | 73.00 | 81.00 | OK | |
r-oldrel-macos-arm64 | 0.16.3 | 41.00 | OK | |||
r-oldrel-macos-x86_64 | 0.16.3 | 95.00 | OK | |||
r-oldrel-windows-x86_64 | 0.16.3 | 11.00 | 87.00 | 98.00 | OK |
Version: 0.16.3
Check: DESCRIPTION meta-information
Result: NOTE
Author field differs from that derived from Authors@R
Author: ‘George Vega Yon [aut, cre] (<https://orcid.org/0000-0002-3171-0844>), Jorge Fábrega Lacoa [ctb], Joshua Kunst [ctb], Raphaël Velt [cph] (gexf-js library), Gephi Consortium [cph] (GEXF language), Cornelius Fritz [rev] (JOSS reviewer), Jonathan Cardoso Silva [rev] (JOSS reviewer)’
Authors@R: ‘George Vega Yon [aut, cre] (ORCID: <https://orcid.org/0000-0002-3171-0844>), Jorge Fábrega Lacoa [ctb], Joshua Kunst [ctb], Raphaël Velt [cph] (gexf-js library), Gephi Consortium [cph] (GEXF language), Cornelius Fritz [rev] (what: JOSS reviewer), Jonathan Cardoso Silva [rev] (what: JOSS reviewer)’
Flavors: r-devel-linux-x86_64-debian-clang, r-devel-linux-x86_64-debian-gcc
These binaries (installable software) and packages are in development.
They may not be fully stable and should be used with caution. We make no claims about them.
Health stats visible at Monitor.