Last updated on 2025-02-23 19:51:18 CET.
Flavor | Version | Tinstall | Tcheck | Ttotal | Status | Flags |
---|---|---|---|---|---|---|
r-devel-linux-x86_64-debian-clang | 0.0.1 | 22.35 | 88.31 | 110.66 | NOTE | |
r-devel-linux-x86_64-debian-gcc | 0.0.1 | 13.11 | 63.31 | 76.42 | NOTE | |
r-devel-linux-x86_64-fedora-clang | 0.0.1 | 170.76 | NOTE | |||
r-devel-linux-x86_64-fedora-gcc | 0.0.1 | 164.00 | NOTE | |||
r-devel-macos-arm64 | 0.0.1 | 47.00 | NOTE | |||
r-devel-macos-x86_64 | 0.0.1 | 95.00 | NOTE | |||
r-devel-windows-x86_64 | 0.0.1 | 20.00 | 153.00 | 173.00 | NOTE | |
r-patched-linux-x86_64 | 0.0.1 | 19.83 | 81.99 | 101.82 | NOTE | |
r-release-linux-x86_64 | 0.0.1 | 19.71 | 81.89 | 101.60 | NOTE | |
r-release-macos-arm64 | 0.0.1 | 43.00 | NOTE | |||
r-release-macos-x86_64 | 0.0.1 | 68.00 | NOTE | |||
r-release-windows-x86_64 | 0.0.1 | 20.00 | 141.00 | 161.00 | NOTE | |
r-oldrel-macos-arm64 | 0.0.1 | 50.00 | OK | |||
r-oldrel-macos-x86_64 | 0.0.1 | 73.00 | OK | |||
r-oldrel-windows-x86_64 | 0.0.1 | 25.00 | 179.00 | 204.00 | OK |
Version: 0.0.1
Check: DESCRIPTION meta-information
Result: NOTE
Missing dependency on R >= 4.1.0 because package code uses the pipe
|> or function shorthand \(...) syntax added in R 4.1.0.
File(s) using such syntax:
‘connection.R’ ‘level-set.R’ ‘lie-group.R’ ‘manifold.R’ ‘open-set.R’
‘spd-matrices.R’ ‘utils.R’
Flavors: r-devel-linux-x86_64-debian-clang, r-devel-linux-x86_64-debian-gcc, r-devel-linux-x86_64-fedora-clang, r-devel-linux-x86_64-fedora-gcc, r-devel-macos-x86_64, r-devel-windows-x86_64
Version: 0.0.1
Check: Rd files
Result: NOTE
checkRd: (-1) RiemannianMetric.Rd:450-453: Lost braces
450 | if (reticulate::py_module_available("geomstats")) {
| ^
checkRd: (-1) RiemannianMetric.Rd:484-487: Lost braces
484 | if (reticulate::py_module_available("geomstats")) {
| ^
checkRd: (-1) RiemannianMetric.Rd:588-591: Lost braces
588 | if (reticulate::py_module_available("geomstats")) {
| ^
Flavors: r-devel-linux-x86_64-debian-clang, r-devel-linux-x86_64-debian-gcc, r-devel-linux-x86_64-fedora-clang, r-devel-linux-x86_64-fedora-gcc, r-devel-macos-arm64, r-devel-macos-x86_64, r-devel-windows-x86_64, r-patched-linux-x86_64, r-release-linux-x86_64, r-release-macos-arm64, r-release-macos-x86_64, r-release-windows-x86_64
These binaries (installable software) and packages are in development.
They may not be fully stable and should be used with caution. We make no claims about them.
Health stats visible at Monitor.